172.58.100.130 - - [31/Dec/2020:20:46:44 -0500] "GET / HTTP/1.1" 200 3475 "-" "Mozilla/5.0 (iPhone; CPU iPhone OS 13_6 like Mac OS X) AppleWebKit/605.1.15 (KHTML, like Gecko) Version/13.1.2 Mobile/15E148 Safari/604.1" worldvote.com
172.58.100.130 - - [31/Dec/2020:20:46:54 -0500] "GET / HTTP/1.1" 200 3475 "-" "Mozilla/5.0 (iPhone; CPU iPhone OS 13_6 like Mac OS X) AppleWebKit/605.1.15 (KHTML, like Gecko) Version/13.1.2 Mobile/15E148 Safari/604.1" worldvote.com
172.58.100.130 - - [31/Dec/2020:20:46:54 -0500] "GET /getbitrule.png HTTP/1.1" 200 3006 "http://worldvote.com/" "Mozilla/5.0 (iPhone; CPU iPhone OS 13_6 like Mac OS X) AppleWebKit/605.1.15 (KHTML, like Gecko) Version/13.1.2 Mobile/15E148 Safari/604.1" worldvote.com
114.119.156.223 - - [31/Dec/2020:20:47:11 -0500] "GET /?domain=yutu.com&dn=yutu.com&fp=6v4rC98Ol%2BOrtSSe5BKAgx5KdOYSYA7lhMd3GnU56HEpd9Kw%2BbXc9n308aDhGPHvwccs2aaNcTWNWNXqyR8HYWm20nm6gL73r8SP8BvGDG1fjbq7EjoqkyhAP2hV3gN%2FeVNibTidTRcQ7g5YqhdBfeh7kXPeC7vODhvMPYGFIT4%3D&prvtof=BJ4wcPtpCdZ07qrH40YPqAw3kUOb33Li3vnrfc%2BT%2BiU%3D&poru=3hd9kCICp8Z8w85b6aV%2Bk3BxA%2FjfkDJPHY9J1Gzja8xPpmztPve1ED2ezaiLtsc1WRqtEuMzqOOlVcm3syyG0g%3D%3D HTTP/1.1" 200 3475 "-" "Mozilla/5.0 (Linux; Android 7.0;) AppleWebKit/537.36 (KHTML, like Gecko) Mobile Safari/537.36 (compatible; PetalBot;+https://aspiegel.com/petalbot)" worldvote.com
93.159.230.28 - - [31/Dec/2020:20:48:27 -0500] "GET / HTTP/1.1" 200 3474 "-" "Mozilla/5.0 (Windows NT 10.0; Win64; x64) AppleWebKit/537.36 (KHTML, like Gecko) Chrome/71.0.3578.98 Safari/537.36" worldvote.com
77.74.177.114 - - [31/Dec/2020:20:48:30 -0500] "GET / HTTP/1.1" 200 3474 "-" "Mozilla/5.0 (Windows NT 10.0; Win64; x64) AppleWebKit/537.36 (KHTML, like Gecko) Chrome/71.0.3578.98 Safari/537.36" worldvote.com
114.119.157.61 - - [31/Dec/2020:20:54:58 -0500] "GET /?domain=yutu.com&dn=yutu.com&fp=gXn4pM2bTk3XU6X01DlXuBqmrawRUAMrZ23UbFH7hzx%2BYU%2F7AOCU%2B14rnj53U%2BqBdASzMHtObMbAj1CKrfwBy8cHpjcgAykYVvqHRXhTNTljGKKql9pLNsS6HehovDFNp3O0SHPSenzwmorOLMQ%2FeXcX1mG3748ggJlB5VRiUqU%3D&prvtof=CCzYaS7QK3UUOVwzBIKDjT6SdZznYTbQJytIKGpZLZg%3D&poru=9esSdVH1XFngthb2cnoxnqjBRhm%2F1Mn7Cm5pOpGMU4gIDKsvU1ZwFhs7MrrdpvFNC4F7nEkaqe8cvjTn2q7wug%3D%3D HTTP/1.1" 200 3475 "-" "Mozilla/5.0 (Linux; Android 7.0;) AppleWebKit/537.36 (KHTML, like Gecko) Mobile Safari/537.36 (compatible; PetalBot;+https://aspiegel.com/petalbot)" worldvote.com
179.7.137.3 - - [31/Dec/2020:21:00:22 -0500] "GET / HTTP/1.1" 200 3472 "-" "Mozilla/5.0 (Linux; Android 6.0.1; SAMSUNG SM-J106B) AppleWebKit/537.36 (KHTML, like Gecko) SamsungBrowser/13.0 Chrome/83.0.4103.106 Mobile Safari/537.36" worldvote.com
179.7.137.3 - - [31/Dec/2020:21:00:22 -0500] "GET / HTTP/1.1" 200 3472 "-" "Mozilla/5.0 (Linux; Android 6.0.1; SAMSUNG SM-J106B) AppleWebKit/537.36 (KHTML, like Gecko) SamsungBrowser/13.0 Chrome/83.0.4103.106 Mobile Safari/537.36" worldvote.com
179.7.137.3 - - [31/Dec/2020:21:00:23 -0500] "GET / HTTP/1.1" 200 3472 "-" "Mozilla/5.0 (Linux; Android 6.0.1; SAMSUNG SM-J106B) AppleWebKit/537.36 (KHTML, like Gecko) SamsungBrowser/13.0 Chrome/83.0.4103.106 Mobile Safari/537.36" worldvote.com
179.7.137.3 - - [31/Dec/2020:21:00:24 -0500] "GET /getbitrule.png HTTP/1.1" 200 3006 "http://worldvote.com/" "Mozilla/5.0 (Linux; Android 6.0.1; SAMSUNG SM-J106B) AppleWebKit/537.36 (KHTML, like Gecko) SamsungBrowser/13.0 Chrome/83.0.4103.106 Mobile Safari/537.36" worldvote.com
179.7.137.3 - - [31/Dec/2020:21:00:24 -0500] "GET /favicon.ico HTTP/1.1" 404 196 "http://worldvote.com/" "Mozilla/5.0 (Linux; Android 6.0.1; SAMSUNG SM-J106B) AppleWebKit/537.36 (KHTML, like Gecko) SamsungBrowser/13.0 Chrome/83.0.4103.106 Mobile Safari/537.36" worldvote.com
179.7.137.3 - - [31/Dec/2020:21:01:00 -0500] "GET / HTTP/1.1" 200 3472 "-" "Mozilla/5.0 (Linux; Android 6.0.1; SAMSUNG SM-J106B) AppleWebKit/537.36 (KHTML, like Gecko) SamsungBrowser/13.0 Chrome/83.0.4103.106 Mobile Safari/537.36" mailhost.worldvote.com
209.17.97.18 - - [31/Dec/2020:21:03:04 -0500] "GET / HTTP/1.1" 200 3473 "-" "Mozilla/5.0 (compatible; Nimbostratus-Bot/v1.3.2; http://cloudsystemnetworks.com)" worldvote.com
114.119.157.61 - - [31/Dec/2020:21:05:25 -0500] "GET /?domain=yutu.com&dn=yutu.com&fp=XioJDd6cLIHX9CkTJGFEh7%2F4LkV06I9lybuvM8v6x6WXG1QZvfrCidgzrdfjuz56a3KrVfPjs2VaQ98ri%2F8OLc%2BRpAcfNt8ACfqtjpLvcUTb2qQ5Fs8yF3D7NqKGc60SST42icRSAmba06QDOkjSFLxHQDVJaeZ3BMmh5tp9X3k%3D&prvtof=2ERbskd9A4mmiXEU%2B6oC9aan%2FFsY5uFvdVu18R07Rto%3D&poru=AEW11MhZxVDuvlhRsQ3OJtjrRfN74tSnp8uYCrR96R%2Bqd0teVZo1B0seG3CRl3kGmAdeAL2GoqW9LvSXuUBvuA%3D%3D HTTP/1.1" 200 3475 "-" "Mozilla/5.0 (Linux; Android 7.0;) AppleWebKit/537.36 (KHTML, like Gecko) Mobile Safari/537.36 (compatible; PetalBot;+https://aspiegel.com/petalbot)" worldvote.com
35.187.132.98 - - [31/Dec/2020:21:09:24 -0500] "GET / HTTP/1.1" 200 3474 "-" "AppEngine-Google; (+http://code.google.com/appengine; appid: s~snapchat-proxy)" worldvote.com
35.187.132.101 - - [31/Dec/2020:21:09:26 -0500] "GET /getbitrule.png HTTP/1.1" 200 3006 "-" "AppEngine-Google; (+http://code.google.com/appengine; appid: s~snapchat-proxy)" worldvote.com
207.46.13.17 - - [31/Dec/2020:21:14:37 -0500] "GET /?C=M;O=A HTTP/1.1" 200 3472 "-" "Mozilla/5.0 (compatible; bingbot/2.0; +http://www.bing.com/bingbot.htm)" worldvote.com
114.119.144.204 - - [31/Dec/2020:21:15:17 -0500] "GET /?domain=yutu.com&dn=yutu.com&fp=F1nJjMH3xMMtKXf7zy%2BSch7AfgI0vP7U6dD8Uowetzzzy8m7jxWggEGzfqYjB1YcZ7wNHyDtn7zqSi%2FahLi5foMmlcPqS4D7P2CH3f5e%2B00t2W%2BW7MvXSvjgRO8lOnSnHrwdzLvvBze0hZ7Vf6df86p1SEMVsz8ccV%2BJ4GxdpNU%3D&prvtof=Bjla6q8%2Bpa%2Fz8JHuW6QZThc7a%2B8gnI6%2BTc97duCUUR8%3D&poru=Yah28fHiDxItneT2Od5uGl5KR4xz3hsMKDfxRZuGHYvO49z05HYZUYZIGB9q1%2FNlRvvTk5FP4u5EBqzyZ5xGQA%3D%3D HTTP/1.1" 200 3476 "-" "Mozilla/5.0 (Linux; Android 7.0;) AppleWebKit/537.36 (KHTML, like Gecko) Mobile Safari/537.36 (compatible; PetalBot;+https://aspiegel.com/petalbot)" worldvote.com
77.74.177.113 - - [31/Dec/2020:21:18:29 -0500] "GET / HTTP/1.1" 200 3474 "-" "Mozilla/5.0 (Windows NT 10.0; Win64; x64) AppleWebKit/537.36 (KHTML, like Gecko) Chrome/71.0.3578.98 Safari/537.36" worldvote.com
152.231.33.136 - - [31/Dec/2020:21:19:24 -0500] "GET / HTTP/1.1" 200 3475 "-" "Mozilla/5.0 (Linux; Android 6.0.1; SAMSUNG SM-G900H) AppleWebKit/537.36 (KHTML, like Gecko) SamsungBrowser/11.1 Chrome/75.0.3770.143 Mobile Safari/537.36" worldvote.com
152.231.33.136 - - [31/Dec/2020:21:20:11 -0500] "GET /getbitrule.png HTTP/1.1" 200 3006 "http://worldvote.com/" "Mozilla/5.0 (Linux; Android 6.0.1; SAMSUNG SM-G900H) AppleWebKit/537.36 (KHTML, like Gecko) SamsungBrowser/11.1 Chrome/75.0.3770.143 Mobile Safari/537.36" worldvote.com
114.119.128.46 - - [31/Dec/2020:21:20:19 -0500] "GET /?domain=yutu.com&dn=yutu.com&fp=tRWRik9ohcNEM4oisC3YX4I%2F%2BkgJC0f1xcIIMbgMdUtpWxprnHNG05vShzsfLB1aHxAw%2FY2JKVniQ%2FELRXMPFeO9H5hxvF41pJaNYqcr0sjy6T2s0rFaJZM8ORo1rl%2FFCLlfRd7eHvTHLwyZ5UKEO4E099U9b5byzeu6%2BYBeYtg%3D&prvtof=tXflUweHMEP6Ekmo8vLk1khKetP4hEDNuCww4UY1%2BWY%3D&poru=KMH6fRLVQOZjyMVmTvM9YvCdOw4Mh%2FAlUiDamFsNPgJLU0zn3aRav4r25sybZtbjPgPv1gPov9dP0aFS9IjrbA%3D%3D HTTP/1.1" 200 3475 "-" "Mozilla/5.0 (Linux; Android 7.0;) AppleWebKit/537.36 (KHTML, like Gecko) Mobile Safari/537.36 (compatible; PetalBot;+https://aspiegel.com/petalbot)" worldvote.com
152.231.33.136 - - [31/Dec/2020:21:20:42 -0500] "GET /favicon.ico HTTP/1.1" 404 196 "http://worldvote.com/" "Mozilla/5.0 (Linux; Android 6.0.1; SAMSUNG SM-G900H) AppleWebKit/537.36 (KHTML, like Gecko) SamsungBrowser/11.1 Chrome/75.0.3770.143 Mobile Safari/537.36" worldvote.com
114.119.157.61 - - [31/Dec/2020:21:30:39 -0500] "GET /?domain=yutu.com&dn=yutu.com&fp=%2FQS%2Fm068fCaeBTopav0iVCekOnqhqcP%2FW1F%2FW89tJPS%2B2cji3RkTO3P6UJ6f%2B4uBTvP75KqzOwiYRc5xLLqLLxyAC9LchMOD%2BJ3nn%2BY7tzI%2Byu5DjVQgO7m5fEwasu7pDlYD76dFAAvm2H5y4FktscPTWNC44tBXRsGBd3qstWU%3D&prvtof=WX0G5MIxnkbEqOgYm%2F6uZw%2BMh%2BElz2zNK5UtrNnLW8U%3D&poru=4Dwnno0XDmYRn%2Btwn41RdDpjvZydVzkT9s9lfYSkvvbLxF%2BCABzspi48WCBc524y%2FlZEEFq%2FugmEWT4%2FZBq0Dw%3D%3D HTTP/1.1" 200 3474 "-" "Mozilla/5.0 (Linux; Android 7.0;) AppleWebKit/537.36 (KHTML, like Gecko) Mobile Safari/537.36 (compatible; PetalBot;+https://aspiegel.com/petalbot)" worldvote.com
206.253.224.74 - - [31/Dec/2020:21:35:16 -0500] "GET /robots.txt HTTP/1.1" 404 196 "-" "Mozilla/5.0 (compatible; oBot/2.3.1; http://www.xforce-security.com/crawler/)" worldvote.com
206.253.224.74 - - [31/Dec/2020:21:35:16 -0500] "GET / HTTP/1.1" 200 3475 "-" "Mozilla/5.0 (compatible; oBot/2.3.1; http://www.xforce-security.com/crawler/)" www.worldvote.com
206.253.224.74 - - [31/Dec/2020:21:35:16 -0500] "GET /robots.txt HTTP/1.1" 404 196 "-" "Mozilla/5.0 (compatible; oBot/2.3.1; http://www.xforce-security.com/crawler/)" www.worldvote.com
206.253.224.74 - - [31/Dec/2020:21:35:17 -0500] "GET / HTTP/1.1" 200 3475 "-" "Mozilla/5.0 (compatible; oBot/2.3.1; http://www.xforce-security.com/crawler/)" worldvote.com
114.119.128.35 - - [31/Dec/2020:21:35:42 -0500] "GET /?domain=yutu.com&dn=yutu.com&fp=my2s25Epv8xusc%2BjOTWBSzqt5F60DKXE%2BnPT1IVWvze3wOsQnei8ZQ7VVcGrZDFx4BG%2FXvm7ANr44HirMg6LVlDlBnXt3%2F8fT7M%2BUB8KK4RQTAFOIlTbSp3aw05FvnC5c2K3qCMajl8mV53kK%2BLNi6gGQHUJRyNFYMmIK8GGPKY%3D&prvtof=l3uEvAt%2Faiw8IfRY0vCPP0cxgBGZArGNzp19ROTxJJg%3D&poru=5Ydwin71hAerEq00wRIX2Zl%2FF%2FdSb3aS2LR6Lb79oU0z9z9Sj1O4T3wdPOMX3QT2oBraRGCoztdzF7JX%2BuEE0A%3D%3D HTTP/1.1" 200 3474 "-" "Mozilla/5.0 (Linux; Android 7.0;) AppleWebKit/537.36 (KHTML, like Gecko) Mobile Safari/537.36 (compatible; PetalBot;+https://aspiegel.com/petalbot)" worldvote.com
5.9.108.254 - - [31/Dec/2020:21:46:08 -0500] "GET /robots.txt HTTP/1.1" 404 196 "-" "Mozilla/5.0 (compatible; MJ12bot/v1.4.8; http://mj12bot.com/)" worldvote.com
5.9.108.254 - - [31/Dec/2020:21:46:09 -0500] "GET /qrcodes/?C=D;O=D HTTP/1.1" 200 238277 "-" "Mozilla/5.0 (compatible; MJ12bot/v1.4.8; http://mj12bot.com/)" worldvote.com
5.9.108.254 - - [31/Dec/2020:21:46:11 -0500] "GET /qrcodes/?C=M;O=D HTTP/1.1" 200 238277 "-" "Mozilla/5.0 (compatible; MJ12bot/v1.4.8; http://mj12bot.com/)" worldvote.com
5.9.108.254 - - [31/Dec/2020:21:46:13 -0500] "GET /qrcodes/?C=N;O=A HTTP/1.1" 200 238277 "-" "Mozilla/5.0 (compatible; MJ12bot/v1.4.8; http://mj12bot.com/)" worldvote.com
5.9.108.254 - - [31/Dec/2020:21:46:15 -0500] "GET /qrcodes/?C=S;O=D HTTP/1.1" 200 238277 "-" "Mozilla/5.0 (compatible; MJ12bot/v1.4.8; http://mj12bot.com/)" worldvote.com
123.183.224.135 - - [31/Dec/2020:21:49:15 -0500] "GET / HTTP/1.1" 200 3476 "-" "Sogou web spider/4.0(+http://www.sogou.com/docs/help/webmasters.htm#07)" worldvote.com
110.54.148.253 - - [31/Dec/2020:21:49:30 -0500] "GET / HTTP/1.1" 200 3475 "-" "Mozilla/5.0 (Linux; Android 4.1.2; Telpad Dual S Build/HuaweiMediaPad) AppleWebKit/537.31 (KHTML, like Gecko) Chrome/26.0.1410.58 Safari/537.31" worldvote.com
110.54.148.253 - - [31/Dec/2020:21:49:31 -0500] "GET /getbitrule.png HTTP/1.1" 200 3006 "http://worldvote.com/" "Mozilla/5.0 (Linux; Android 4.1.2; Telpad Dual S Build/HuaweiMediaPad) AppleWebKit/537.31 (KHTML, like Gecko) Chrome/26.0.1410.58 Safari/537.31" worldvote.com
110.54.148.253 - - [31/Dec/2020:21:49:32 -0500] "GET /favicon.ico HTTP/1.1" 404 196 "-" "Mozilla/5.0 (Linux; Android 4.1.2; Telpad Dual S Build/HuaweiMediaPad) AppleWebKit/537.31 (KHTML, like Gecko) Chrome/26.0.1410.58 Safari/537.31" worldvote.com
110.54.148.253 - - [31/Dec/2020:21:49:32 -0500] "GET /apple-touch-icon-precomposed.png HTTP/1.1" 404 196 "-" "Mozilla/5.0 (Linux; Android 4.1.2; Telpad Dual S Build/HuaweiMediaPad) AppleWebKit/537.31 (KHTML, like Gecko) Chrome/26.0.1410.58 Safari/537.31" worldvote.com
114.119.159.210 - - [31/Dec/2020:21:50:42 -0500] "GET /?domain=yutu.com&dn=yutu.com&fp=dl2LR6zW6WuVUvvxsQxc2MG453QsYK2ZBZhTqzQJAE8SGOHxIT%2BtufEHKSs9vL2DNuCaUauEjgS0i1lPpjpDYDq6mWgo3ItO2l2ZpJ7O0qMkBY%2Bbit7PQTcWvRWE05ZP3AkbKoNdUPDbg0mJbFdsKr6mLa2PfAZ%2F3hPvi7d4SQg%3D&prvtof=tgCRwFsNqEIaKuq3h1JTlxGgSEg2rs6C0HgtbOX9qes%3D&poru=i7pn55loJgjCwXLAMRWB9LpuCVaao6RvaR0Z11l9d2Q8t7T%2BeI%2B6i%2FUg7viE8LsqZelVZBlEEMaOjhuPYpzLDw%3D%3D HTTP/1.1" 200 3476 "-" "Mozilla/5.0 (Linux; Android 7.0;) AppleWebKit/537.36 (KHTML, like Gecko) Mobile Safari/537.36 (compatible; PetalBot;+https://aspiegel.com/petalbot)" worldvote.com
186.80.99.214 - - [31/Dec/2020:21:53:11 -0500] "GET / HTTP/1.1" 200 3474 "-" "Mozilla/5.0 (Linux; Android 4.3; HUAWEI Y530-U051 Build/HuaweiY530-U051) AppleWebKit/537.36 (KHTML, like Gecko) Chrome/28.0.1500.94 Mobile Safari/537.36" worldvote.com
186.80.99.214 - - [31/Dec/2020:21:53:11 -0500] "GET /getbitrule.png HTTP/1.1" 304 - "http://worldvote.com/" "Mozilla/5.0 (Linux; Android 4.3; HUAWEI Y530-U051 Build/HuaweiY530-U051) AppleWebKit/537.36 (KHTML, like Gecko) Chrome/28.0.1500.94 Mobile Safari/537.36" worldvote.com
125.69.7.109 - - [31/Dec/2020:22:03:29 -0500] "GET / HTTP/1.1" 200 3473 "-" "Mozilla/5.0 (Windows NT 6.1; WOW64) AppleWebKit/537.36 (KHTML, like Gecko) Chrome/55.0.2883.87 UBrowser/6.2.4098.3 Safari/537.36" worldvote.com
125.69.7.109 - - [31/Dec/2020:22:03:29 -0500] "GET /getbitrule.png HTTP/1.1" 200 3006 "http://worldvote.com/" "Mozilla/5.0 (Windows NT 6.1; WOW64) AppleWebKit/537.36 (KHTML, like Gecko) Chrome/55.0.2883.87 UBrowser/6.2.4098.3 Safari/537.36" worldvote.com
125.69.7.109 - - [31/Dec/2020:22:03:29 -0500] "GET /favicon.ico HTTP/1.1" 404 196 "http://worldvote.com/" "Mozilla/5.0 (Windows NT 6.1; WOW64) AppleWebKit/537.36 (KHTML, like Gecko) Chrome/55.0.2883.87 UBrowser/6.2.4098.3 Safari/537.36" www.worldvote.com
203.119.241.129 - - [31/Dec/2020:22:04:54 -0500] "GET / HTTP/1.1" 200 3476 "http://www.worldvote.com" "Mozilla/5.0 (Linux; Android 6.0.1; SM-N9100 Build/LRX22C ) AppleWebKit/601.1.46 (KHTML, like Gecko) Version/9.0 Mobile/13D15 Safari/601.1" worldvote.com
203.119.241.84 - - [31/Dec/2020:22:05:44 -0500] "GET / HTTP/1.1" 200 3474 "http://opsai.cn/knkuyo" "Mozilla/5.0 (Linux; U; Android 5.1.1; zh-cn; MX4 Pro Build/LMY48W) AppleWebKit/534.30 (KHTML, like Gecko) Version/4.0 UCBrowser/1.0.0.100 U3/0.8.0 Mobile Safari/534.30 AliApp(TB/6.6.4) WindVane/8.0.0 1536X2560 GCanvas/1.4.2.21" worldvote.com
114.119.156.223 - - [31/Dec/2020:22:10:53 -0500] "GET /?domain=yutu.com&dn=yutu.com&fp=8u0Uk3acgMvngPsdu6NrPRB6EPDOLfXohgbrdtsmfZS%2BhQusVvEHXE5vaVAjauHWIJmHdnGTSJiHk%2Fy35jPw8Vj8alu5OVymBGoyKuJWvb6Z%2BdWoP24EVeHt81D%2FoA0DuPIvQdrnHuhpxnjuefXj1mEk1pCyuRogL4TUKxDEOSE%3D&prvtof=cfz77uqSrQO83LMhPv0YD9SGRl6rVlYqNJtqnyCkldk%3D&poru=ugWZWU5qpVybD%2BwYE%2BEBgY%2FO9AMv%2Bq2ISrSv%2FLFQ35TIx4UxTTRWwxuBoTPkrt5QAYMGqvRhIvf%2BMPs4nj6VTQ%3D%3D HTTP/1.1" 200 3476 "-" "Mozilla/5.0 (Linux; Android 7.0;) AppleWebKit/537.36 (KHTML, like Gecko) Mobile Safari/537.36 (compatible; PetalBot;+https://aspiegel.com/petalbot)" worldvote.com
181.188.141.90 - - [31/Dec/2020:22:11:11 -0500] "GET / HTTP/1.1" 200 3475 "-" "Mozilla/5.0 (Linux; Android 6.0.1; SAMSUNG SM-G532M Build/MMB29T) AppleWebKit/537.36 (KHTML, like Gecko) SamsungBrowser/4.2 Chrome/44.0.2403.133 Mobile Safari/537.36" worldvote.com
181.188.141.90 - - [31/Dec/2020:22:11:16 -0500] "GET / HTTP/1.1" 200 3475 "-" "Dalvik/2.1.0 (Linux; U; Android 6.0.1; SM-G532M Build/MMB29T)" worldvote.com
114.119.128.46 - - [31/Dec/2020:22:15:54 -0500] "GET /?domain=yutu.com&dn=yutu.com&fp=a28VZXQC%2B%2Bzg9rw%2BreF2ODCepYSaLopEstK5AU%2FkUIzsIU2RG0InDOL3MHWpsRhRz%2FXOygkoC7ArcoctEDXaUUZJf%2FHfoWH0J4YZpawTJu%2FBAa2c%2FjV1JsaX7sLqg4WDEpnsN6S%2F2nXmTLiRkr0IknN8EJrx9bu1nn19pnVoMyc%3D&prvtof=x5coDdYy8IVOWgxAUhU6yObgLlbdx8vR61h4Cl8L%2Fes%3D&poru=3AAb%2FMb5kTKwY0iFegF4utkFF8UdpYRR%2FOaI44UUPIDEWvA95IEXLvg0WV0NpuS5mB%2F8aZlBjhx%2FWjvOsW950A%3D%3D HTTP/1.1" 200 3475 "-" "Mozilla/5.0 (Linux; Android 7.0;) AppleWebKit/537.36 (KHTML, like Gecko) Mobile Safari/537.36 (compatible; PetalBot;+https://aspiegel.com/petalbot)" worldvote.com
181.188.141.90 - - [31/Dec/2020:22:16:17 -0500] "GET / HTTP/1.1" 200 3475 "-" "Mozilla/5.0 (Linux; Android 6.0.1; SAMSUNG SM-G532M Build/MMB29T) AppleWebKit/537.36 (KHTML, like Gecko) SamsungBrowser/4.2 Chrome/44.0.2403.133 Mobile Safari/537.36" worldvote.com
181.188.141.90 - - [31/Dec/2020:22:16:17 -0500] "GET / HTTP/1.1" 200 3475 "-" "Dalvik/2.1.0 (Linux; U; Android 6.0.1; SM-G532M Build/MMB29T)" worldvote.com
181.188.179.131 - - [31/Dec/2020:22:17:20 -0500] "GET / HTTP/1.1" 200 3476 "-" "Mozilla/5.0 (Linux; Android 6.0.1; SAMSUNG SM-G532M) AppleWebKit/537.36 (KHTML, like Gecko) SamsungBrowser/11.1 Chrome/75.0.3770.143 Mobile Safari/537.36" worldvote.com
186.32.219.51 - - [31/Dec/2020:22:17:23 -0500] "GET / HTTP/1.1" 200 3474 "-" "Mozilla/5.0 (iPad; CPU OS 5_0_1 like Mac OS X) AppleWebKit/534.46 (KHTML, like Gecko) Version/5.1 Mobile/9A405 Safari/7534.48.3" worldvote.com
186.32.219.51 - - [31/Dec/2020:22:17:26 -0500] "GET /getbitrule.png HTTP/1.1" 200 3006 "http://worldvote.com/" "Mozilla/5.0 (iPad; CPU OS 5_0_1 like Mac OS X) AppleWebKit/534.46 (KHTML, like Gecko) Version/5.1 Mobile/9A405 Safari/7534.48.3" worldvote.com
186.32.219.51 - - [31/Dec/2020:22:17:29 -0500] "GET /favicon.ico HTTP/1.1" 404 196 "-" "Mozilla/5.0 (Linux; Android 4.4.2; B.S805.5 Build/general_1.0.0.2_20170217.191136) AppleWebKit/537.36 (KHTML, like Gecko) Version/4.0 Chrome/30.0.0.0 Safari/537.36" worldvote.com
181.188.141.90 - - [31/Dec/2020:22:18:21 -0500] "GET / HTTP/1.1" 200 3475 "-" "Mozilla/5.0 (Linux; Android 6.0.1; SAMSUNG SM-G532M Build/MMB29T) AppleWebKit/537.36 (KHTML, like Gecko) SamsungBrowser/4.2 Chrome/44.0.2403.133 Mobile Safari/537.36" worldvote.com
181.188.141.90 - - [31/Dec/2020:22:18:22 -0500] "GET / HTTP/1.1" 200 3475 "-" "Dalvik/2.1.0 (Linux; U; Android 6.0.1; SM-G532M Build/MMB29T)" worldvote.com
173.231.59.206 - - [31/Dec/2020:22:21:01 -0500] "GET /robots.txt HTTP/1.1" 404 196 "-" "Mozilla/5.0 (compatible; Adsbot/3.1)" worldvote.com
173.231.59.206 - - [31/Dec/2020:22:21:43 -0500] "GET / HTTP/1.1" 200 3475 "-" "Mozilla/5.0 (compatible; Adsbot/3.1)" www.worldvote.com
173.231.59.206 - - [31/Dec/2020:22:21:50 -0500] "GET /robots.txt HTTP/1.1" 404 196 "-" "Mozilla/5.0 (compatible; Adsbot/3.1)" worldvote.com
31.13.103.120 - - [31/Dec/2020:22:23:26 -0500] "GET / HTTP/1.1" 200 3474 "-" "facebookexternalhit/1.1 (+http://www.facebook.com/externalhit_uatext.php)" worldvote.com
31.13.103.20 - - [31/Dec/2020:22:23:26 -0500] "GET / HTTP/1.1" 200 3473 "-" "facebookexternalhit/1.1 (+http://www.facebook.com/externalhit_uatext.php)" worldvote.com
114.119.128.46 - - [31/Dec/2020:22:26:10 -0500] "GET /?domain=yutu.com&dn=yutu.com&fp=qcX5NKYsIJBQ%2BSsx5iUQ%2Bm7fqKza6FB%2FJQeznpSDKZsHAmTOWcyuuqNnMeoyzBmnTaj8fiqAsr2p06DkvIKXCTYnXYwY0TKJSAGbKwfi0HGYdvGm%2BqvAX80%2BL1DsFP3ToLprWIiwi5sD8CIJW6Oth5w7W4KYpPHoB5lFB051dBA%3D&prvtof=IbHECjhJ6B12f3YldE3WIcoTp3oDbbUFzLQnI0yjgME%3D&poru=u5OE78tmTUSlzeIqhbYhFyj5bZ%2BPNwFgXAArUb6Wz3XmN8VIGeG8eY7bm%2BW1vowOktbnIBjaJzZe9IjwhsFNuw%3D%3D HTTP/1.1" 200 3475 "-" "Mozilla/5.0 (Linux; Android 7.0;) AppleWebKit/537.36 (KHTML, like Gecko) Mobile Safari/537.36 (compatible; PetalBot;+https://aspiegel.com/petalbot)" worldvote.com
114.119.159.210 - - [31/Dec/2020:22:31:11 -0500] "GET /?domain=yutu.com&dn=yutu.com&fp=9WM%2FcqOB1seD%2BNzGJrToeLwiW7iDX53ySrv78ZsJ67l68qe3piW4PFRyuSiOE6V%2F%2FrBVP%2FqMUZie9S8CJBdrUnEH02XTat7QQUENLUNaqMU3cuSWzTLFczo35dnyO0A2GI1dT0e1y8LgOs7%2FYi6Ye6w3MemGdIVQ5%2BiK9dSy9RU%3D&prvtof=zah6lNrRhha3HMHvjn79EMdoabIhTtLI4nPFo0LZf40%3D&poru=BXDhpVyB0XLEtF7FLqcVOWexnkqUf1uYQffELoUTanGvGgA8ks%2BQ4aPoFUoHljeNEnHvpjAia0nOyak%2Bbq8sNw%3D%3D HTTP/1.1" 200 3476 "-" "Mozilla/5.0 (Linux; Android 7.0;) AppleWebKit/537.36 (KHTML, like Gecko) Mobile Safari/537.36 (compatible; PetalBot;+https://aspiegel.com/petalbot)" worldvote.com
42.236.10.117 - - [31/Dec/2020:22:35:29 -0500] "GET / HTTP/1.1" 200 3474 "http://baidu.com/" "Mozilla/5.0 (Linux; U; Android 8.1.0; zh-CN; EML-AL00 Build/HUAWEIEML-AL00) AppleWebKit/537.36 (KHTML, like Gecko) Version/4.0 Chrome/57.0.2987.108 baidu.sogo.uc.UCBrowser/11.9.4.974 UWS/2.13.1.48 Mobile Safari/537.36 AliApp(DingTalk/4.5.11) com.alibaba.android.rimet/10487439 Channel/227200 language/zh-CN" worldvote.com
42.236.10.117 - - [31/Dec/2020:22:35:29 -0500] "GET /getbitrule.png HTTP/1.1" 200 3006 "http://worldvote.com/" "Mozilla/5.0 (Linux; U; Android 8.1.0; zh-CN; EML-AL00 Build/HUAWEIEML-AL00) AppleWebKit/537.36 (KHTML, like Gecko) Version/4.0 Chrome/57.0.2987.108 baidu.sogo.uc.UCBrowser/11.9.4.974 UWS/2.13.1.48 Mobile Safari/537.36 AliApp(DingTalk/4.5.11) com.alibaba.android.rimet/10487439 Channel/227200 language/zh-CN" worldvote.com
114.119.128.35 - - [31/Dec/2020:22:36:14 -0500] "GET /?domain=yutu.com&dn=yutu.com&fp=tXrDKTqh1mMkbmdkD8lComus6c%2BakRKzPwk3GBXk2o%2BCJqRvehxF7usKj60nAJVeTDdIIm6DN60ENEPtq4VUD9e6W1m%2BtaoFOflFlvGE7C3yY9qaxlYmWdK%2FL1yBuRkMQKts6cbAFy%2Behe1nJwUoI3L85FynDmL9V5If%2BpHqu3s%3D&prvtof=iGmwq8xW60WOYqM2%2BhJzD2PP11LaZu7t2otYEbRODCU%3D&poru=CeYgrJDhgYF1QmIB1K%2B8228NvfefV6X3reVkshghGZ0GB5uCQKbZaUba5bsl6a7OJfcTO0I%2BojyZpepdmi02iA%3D%3D HTTP/1.1" 200 3475 "-" "Mozilla/5.0 (Linux; Android 7.0;) AppleWebKit/537.36 (KHTML, like Gecko) Mobile Safari/537.36 (compatible; PetalBot;+https://aspiegel.com/petalbot)" worldvote.com
201.167.134.49 - - [31/Dec/2020:22:39:21 -0500] "GET / HTTP/1.1" 200 3475 "-" "Mozilla/5.0 (Linux; Android 6.0.1; SAMSUNG SM-G532M) AppleWebKit/537.36 (KHTML, like Gecko) SamsungBrowser/12.1 Chrome/79.0.3945.136 Mobile Safari/537.36" worldvote.com
201.167.134.49 - - [31/Dec/2020:22:39:21 -0500] "GET / HTTP/1.1" 200 3475 "-" "Mozilla/5.0 (Linux; Android 6.0.1; SAMSUNG SM-G532M) AppleWebKit/537.36 (KHTML, like Gecko) SamsungBrowser/12.1 Chrome/79.0.3945.136 Mobile Safari/537.36" worldvote.com
186.32.219.51 - - [31/Dec/2020:22:39:46 -0500] "GET / HTTP/1.1" 200 3474 "-" "Mozilla/5.0 (iPad; CPU OS 5_0_1 like Mac OS X) AppleWebKit/534.46 (KHTML, like Gecko) Version/5.1 Mobile/9A405 Safari/7534.48.3" worldvote.com
186.32.219.51 - - [31/Dec/2020:22:39:48 -0500] "GET /getbitrule.png HTTP/1.1" 200 3006 "http://worldvote.com/" "Mozilla/5.0 (iPad; CPU OS 5_0_1 like Mac OS X) AppleWebKit/534.46 (KHTML, like Gecko) Version/5.1 Mobile/9A405 Safari/7534.48.3" worldvote.com
186.32.219.51 - - [31/Dec/2020:22:39:51 -0500] "GET /favicon.ico HTTP/1.1" 404 196 "-" "Mozilla/5.0 (Linux; Android 4.4.2; B.S805.5 Build/general_1.0.0.2_20170217.191136) AppleWebKit/537.36 (KHTML, like Gecko) Version/4.0 Chrome/30.0.0.0 Safari/537.36" worldvote.com
59.34.192.84 - - [31/Dec/2020:22:44:37 -0500] "GET / HTTP/1.1" 200 3472 "-" "Mozilla/5.0 (Windows NT 6.1; WOW64) AppleWebKit/537.36 (KHTML, like Gecko) Chrome/63.0.3239.132 Safari/537.36" worldvote.com
59.34.192.84 - - [31/Dec/2020:22:44:37 -0500] "GET /getbitrule.png HTTP/1.1" 200 3006 "http://worldvote.com/" "Mozilla/5.0 (Windows NT 6.1; WOW64) AppleWebKit/537.36 (KHTML, like Gecko) Chrome/63.0.3239.132 Safari/537.36" worldvote.com
59.34.192.84 - - [31/Dec/2020:22:44:38 -0500] "GET /favicon.ico HTTP/1.1" 404 196 "http://worldvote.com/" "Mozilla/5.0 (Windows NT 6.1; WOW64) AppleWebKit/537.36 (KHTML, like Gecko) Chrome/63.0.3239.132 Safari/537.36" worldvote.com
59.34.192.84 - - [31/Dec/2020:22:44:52 -0500] "GET / HTTP/1.1" 200 3472 "-" "Mozilla/5.0 (Windows NT 6.1; WOW64) AppleWebKit/537.36 (KHTML, like Gecko) Chrome/63.0.3239.132 Safari/537.36" worldvote.com
3.140.191.232 - - [31/Dec/2020:22:46:51 -0500] "GET / HTTP/1.1" 200 3474 "-" "Mozilla/5.0 (X11; Linux x86_64) AppleWebKit/537.36 (KHTML, like Gecko) Chrome/85.0.4183.102 Safari/537.36" worldvote.com
3.140.191.232 - - [31/Dec/2020:22:46:51 -0500] "GET / HTTP/1.1" 200 3474 "-" "Mozilla/5.0 (X11; Linux x86_64) AppleWebKit/537.36 (KHTML, like Gecko) Chrome/85.0.4183.102 Safari/537.36" worldvote.com
3.140.191.232 - - [31/Dec/2020:22:46:51 -0500] "GET / HTTP/1.1" 200 3474 "-" "Mozilla/5.0 (X11; Linux x86_64) AppleWebKit/537.36 (KHTML, like Gecko) Chrome/85.0.4183.102 Safari/537.36" worldvote.com
123.174.52.235 - - [31/Dec/2020:22:48:41 -0500] "GET / HTTP/1.1" 200 3475 "-" "Mozilla/5.0 (Windows NT 10.0; WOW64; Trident/7.0; rv:11.0) like Gecko" worldvote.com
123.174.52.235 - - [31/Dec/2020:22:48:41 -0500] "GET /getbitrule.png HTTP/1.1" 200 3006 "http://worldvote.com/" "Mozilla/5.0 (Windows NT 10.0; WOW64; Trident/7.0; rv:11.0) like Gecko" worldvote.com
123.174.52.235 - - [31/Dec/2020:22:48:42 -0500] "GET /favicon.ico HTTP/1.1" 404 196 "-" "Mozilla/5.0 (Windows NT 10.0; Win64; x64; Trident/7.0; rv:11.0) like Gecko" worldvote.com
123.174.52.235 - - [31/Dec/2020:22:48:47 -0500] "GET /gafoia HTTP/1.1" 301 236 "http://worldvote.com/" "Mozilla/5.0 (Windows NT 10.0; WOW64; Trident/7.0; rv:11.0) like Gecko" worldvote.com
123.174.52.235 - - [31/Dec/2020:22:48:48 -0500] "GET /gafoia/ HTTP/1.1" 200 34307 "http://worldvote.com/" "Mozilla/5.0 (Windows NT 10.0; WOW64; Trident/7.0; rv:11.0) like Gecko" worldvote.com
123.174.52.235 - - [31/Dec/2020:22:48:49 -0500] "GET /icons/text.gif HTTP/1.1" 200 229 "http://worldvote.com/gafoia/" "Mozilla/5.0 (Windows NT 10.0; WOW64; Trident/7.0; rv:11.0) like Gecko" worldvote.com
123.174.52.235 - - [31/Dec/2020:22:48:49 -0500] "GET /icons/blank.gif HTTP/1.1" 200 148 "http://worldvote.com/gafoia/" "Mozilla/5.0 (Windows NT 10.0; WOW64; Trident/7.0; rv:11.0) like Gecko" worldvote.com
123.174.52.235 - - [31/Dec/2020:22:48:49 -0500] "GET /icons/back.gif HTTP/1.1" 200 216 "http://worldvote.com/gafoia/" "Mozilla/5.0 (Windows NT 10.0; WOW64; Trident/7.0; rv:11.0) like Gecko" worldvote.com
123.174.52.235 - - [31/Dec/2020:22:48:49 -0500] "GET /favicon.ico HTTP/1.1" 404 196 "-" "Mozilla/5.0 (Windows NT 10.0; Win64; x64; Trident/7.0; rv:11.0) like Gecko" worldvote.com
123.174.52.235 - - [31/Dec/2020:22:48:50 -0500] "GET /gafoia/APPLING.htm HTTP/1.1" 200 1596 "http://worldvote.com/gafoia/" "Mozilla/5.0 (Windows NT 10.0; WOW64; Trident/7.0; rv:11.0) like Gecko" worldvote.com
123.174.52.235 - - [31/Dec/2020:22:48:51 -0500] "GET /gafoia/APPLING.htm HTTP/1.1" 200 1596 "http://worldvote.com/gafoia/" "Mozilla/5.0 (Windows NT 10.0; WOW64; Trident/7.0; rv:11.0) like Gecko" worldvote.com
54.36.148.89 - - [31/Dec/2020:22:49:01 -0500] "GET /robots.txt HTTP/1.1" 404 196 "-" "Mozilla/5.0 (compatible; AhrefsBot/6.1; +http://ahrefs.com/robot/)" worldvote.com
54.36.148.17 - - [31/Dec/2020:22:49:02 -0500] "GET / HTTP/1.1" 200 3473 "-" "Mozilla/5.0 (compatible; AhrefsBot/7.0; +http://ahrefs.com/robot/)" worldvote.com
123.174.52.235 - - [31/Dec/2020:22:50:59 -0500] "GET / HTTP/1.1" 200 3475 "-" "Mozilla/5.0 (Windows NT 10.0; WOW64; Trident/7.0; rv:11.0) like Gecko" worldvote.com
123.174.52.235 - - [31/Dec/2020:22:51:04 -0500] "GET / HTTP/1.1" 200 3475 "-" "Mozilla/5.0 (Windows NT 10.0; WOW64; Trident/7.0; rv:11.0) like Gecko" worldvote.com
181.51.85.223 - - [31/Dec/2020:22:51:09 -0500] "GET / HTTP/1.1" 200 3474 "-" "Mozilla/5.0 (Windows NT 10.0; Win64; x64) AppleWebKit/537.36 (KHTML, like Gecko) Chrome/87.0.4280.88 Safari/537.36" worldvote.com
181.51.85.223 - - [31/Dec/2020:22:51:09 -0500] "GET /getbitrule.png HTTP/1.1" 200 3006 "http://worldvote.com/" "Mozilla/5.0 (Windows NT 10.0; Win64; x64) AppleWebKit/537.36 (KHTML, like Gecko) Chrome/87.0.4280.88 Safari/537.36" worldvote.com
181.51.85.223 - - [31/Dec/2020:22:51:09 -0500] "GET /favicon.ico HTTP/1.1" 404 196 "http://worldvote.com/" "Mozilla/5.0 (Windows NT 10.0; Win64; x64) AppleWebKit/537.36 (KHTML, like Gecko) Chrome/87.0.4280.88 Safari/537.36" worldvote.com
123.174.52.235 - - [31/Dec/2020:22:51:11 -0500] "GET /qrcodes HTTP/1.1" 301 237 "http://worldvote.com/" "Mozilla/5.0 (Windows NT 10.0; WOW64; Trident/7.0; rv:11.0) like Gecko" worldvote.com
123.174.52.235 - - [31/Dec/2020:22:51:12 -0500] "GET /icons/image2.gif HTTP/1.1" 200 309 "http://worldvote.com/qrcodes/" "Mozilla/5.0 (Windows NT 10.0; WOW64; Trident/7.0; rv:11.0) like Gecko" worldvote.com
123.174.52.235 - - [31/Dec/2020:22:51:12 -0500] "GET /qrcodes/ HTTP/1.1" 200 184092 "http://worldvote.com/" "Mozilla/5.0 (Windows NT 10.0; WOW64; Trident/7.0; rv:11.0) like Gecko" worldvote.com
123.174.52.235 - - [31/Dec/2020:22:51:14 -0500] "GET /qrcodes/00010_00000_000853.gif HTTP/1.1" 200 33648 "http://worldvote.com/qrcodes/" "Mozilla/5.0 (Windows NT 10.0; WOW64; Trident/7.0; rv:11.0) like Gecko" worldvote.com
114.119.128.35 - - [31/Dec/2020:22:51:15 -0500] "GET /?domain=yutu.com&dn=yutu.com&fp=NqTneFkU3inhPdf8bun9yu%2FyBa5BDB3uETrKb3gf%2FzBP6%2BNKPKAkbXTvl9cm4zX6XrIkZ0zDaw1c0%2Fb5Wmqzg33t8oF4cT1E3sUNo2sh0xAHWkhHQ0z2of9t7UcNqjhZ7drX%2F%2BWRjxtXDV%2FcHaqS%2B0PElwY%2BZxi6OzW5RqM278E%3D&prvtof=8bsGXdiY0XeacsuG2rNNG45AccMblPPeDslaVbthHoE%3D&poru=TnC9KfxYfEoBrNFH0BqxlA%2F6ZvSicW0wYs8jk1vznM9SjECX48jSVBxYH0mFSk%2B0rgrJMXCElL5kraDFMNsH4g%3D%3D HTTP/1.1" 200 3475 "-" "Mozilla/5.0 (Linux; Android 7.0;) AppleWebKit/537.36 (KHTML, like Gecko) Mobile Safari/537.36 (compatible; PetalBot;+https://aspiegel.com/petalbot)" worldvote.com
181.51.85.223 - - [31/Dec/2020:22:51:16 -0500] "GET / HTTP/1.1" 200 3474 "-" "Mozilla/5.0 (Windows NT 10.0; Win64; x64) AppleWebKit/537.36 (KHTML, like Gecko) Chrome/87.0.4280.88 Safari/537.36" worldvote.com
181.51.85.223 - - [31/Dec/2020:22:51:30 -0500] "GET / HTTP/1.1" 200 3474 "-" "Mozilla/5.0 (Windows NT 10.0; Win64; x64) AppleWebKit/537.36 (KHTML, like Gecko) Chrome/87.0.4280.88 Safari/537.36" worldvote.com
123.174.52.235 - - [31/Dec/2020:22:53:30 -0500] "GET / HTTP/1.1" 200 3475 "-" "Mozilla/5.0 (Windows NT 10.0; WOW64; Trident/7.0; rv:11.0) like Gecko" www.worldvote.com
123.174.52.235 - - [31/Dec/2020:22:53:38 -0500] "GET / HTTP/1.1" 200 3475 "http://worldvote.com/" "Mozilla/5.0 (Windows NT 10.0; WOW64; Trident/7.0; rv:11.0) like Gecko" www.worldvote.com
123.174.52.235 - - [31/Dec/2020:22:53:38 -0500] "GET /favicon.ico HTTP/1.1" 404 196 "-" "Mozilla/5.0 (Windows NT 10.0; Win64; x64; Trident/7.0; rv:11.0) like Gecko" worldvote.com
114.119.128.46 - - [31/Dec/2020:22:56:18 -0500] "GET /?domain=yutu.com&dn=yutu.com&fp=IeYb4bWQn1G3fvGlJvVYDssmRQBNFDnF%2FX4tNl7RAK5toGMcIIpmRhCOQamkqqkWTVBasAup2vo1IlhIOy63az2xSw0lBTjTkMgudalEXCV6NRLbZWCySU1hWXgu2rytuIhPK9GUFwFA3ovRD0Rmp6bCFHIfnbjBPon7AmXZ%2FAc%3D&prvtof=dVGsBKG0r8Pxa7AniLrSEnLOYNkooYfKelLtcut8fjA%3D&poru=Xj10N5Xhc%2BLiyUsqtVcZcRTBj6TxXJpK4wsWSovoLSeaJM4zREmwGS11myomyukk%2BvCEtv%2Fcd5dCSJIkTY4Iiw%3D%3D HTTP/1.1" 200 3474 "-" "Mozilla/5.0 (Linux; Android 7.0;) AppleWebKit/537.36 (KHTML, like Gecko) Mobile Safari/537.36 (compatible; PetalBot;+https://aspiegel.com/petalbot)" worldvote.com
223.166.151.197 - - [31/Dec/2020:22:56:22 -0500] "GET / HTTP/1.1" 200 3476 "http://www.yutu.com/" "Mozilla/5.0 (Windows NT 6.1; WOW64) AppleWebKit/537.36 (KHTML, like Gecko) Chrome/45.0.2454.101 Safari/537.36" worldvote.com
180.97.118.219 - - [31/Dec/2020:22:58:00 -0500] "GET /gafoia/APPLING.htm HTTP/1.1" 200 1596 "http://worldvote.com/gafoia/" "Mozilla/5.0 (Windows NT 6.1; WOW64) AppleWebKit/537.36 (KHTML, like Gecko) Chrome/45.0.2454.101 Safari/537.36" worldvote.com
101.89.239.230 - - [31/Dec/2020:22:58:08 -0500] "GET / HTTP/1.1" 200 3475 "http://www.yutu.com/" "Mozilla/5.0 (Windows NT 6.1; WOW64; Trident/7.0; SLCC2; .NET CLR 2.0.50727; .NET CLR 3.5.30729; .NET CLR 3.0.30729; Media Center PC 6.0; .NET4.0C; .NET4.0E; InfoPath.3; rv:11.0) like Gecko" worldvote.com
183.198.195.164 - - [31/Dec/2020:23:00:10 -0500] "GET / HTTP/1.1" 200 3476 "-" "Mozilla/5.0 (Linux; Android 9; JKM-AL00; HMSCore 5.0.5.300) AppleWebKit/537.36 (KHTML, like Gecko) Chrome/83.0.4103.106 HuaweiBrowser/11.0.4.371 Mobile Safari/537.36" worldvote.com
183.198.195.164 - - [31/Dec/2020:23:00:11 -0500] "GET /getbitrule.png HTTP/1.1" 200 3006 "http://worldvote.com/" "Mozilla/5.0 (Linux; Android 9; JKM-AL00; HMSCore 5.0.5.300) AppleWebKit/537.36 (KHTML, like Gecko) Chrome/83.0.4103.106 HuaweiBrowser/11.0.4.371 Mobile Safari/537.36" worldvote.com
183.198.195.164 - - [31/Dec/2020:23:00:12 -0500] "GET /favicon.ico HTTP/1.1" 404 196 "http://worldvote.com/" "Mozilla/5.0 (Linux; Android 9; JKM-AL00; HMSCore 5.0.5.300) AppleWebKit/537.36 (KHTML, like Gecko) Chrome/83.0.4103.106 HuaweiBrowser/11.0.4.371 Mobile Safari/537.36" worldvote.com
183.198.195.164 - - [31/Dec/2020:23:00:14 -0500] "GET /qrcodes HTTP/1.1" 301 237 "http://worldvote.com/" "Mozilla/5.0 (Linux; Android 9; JKM-AL00; HMSCore 5.0.5.300) AppleWebKit/537.36 (KHTML, like Gecko) Chrome/83.0.4103.106 HuaweiBrowser/11.0.4.371 Mobile Safari/537.36" worldvote.com
183.198.195.164 - - [31/Dec/2020:23:00:15 -0500] "GET /icons/blank.gif HTTP/1.1" 200 148 "http://worldvote.com/qrcodes/" "Mozilla/5.0 (Linux; Android 9; JKM-AL00; HMSCore 5.0.5.300) AppleWebKit/537.36 (KHTML, like Gecko) Chrome/83.0.4103.106 HuaweiBrowser/11.0.4.371 Mobile Safari/537.36" worldvote.com
183.198.195.164 - - [31/Dec/2020:23:00:15 -0500] "GET /icons/back.gif HTTP/1.1" 200 216 "http://worldvote.com/qrcodes/" "Mozilla/5.0 (Linux; Android 9; JKM-AL00; HMSCore 5.0.5.300) AppleWebKit/537.36 (KHTML, like Gecko) Chrome/83.0.4103.106 HuaweiBrowser/11.0.4.371 Mobile Safari/537.36" worldvote.com
183.198.195.164 - - [31/Dec/2020:23:00:15 -0500] "GET /icons/image2.gif HTTP/1.1" 200 309 "http://worldvote.com/qrcodes/" "Mozilla/5.0 (Linux; Android 9; JKM-AL00; HMSCore 5.0.5.300) AppleWebKit/537.36 (KHTML, like Gecko) Chrome/83.0.4103.106 HuaweiBrowser/11.0.4.371 Mobile Safari/537.36" worldvote.com
183.198.195.164 - - [31/Dec/2020:23:00:17 -0500] "GET /qrcodes/00010_00000_014873.gif HTTP/1.1" 200 32326 "http://worldvote.com/qrcodes/" "Mozilla/5.0 (Linux; Android 9; JKM-AL00; HMSCore 5.0.5.300) AppleWebKit/537.36 (KHTML, like Gecko) Chrome/83.0.4103.106 HuaweiBrowser/11.0.4.371 Mobile Safari/537.36" worldvote.com
183.198.195.164 - - [31/Dec/2020:23:00:15 -0500] "GET /qrcodes/ HTTP/1.1" 200 104060 "http://worldvote.com/" "Mozilla/5.0 (Linux; Android 9; JKM-AL00; HMSCore 5.0.5.300) AppleWebKit/537.36 (KHTML, like Gecko) Chrome/83.0.4103.106 HuaweiBrowser/11.0.4.371 Mobile Safari/537.36" worldvote.com
183.198.195.164 - - [31/Dec/2020:23:00:21 -0500] "GET /qrcodes/00010_00000_019434.gif HTTP/1.1" 200 32474 "http://worldvote.com/qrcodes/" "Mozilla/5.0 (Linux; Android 9; JKM-AL00; HMSCore 5.0.5.300) AppleWebKit/537.36 (KHTML, like Gecko) Chrome/83.0.4103.106 HuaweiBrowser/11.0.4.371 Mobile Safari/537.36" worldvote.com
183.198.195.164 - - [31/Dec/2020:23:00:23 -0500] "GET /favicon.ico HTTP/1.1" 404 196 "http://worldvote.com/qrcodes/00010_00000_019434.gif" "Mozilla/5.0 (Linux; Android 9; JKM-AL00; HMSCore 5.0.5.300) AppleWebKit/537.36 (KHTML, like Gecko) Chrome/83.0.4103.106 HuaweiBrowser/11.0.4.371 Mobile Safari/537.36" worldvote.com
183.198.195.164 - - [31/Dec/2020:23:00:26 -0500] "GET /qrcodes/00010_00000_071445.gif HTTP/1.1" 200 33237 "http://worldvote.com/qrcodes/" "Mozilla/5.0 (Linux; Android 9; JKM-AL00; HMSCore 5.0.5.300) AppleWebKit/537.36 (KHTML, like Gecko) Chrome/83.0.4103.106 HuaweiBrowser/11.0.4.371 Mobile Safari/537.36" worldvote.com
183.198.195.164 - - [31/Dec/2020:23:00:29 -0500] "GET /favicon.ico HTTP/1.1" 404 196 "http://worldvote.com/qrcodes/00010_00000_071445.gif" "Mozilla/5.0 (Linux; Android 9; JKM-AL00; HMSCore 5.0.5.300) AppleWebKit/537.36 (KHTML, like Gecko) Chrome/83.0.4103.106 HuaweiBrowser/11.0.4.371 Mobile Safari/537.36" worldvote.com
181.188.141.90 - - [31/Dec/2020:23:02:26 -0500] "GET / HTTP/1.1" 200 3475 "-" "Mozilla/5.0 (Linux; Android 6.0.1; SAMSUNG SM-G532M Build/MMB29T) AppleWebKit/537.36 (KHTML, like Gecko) SamsungBrowser/4.2 Chrome/44.0.2403.133 Mobile Safari/537.36" worldvote.com
181.188.141.90 - - [31/Dec/2020:23:02:26 -0500] "GET / HTTP/1.1" 200 3475 "-" "Dalvik/2.1.0 (Linux; U; Android 6.0.1; SM-G532M Build/MMB29T)" worldvote.com
114.119.128.35 - - [31/Dec/2020:23:06:42 -0500] "GET /?domain=yutu.com&dn=yutu.com&fp=IL7wLO0J8eWBpseq9bgP1iClx7O4I%2Bi18%2FVKkWxcNxVlhiGkgwJ1MKg%2FhL8MB78Ebw17O6PNiXKuW%2FcdA%2BlM8M5iONKTTXASm8hmngqF8%2FIXJZvHfYUEDmB1wlo%2Br%2F%2F8seYotW58PhW%2BJSFzLDC%2FPFR2F8K2gTkTnV7aSLgoOS8%3D&prvtof=DwGhjWUjXd2dwd26TdLEPgPY0gJokKnQN0RnYjX%2F6%2Fg%3D&poru=LedmjWsBSnfWt%2BniZOAugBaKp27OpIughxPGb4vMGWoWiIJ9hHUNbq5ENtqsTskr%2FBobeu67J%2FZ7nWoUc%2Bybew%3D%3D HTTP/1.1" 200 3475 "-" "Mozilla/5.0 (Linux; Android 7.0;) AppleWebKit/537.36 (KHTML, like Gecko) Mobile Safari/537.36 (compatible; PetalBot;+https://aspiegel.com/petalbot)" worldvote.com
181.188.141.90 - - [31/Dec/2020:23:06:43 -0500] "GET / HTTP/1.1" 200 3475 "-" "Mozilla/5.0 (Linux; Android 6.0.1; SAMSUNG SM-G532M Build/MMB29T) AppleWebKit/537.36 (KHTML, like Gecko) SamsungBrowser/4.2 Chrome/44.0.2403.133 Mobile Safari/537.36" worldvote.com
181.188.141.90 - - [31/Dec/2020:23:06:43 -0500] "GET / HTTP/1.1" 200 3475 "-" "Dalvik/2.1.0 (Linux; U; Android 6.0.1; SM-G532M Build/MMB29T)" worldvote.com
222.65.50.79 - - [31/Dec/2020:23:11:17 -0500] "GET / HTTP/1.1" 200 3473 "-" "Mozilla/5.0 (Windows NT 6.1; WOW64; Trident/7.0; rv:11.0) like Gecko" worldvote.com
222.65.50.79 - - [31/Dec/2020:23:11:18 -0500] "GET /getbitrule.png HTTP/1.1" 200 3006 "http://worldvote.com/" "Mozilla/5.0 (Windows NT 6.1; WOW64; Trident/7.0; rv:11.0) like Gecko" worldvote.com
222.65.50.79 - - [31/Dec/2020:23:11:21 -0500] "GET /favicon.ico HTTP/1.1" 404 196 "-" "Mozilla/5.0 (Windows NT 6.1; WOW64; Trident/7.0; rv:11.0) like Gecko" worldvote.com
114.119.128.46 - - [31/Dec/2020:23:11:41 -0500] "GET /?domain=yutu.com&dn=yutu.com&fp=j73BYqyiFUoSI0iU6U1U1BvmKwn%2FnI%2FziBguPJMYcFok%2FCt%2Bnw32sNYfL55btMdLgA2VIn3Zo8Mt6jDmj6zQJRBcmhuBz8kwD%2FCvbWTglxybgsu85CKeSjisQglPn1aCAbvYbk19I9FYlQ9K578YmNyF5iR8dVssaVJCIFwwRnk%3D&prvtof=AlUAiWYk2iLqyUUk0nSEiWLKZA7b7dNtsBFsxvG3UwQ%3D&poru=S1lBjLxahoGXIj66KeLddzUI0%2FIfuQacjk4gNVBcJ2YefzJNvQiQlQNPZt0ZmMqDMgjjJezWwPWhD3tf8706eg%3D%3D HTTP/1.1" 200 3475 "-" "Mozilla/5.0 (Linux; Android 7.0;) AppleWebKit/537.36 (KHTML, like Gecko) Mobile Safari/537.36 (compatible; PetalBot;+https://aspiegel.com/petalbot)" worldvote.com
222.140.88.57 - - [31/Dec/2020:23:12:08 -0500] "GET / HTTP/1.1" 200 3474 "-" "Mozilla/5.0 (Windows NT 6.1; WOW64) AppleWebKit/537.36 (KHTML, like Gecko) Chrome/79.0.3945.79 Safari/537.36" worldvote.com
222.140.88.57 - - [31/Dec/2020:23:12:08 -0500] "GET /getbitrule.png HTTP/1.1" 200 3006 "http://worldvote.com/" "Mozilla/5.0 (Windows NT 6.1; WOW64) AppleWebKit/537.36 (KHTML, like Gecko) Chrome/79.0.3945.79 Safari/537.36" worldvote.com
222.140.88.57 - - [31/Dec/2020:23:12:09 -0500] "GET /favicon.ico HTTP/1.1" 404 196 "http://worldvote.com/" "Mozilla/5.0 (Windows NT 6.1; WOW64) AppleWebKit/537.36 (KHTML, like Gecko) Chrome/79.0.3945.79 Safari/537.36" worldvote.com
222.65.50.79 - - [31/Dec/2020:23:12:17 -0500] "GET / HTTP/1.1" 200 3473 "-" "Mozilla/5.0 (Windows NT 6.1; WOW64; Trident/7.0; rv:11.0) like Gecko" worldvote.com
222.65.50.79 - - [31/Dec/2020:23:12:17 -0500] "GET /favicon.ico HTTP/1.1" 404 196 "-" "Mozilla/5.0 (Windows NT 6.1; WOW64; Trident/7.0; rv:11.0) like Gecko" worldvote.com
117.157.216.140 - - [31/Dec/2020:23:22:53 -0500] "GET / HTTP/1.1" 200 3476 "-" "Mozilla/5.0 (Linux; Android 9; JAT-AL00; HMSCore 5.0.5.300) AppleWebKit/537.36 (KHTML, like Gecko) Chrome/83.0.4103.106 HuaweiBrowser/11.0.5.304 Mobile Safari/537.36" worldvote.com
117.157.216.140 - - [31/Dec/2020:23:22:54 -0500] "GET /getbitrule.png HTTP/1.1" 200 3006 "http://worldvote.com/" "Mozilla/5.0 (Linux; Android 9; JAT-AL00; HMSCore 5.0.5.300) AppleWebKit/537.36 (KHTML, like Gecko) Chrome/83.0.4103.106 HuaweiBrowser/11.0.5.304 Mobile Safari/537.36" worldvote.com
114.119.128.46 - - [31/Dec/2020:23:26:22 -0500] "GET /?domain=yutu.com&dn=yutu.com&fp=4OTf1BpD2kIIFm2E0s%2BWD3NHayZ6Itpb82ayNGpxKXsRQXtsfkaUgNNnArByKtdb4AZkElGgsocunagG1jXKW2LUIaeFpLebw3jSFRrJj0N415N%2Fonx%2BNnaDanc0oYBJqre8zJA024kb%2B7RAbtynTkGhsso90hlHZWR2LdeE%2Fwo%3D&prvtof=adGNSJiyQtaYtSWdP06OO23JfDDFLJtcj8iM9kCErgE%3D&poru=eNItGIIENRt%2BuVfiLl4TIYyeizLvul1FPxv0D2tcbBpBXChkHGcA4sg7nMRd4wJlC6%2FjkvojLoULROmLjSfQPw%3D%3D HTTP/1.1" 200 3475 "-" "Mozilla/5.0 (Linux; Android 7.0;) AppleWebKit/537.36 (KHTML, like Gecko) Mobile Safari/537.36 (compatible; PetalBot;+https://aspiegel.com/petalbot)" worldvote.com
181.188.179.131 - - [31/Dec/2020:23:28:30 -0500] "GET / HTTP/1.1" 200 3476 "-" "Mozilla/5.0 (Linux; Android 6.0.1; SAMSUNG SM-G532M) AppleWebKit/537.36 (KHTML, like Gecko) SamsungBrowser/11.1 Chrome/75.0.3770.143 Mobile Safari/537.36" worldvote.com
189.217.10.106 - - [31/Dec/2020:23:34:12 -0500] "GET / HTTP/1.1" 200 3475 "-" "Mozilla/5.0 (Windows NT 10.0) AppleWebKit/537.36 (KHTML, like Gecko) Chrome/87.0.4280.88 Safari/537.36" worldvote.com
189.217.10.106 - - [31/Dec/2020:23:34:14 -0500] "GET /getbitrule.png HTTP/1.1" 200 3006 "http://worldvote.com/" "Mozilla/5.0 (Windows NT 10.0) AppleWebKit/537.36 (KHTML, like Gecko) Chrome/87.0.4280.88 Safari/537.36" worldvote.com
189.217.10.106 - - [31/Dec/2020:23:34:20 -0500] "GET /favicon.ico HTTP/1.1" 404 196 "http://worldvote.com/" "Mozilla/5.0 (Windows NT 10.0) AppleWebKit/537.36 (KHTML, like Gecko) Chrome/87.0.4280.88 Safari/537.36" worldvote.com
177.249.163.170 - - [31/Dec/2020:23:37:29 -0500] "GET / HTTP/1.1" 200 3476 "-" "Mozilla/5.0 (Linux; Android 4.4.4; SM-T560) AppleWebKit/537.36 (KHTML, like Gecko) Chrome/81.0.4044.138 Safari/537.36" worldvote.com
177.249.163.170 - - [31/Dec/2020:23:37:30 -0500] "GET /getbitrule.png HTTP/1.1" 200 3006 "http://worldvote.com/" "Mozilla/5.0 (Linux; Android 4.4.4; SM-T560) AppleWebKit/537.36 (KHTML, like Gecko) Chrome/81.0.4044.138 Safari/537.36" worldvote.com
177.249.163.170 - - [31/Dec/2020:23:37:31 -0500] "GET /favicon.ico HTTP/1.1" 404 196 "http://worldvote.com/" "Mozilla/5.0 (Linux; Android 4.4.4; SM-T560) AppleWebKit/537.36 (KHTML, like Gecko) Chrome/81.0.4044.138 Safari/537.36" worldvote.com
113.4.157.183 - - [31/Dec/2020:23:37:54 -0500] "GET / HTTP/1.1" 200 3473 "-" "Mozilla/5.0 (iPhone; CPU iPhone OS 14_2 like Mac OS X) AppleWebKit/605.1.15 (KHTML, like Gecko) Version/14.0.1 Mobile/15E148 Safari/604.1" worldvote.com
113.4.157.183 - - [31/Dec/2020:23:37:54 -0500] "GET /getbitrule.png HTTP/1.1" 200 3006 "http://worldvote.com/" "Mozilla/5.0 (iPhone; CPU iPhone OS 14_2 like Mac OS X) AppleWebKit/605.1.15 (KHTML, like Gecko) Version/14.0.1 Mobile/15E148 Safari/604.1" worldvote.com
113.4.157.183 - - [31/Dec/2020:23:37:55 -0500] "GET /favicon.ico HTTP/1.1" 404 196 "http://worldvote.com/" "Mozilla/5.0 (iPhone; CPU iPhone OS 14_2 like Mac OS X) AppleWebKit/605.1.15 (KHTML, like Gecko) Version/14.0.1 Mobile/15E148 Safari/604.1" worldvote.com
113.4.157.183 - - [31/Dec/2020:23:38:02 -0500] "GET / HTTP/1.1" 200 3473 "-" "Mozilla/5.0 (iPhone; CPU iPhone OS 14_2 like Mac OS X) AppleWebKit/605.1.15 (KHTML, like Gecko) Version/14.0.1 Mobile/15E148 Safari/604.1" worldvote.com
113.4.157.183 - - [31/Dec/2020:23:38:06 -0500] "GET / HTTP/1.1" 200 3473 "-" "Mozilla/5.0 (iPhone; CPU iPhone OS 14_2 like Mac OS X) AppleWebKit/605.1.15 (KHTML, like Gecko) Version/14.0.1 Mobile/15E148 Safari/604.1" worldvote.com
113.4.157.183 - - [31/Dec/2020:23:39:37 -0500] "GET / HTTP/1.1" 200 3473 "-" "Mozilla/5.0 (iPhone; CPU iPhone OS 14_2 like Mac OS X) AppleWebKit/605.1.15 (KHTML, like Gecko) Version/14.0.1 Mobile/15E148 Safari/604.1" worldvote.com
113.4.157.183 - - [31/Dec/2020:23:39:42 -0500] "GET / HTTP/1.1" 200 3473 "-" "Mozilla/5.0 (iPhone; CPU iPhone OS 14_2 like Mac OS X) AppleWebKit/605.1.15 (KHTML, like Gecko) Version/14.0.1 Mobile/15E148 Safari/604.1" worldvote.com
181.188.141.90 - - [31/Dec/2020:23:41:48 -0500] "GET / HTTP/1.1" 200 3475 "-" "Mozilla/5.0 (Linux; Android 6.0.1; SAMSUNG SM-G532M Build/MMB29T) AppleWebKit/537.36 (KHTML, like Gecko) SamsungBrowser/4.2 Chrome/44.0.2403.133 Mobile Safari/537.36" worldvote.com
181.188.141.90 - - [31/Dec/2020:23:41:50 -0500] "GET / HTTP/1.1" 200 3475 "-" "Dalvik/2.1.0 (Linux; U; Android 6.0.1; SM-G532M Build/MMB29T)" worldvote.com
200.68.140.9 - - [31/Dec/2020:23:42:00 -0500] "GET / HTTP/1.1" 200 3473 "-" "MAUI WAP Browser" worldvote.com
200.68.140.9 - - [31/Dec/2020:23:42:02 -0500] "GET /getbitrule.png HTTP/1.1" 200 3006 "-" "MAUI WAP Browser" worldvote.com
200.68.140.9 - - [31/Dec/2020:23:42:03 -0500] "GET /favicon.ico HTTP/1.1" 404 196 "-" "MAUI WAP Browser" worldvote.com
186.32.219.51 - - [31/Dec/2020:23:44:25 -0500] "GET / HTTP/1.1" 200 3474 "-" "Mozilla/5.0 (iPad; CPU OS 5_0_1 like Mac OS X) AppleWebKit/534.46 (KHTML, like Gecko) Version/5.1 Mobile/9A405 Safari/7534.48.3" worldvote.com
186.32.219.51 - - [31/Dec/2020:23:44:27 -0500] "GET /getbitrule.png HTTP/1.1" 200 3006 "http://worldvote.com/" "Mozilla/5.0 (iPad; CPU OS 5_0_1 like Mac OS X) AppleWebKit/534.46 (KHTML, like Gecko) Version/5.1 Mobile/9A405 Safari/7534.48.3" worldvote.com
186.32.219.51 - - [31/Dec/2020:23:44:30 -0500] "GET /favicon.ico HTTP/1.1" 404 196 "-" "Mozilla/5.0 (Linux; Android 4.4.2; B.S805.5 Build/general_1.0.0.2_20170217.191136) AppleWebKit/537.36 (KHTML, like Gecko) Version/4.0 Chrome/30.0.0.0 Safari/537.36" worldvote.com
181.188.141.90 - - [31/Dec/2020:23:45:19 -0500] "GET / HTTP/1.1" 200 3475 "-" "Mozilla/5.0 (Linux; Android 6.0.1; SAMSUNG SM-G532M Build/MMB29T) AppleWebKit/537.36 (KHTML, like Gecko) SamsungBrowser/4.2 Chrome/44.0.2403.133 Mobile Safari/537.36" worldvote.com
181.188.141.90 - - [31/Dec/2020:23:45:20 -0500] "GET / HTTP/1.1" 200 3475 "-" "Dalvik/2.1.0 (Linux; U; Android 6.0.1; SM-G532M Build/MMB29T)" worldvote.com
114.119.128.46 - - [31/Dec/2020:23:47:09 -0500] "GET /?domain=yutu.com&dn=yutu.com&fp=OeFNKEesXMRUipXT5NOE%2B2wEW%2BexvpKMUh3C5w5icNtK9TmLiWB%2F03AdLpc0ARO2OAo0a5vg0nEFILmNoDMUfISwaXAh07cgNiyASR3FOLQpD%2BF7vVdxquA0yKgubM7x0mSOEmAKmBg6rLYAgniGG6waG4wiw0FHMlkN3VnViC0%3D&prvtof=gMlwrBGYYZXzaIXVvvVzyXrx2%2F8W6ZTPaKWRcakklRU%3D&poru=%2FRrLu0oCTG7Rc84IIzo401k01FDHenOsEKqThzylEZYZEXPaSmbvH9h2XnlrdSU7SePZIjc%2FlHI6wxJp%2FPth%2Bw%3D%3D HTTP/1.1" 200 3475 "-" "Mozilla/5.0 (Linux; Android 7.0;) AppleWebKit/537.36 (KHTML, like Gecko) Mobile Safari/537.36 (compatible; PetalBot;+https://aspiegel.com/petalbot)" worldvote.com
181.188.141.90 - - [31/Dec/2020:23:47:27 -0500] "GET / HTTP/1.1" 200 3475 "-" "Mozilla/5.0 (Linux; Android 6.0.1; SAMSUNG SM-G532M Build/MMB29T) AppleWebKit/537.36 (KHTML, like Gecko) SamsungBrowser/4.2 Chrome/44.0.2403.133 Mobile Safari/537.36" worldvote.com
181.188.141.90 - - [31/Dec/2020:23:47:28 -0500] "GET / HTTP/1.1" 200 3475 "-" "Dalvik/2.1.0 (Linux; U; Android 6.0.1; SM-G532M Build/MMB29T)" worldvote.com
114.119.156.223 - - [31/Dec/2020:23:52:13 -0500] "GET /?domain=yutu.com&dn=yutu.com&fp=W0K%2FLJPwRy9pAcQjP1WdbSM0Q1wqy6EEstUCxm%2BX3nar20d%2BPkxTTR9gOjg6F1g3lcTTZ0TdXmh4kD48EzKeq%2ByXoSluJbN9CAtnlbqfKHynSMjw3hLQmLo4eQrwlvvBog6uIL56neQU0ILzpjjfOnWr6z1%2F2%2BautGtmfW%2FRU9k%3D&prvtof=z0IycY9xCf5nbiwHRzYB4qQ9veFLXMZx%2F28mU5Ta4fo%3D&poru=fG2aN2i7zPOch4KMr78GXXExR9mUed%2FcYAyTGeM93T4%2Fcf6RZr84nExY7yZtqTNcjLa9KDqQTrGKm0%2BpBUWkog%3D%3D HTTP/1.1" 200 3476 "-" "Mozilla/5.0 (Linux; Android 7.0;) AppleWebKit/537.36 (KHTML, like Gecko) Mobile Safari/537.36 (compatible; PetalBot;+https://aspiegel.com/petalbot)" worldvote.com
190.90.24.132 - - [31/Dec/2020:23:55:11 -0500] "GET / HTTP/1.1" 200 3474 "-" "Mozilla/5.0 (Linux; Android 8.0.0; SM-G570M) AppleWebKit/537.36 (KHTML, like Gecko) Chrome/86.0.4240.198 Mobile Safari/537.36" worldvote.com
190.90.24.132 - - [31/Dec/2020:23:55:12 -0500] "GET /getbitrule.png HTTP/1.1" 200 3006 "http://worldvote.com/" "Mozilla/5.0 (Linux; Android 8.0.0; SM-G570M) AppleWebKit/537.36 (KHTML, like Gecko) Chrome/86.0.4240.198 Mobile Safari/537.36" worldvote.com
190.90.24.132 - - [31/Dec/2020:23:55:12 -0500] "GET /favicon.ico HTTP/1.1" 404 196 "http://worldvote.com/" "Mozilla/5.0 (Linux; Android 8.0.0; SM-G570M) AppleWebKit/537.36 (KHTML, like Gecko) Chrome/86.0.4240.198 Mobile Safari/537.36" www.worldvote.com
45.6.40.29 - - [01/Jan/2021:00:00:35 -0500] "GET / HTTP/1.1" 200 3471 "https://www.google.com.do/" "Mozilla/5.0 (Windows NT 10.0; Win64; x64) AppleWebKit/537.36 (KHTML, like Gecko) Chrome/87.0.4280.88 Safari/537.36" worldvote.com
45.6.40.29 - - [01/Jan/2021:00:00:36 -0500] "GET /getbitrule.png HTTP/1.1" 200 3006 "http://www.worldvote.com/" "Mozilla/5.0 (Windows NT 10.0; Win64; x64) AppleWebKit/537.36 (KHTML, like Gecko) Chrome/87.0.4280.88 Safari/537.36" worldvote.com
114.119.156.223 - - [01/Jan/2021:00:01:50 -0500] "GET /?domain=yutu.com&dn=yutu.com&fp=Bj2gLMgipZIe17R2RfIe86p1zSmXcVTUa%2BAawqw%2Fhx3slMNxKhLUbvr0PNzJguYbWeszjM5do9XfiFkdPLTy%2BZzYa9qxEE4Xltl6OHIsRTXEW3P8ae8T8f6sRVL4R%2B4bDfAS26pyAmHz3XRcIaObArFj0qzqTKfnx2oPCS%2B9rU8%3D&prvtof=e8Yt1%2FGMwkb4SzEO206FxBCUnHn%2FcVunT7Ifn0hoUEQ%3D&poru=JUcYMzO54uumnK%2FcnJvrorS%2BApoj%2BFXK5VG7ZHE5AZWM%2FFdUqOKc7Me3iEZNiVj%2BulCjYukDUrhyfJNwRrtgvg%3D%3D HTTP/1.1" 200 3476 "-" "Mozilla/5.0 (Linux; Android 7.0;) AppleWebKit/537.36 (KHTML, like Gecko) Mobile Safari/537.36 (compatible; PetalBot;+https://aspiegel.com/petalbot)" worldvote.com
189.203.34.249 - - [01/Jan/2021:00:03:44 -0500] "GET / HTTP/1.1" 200 3474 "-" "Mozilla/5.0 (Linux; Android 8.1.0; C210AE Build/O11019; wv) AppleWebKit/537.36 (KHTML, like Gecko) Version/4.0 Chrome/68.0.3440.91 Mobile Safari/537.36" worldvote.com
189.203.34.249 - - [01/Jan/2021:00:03:44 -0500] "GET / HTTP/1.1" 200 3474 "-" "Mozilla/5.0 (Linux; Android 8.1.0; C210AE Build/O11019; wv) AppleWebKit/537.36 (KHTML, like Gecko) Version/4.0 Chrome/68.0.3440.91 Mobile Safari/537.36" worldvote.com
189.203.34.249 - - [01/Jan/2021:00:03:44 -0500] "GET /getbitrule.png HTTP/1.1" 200 3006 "http://worldvote.com/" "Mozilla/5.0 (Linux; Android 8.1.0; C210AE Build/O11019; wv) AppleWebKit/537.36 (KHTML, like Gecko) Version/4.0 Chrome/68.0.3440.91 Mobile Safari/537.36" worldvote.com
189.203.34.249 - - [01/Jan/2021:00:03:45 -0500] "GET /favicon.ico HTTP/1.1" 404 196 "http://worldvote.com/" "Mozilla/5.0 (Linux; Android 8.1.0; C210AE Build/O11019; wv) AppleWebKit/537.36 (KHTML, like Gecko) Version/4.0 Chrome/68.0.3440.91 Mobile Safari/537.36" worldvote.com
189.203.34.249 - - [01/Jan/2021:00:03:45 -0500] "GET /favicon.ico HTTP/1.1" 404 196 "http://worldvote.com/" "Mozilla/5.0 (Linux; Android 8.1.0; C210AE Build/O11019; wv) AppleWebKit/537.36 (KHTML, like Gecko) Version/4.0 Chrome/68.0.3440.91 Mobile Safari/537.36" worldvote.com
189.203.34.249 - - [01/Jan/2021:00:04:02 -0500] "GET / HTTP/1.1" 200 3474 "-" "Mozilla/5.0 (Linux; Android 8.1.0; C210AE Build/O11019; wv) AppleWebKit/537.36 (KHTML, like Gecko) Version/4.0 Chrome/68.0.3440.91 Mobile Safari/537.36" worldvote.com
