66.249.64.199 - - [14/Dec/2020:06:28:01 -0500] "GET /gafoia/CHARLTON.htm HTTP/1.1" 200 1616 "-" "Mozilla/5.0 (Linux; Android 6.0.1; Nexus 5X Build/MMB29P) AppleWebKit/537.36 (KHTML, like Gecko) Chrome/87.0.4280.90 Mobile Safari/537.36 (compatible; Googlebot/2.1; +http://www.google.com/bot.html)" worldvote.com
66.249.64.197 - - [14/Dec/2020:06:56:25 -0500] "GET /gafoia/MUSCOGEE.htm HTTP/1.1" 200 1599 "-" "Mozilla/5.0 (Linux; Android 6.0.1; Nexus 5X Build/MMB29P) AppleWebKit/537.36 (KHTML, like Gecko) Chrome/87.0.4280.90 Mobile Safari/537.36 (compatible; Googlebot/2.1; +http://www.google.com/bot.html)" worldvote.com
66.249.64.197 - - [14/Dec/2020:07:15:21 -0500] "GET /gafoia/FRANKLIN.htm HTTP/1.1" 200 1597 "-" "Mozilla/5.0 (Linux; Android 6.0.1; Nexus 5X Build/MMB29P) AppleWebKit/537.36 (KHTML, like Gecko) Chrome/87.0.4280.90 Mobile Safari/537.36 (compatible; Googlebot/2.1; +http://www.google.com/bot.html)" worldvote.com
66.249.64.199 - - [14/Dec/2020:07:24:48 -0500] "GET /gafoia/MCINTOSH.htm HTTP/1.1" 200 1631 "-" "Mozilla/5.0 (Linux; Android 6.0.1; Nexus 5X Build/MMB29P) AppleWebKit/537.36 (KHTML, like Gecko) Chrome/87.0.4280.90 Mobile Safari/537.36 (compatible; Googlebot/2.1; +http://www.google.com/bot.html)" worldvote.com
66.249.64.194 - - [14/Dec/2020:07:43:44 -0500] "GET /gafoia/HARALSON.htm HTTP/1.1" 200 1602 "-" "Mozilla/5.0 (Linux; Android 6.0.1; Nexus 5X Build/MMB29P) AppleWebKit/537.36 (KHTML, like Gecko) Chrome/87.0.4280.90 Mobile Safari/537.36 (compatible; Googlebot/2.1; +http://www.google.com/bot.html)" worldvote.com
66.249.64.194 - - [14/Dec/2020:07:53:13 -0500] "GET /gafoia/BALDWIN.htm HTTP/1.1" 200 1614 "-" "Mozilla/5.0 (Linux; Android 6.0.1; Nexus 5X Build/MMB29P) AppleWebKit/537.36 (KHTML, like Gecko) Chrome/87.0.4280.90 Mobile Safari/537.36 (compatible; Googlebot/2.1; +http://www.google.com/bot.html)" worldvote.com
66.249.64.194 - - [14/Dec/2020:08:02:40 -0500] "GET /gafoia/TATTNALL.htm HTTP/1.1" 200 1620 "-" "Mozilla/5.0 (Linux; Android 6.0.1; Nexus 5X Build/MMB29P) AppleWebKit/537.36 (KHTML, like Gecko) Chrome/87.0.4280.90 Mobile Safari/537.36 (compatible; Googlebot/2.1; +http://www.google.com/bot.html)" worldvote.com
54.36.148.85 - - [14/Dec/2020:08:04:02 -0500] "GET / HTTP/1.1" 200 637 "-" "Mozilla/5.0 (compatible; AhrefsBot/7.0; +http://ahrefs.com/robot/)" worldvote.com
66.249.64.194 - - [14/Dec/2020:08:12:08 -0500] "GET /gafoia/COLUMBIA.htm HTTP/1.1" 200 1587 "-" "Mozilla/5.0 (Linux; Android 6.0.1; Nexus 5X Build/MMB29P) AppleWebKit/537.36 (KHTML, like Gecko) Chrome/87.0.4280.90 Mobile Safari/537.36 (compatible; Googlebot/2.1; +http://www.google.com/bot.html)" worldvote.com
66.249.64.197 - - [14/Dec/2020:08:21:36 -0500] "GET /gafoia/CARROLL.htm HTTP/1.1" 200 1627 "-" "Mozilla/5.0 (Linux; Android 6.0.1; Nexus 5X Build/MMB29P) AppleWebKit/537.36 (KHTML, like Gecko) Chrome/87.0.4280.90 Mobile Safari/537.36 (compatible; Googlebot/2.1; +http://www.google.com/bot.html)" worldvote.com
66.249.64.197 - - [14/Dec/2020:08:31:04 -0500] "GET /gafoia/CRAWFORD.htm HTTP/1.1" 200 1629 "-" "Mozilla/5.0 (Linux; Android 6.0.1; Nexus 5X Build/MMB29P) AppleWebKit/537.36 (KHTML, like Gecko) Chrome/87.0.4280.90 Mobile Safari/537.36 (compatible; Googlebot/2.1; +http://www.google.com/bot.html)" worldvote.com
66.249.64.197 - - [14/Dec/2020:08:31:04 -0500] "GET /robots.txt HTTP/1.1" 404 196 "-" "Mozilla/5.0 (compatible; Googlebot/2.1; +http://www.google.com/bot.html)" worldvote.com
66.249.64.199 - - [14/Dec/2020:08:50:00 -0500] "GET /gafoia/JENKINS.htm HTTP/1.1" 200 1623 "-" "Mozilla/5.0 (Linux; Android 6.0.1; Nexus 5X Build/MMB29P) AppleWebKit/537.36 (KHTML, like Gecko) Chrome/87.0.4280.90 Mobile Safari/537.36 (compatible; Googlebot/2.1; +http://www.google.com/bot.html)" worldvote.com
66.249.64.199 - - [14/Dec/2020:08:59:28 -0500] "GET /gafoia/CHEROKEE.htm HTTP/1.1" 200 1601 "-" "Mozilla/5.0 (Linux; Android 6.0.1; Nexus 5X Build/MMB29P) AppleWebKit/537.36 (KHTML, like Gecko) Chrome/87.0.4280.90 Mobile Safari/537.36 (compatible; Googlebot/2.1; +http://www.google.com/bot.html)" worldvote.com
206.180.141.24 - - [14/Dec/2020:09:06:17 -0500] "GET / HTTP/1.1" 200 637 "-" "Mozilla/5.0 (Windows NT 6.1; Win64; x64; rv:83.0) Gecko/20100101 Firefox/83.0" worldvote.com
206.180.141.24 - - [14/Dec/2020:09:06:17 -0500] "GET /favicon.ico HTTP/1.1" 404 196 "http://worldvote.com/" "Mozilla/5.0 (Windows NT 6.1; Win64; x64; rv:83.0) Gecko/20100101 Firefox/83.0" worldvote.com
206.180.141.24 - - [14/Dec/2020:09:06:33 -0500] "GET /gafoia HTTP/1.1" 301 236 "http://worldvote.com/" "Mozilla/5.0 (Windows NT 6.1; Win64; x64; rv:83.0) Gecko/20100101 Firefox/83.0" worldvote.com
206.180.141.24 - - [14/Dec/2020:09:06:33 -0500] "GET /gafoia/ HTTP/1.1" 200 34307 "http://worldvote.com/" "Mozilla/5.0 (Windows NT 6.1; Win64; x64; rv:83.0) Gecko/20100101 Firefox/83.0" worldvote.com
206.180.141.24 - - [14/Dec/2020:09:06:33 -0500] "GET /icons/blank.gif HTTP/1.1" 200 148 "http://worldvote.com/gafoia/" "Mozilla/5.0 (Windows NT 6.1; Win64; x64; rv:83.0) Gecko/20100101 Firefox/83.0" worldvote.com
206.180.141.24 - - [14/Dec/2020:09:06:33 -0500] "GET /icons/back.gif HTTP/1.1" 200 216 "http://worldvote.com/gafoia/" "Mozilla/5.0 (Windows NT 6.1; Win64; x64; rv:83.0) Gecko/20100101 Firefox/83.0" worldvote.com
206.180.141.24 - - [14/Dec/2020:09:06:33 -0500] "GET /icons/text.gif HTTP/1.1" 200 229 "http://worldvote.com/gafoia/" "Mozilla/5.0 (Windows NT 6.1; Win64; x64; rv:83.0) Gecko/20100101 Firefox/83.0" worldvote.com
206.180.141.24 - - [14/Dec/2020:09:06:38 -0500] "GET /gafoia/GLASCOCK.htm HTTP/1.1" 200 1617 "http://worldvote.com/gafoia/" "Mozilla/5.0 (Windows NT 6.1; Win64; x64; rv:83.0) Gecko/20100101 Firefox/83.0" worldvote.com
66.249.64.199 - - [14/Dec/2020:09:08:56 -0500] "GET /gafoia/EFFINGHAM.htm HTTP/1.1" 200 1604 "-" "Mozilla/5.0 (Linux; Android 6.0.1; Nexus 5X Build/MMB29P) AppleWebKit/537.36 (KHTML, like Gecko) Chrome/87.0.4280.90 Mobile Safari/537.36 (compatible; Googlebot/2.1; +http://www.google.com/bot.html)" worldvote.com
66.249.64.194 - - [14/Dec/2020:09:18:24 -0500] "GET /gafoia/TREUTLEN.htm HTTP/1.1" 200 1609 "-" "Mozilla/5.0 (Linux; Android 6.0.1; Nexus 5X Build/MMB29P) AppleWebKit/537.36 (KHTML, like Gecko) Chrome/87.0.4280.90 Mobile Safari/537.36 (compatible; Googlebot/2.1; +http://www.google.com/bot.html)" worldvote.com
66.249.64.197 - - [14/Dec/2020:09:27:52 -0500] "GET /gafoia/CHATTOOGA.htm HTTP/1.1" 200 1607 "-" "Mozilla/5.0 (Linux; Android 6.0.1; Nexus 5X Build/MMB29P) AppleWebKit/537.36 (KHTML, like Gecko) Chrome/87.0.4280.90 Mobile Safari/537.36 (compatible; Googlebot/2.1; +http://www.google.com/bot.html)" worldvote.com
83.97.23.44 - - [14/Dec/2020:09:36:13 -0500] "GET / HTTP/1.1" 200 637 "-" "Mozilla/5.0 (Windows NT 10.0; Win64; x64) AppleWebKit/537.36 (KHTML, like Gecko) HeadlessChrome/87.0.4280.88 Safari/537.36" worldvote.com
66.249.64.199 - - [14/Dec/2020:09:37:20 -0500] "GET /gafoia/DOUGHERTY.htm HTTP/1.1" 200 1646 "-" "Mozilla/5.0 (Linux; Android 6.0.1; Nexus 5X Build/MMB29P) AppleWebKit/537.36 (KHTML, like Gecko) Chrome/87.0.4280.90 Mobile Safari/537.36 (compatible; Googlebot/2.1; +http://www.google.com/bot.html)" worldvote.com
66.249.64.199 - - [14/Dec/2020:09:46:48 -0500] "GET /gafoia/HABERSHAM.htm HTTP/1.1" 200 1618 "-" "Mozilla/5.0 (Linux; Android 6.0.1; Nexus 5X Build/MMB29P) AppleWebKit/537.36 (KHTML, like Gecko) Chrome/87.0.4280.90 Mobile Safari/537.36 (compatible; Googlebot/2.1; +http://www.google.com/bot.html)" worldvote.com
66.249.64.197 - - [14/Dec/2020:09:56:16 -0500] "GET /gafoia/STEPHENS.htm HTTP/1.1" 200 1601 "-" "Mozilla/5.0 (Linux; Android 6.0.1; Nexus 5X Build/MMB29P) AppleWebKit/537.36 (KHTML, like Gecko) Chrome/87.0.4280.90 Mobile Safari/537.36 (compatible; Googlebot/2.1; +http://www.google.com/bot.html)" worldvote.com
66.249.64.199 - - [14/Dec/2020:10:05:44 -0500] "GET /gafoia/JEFF_DAVIS.htm HTTP/1.1" 200 1637 "-" "Mozilla/5.0 (Linux; Android 6.0.1; Nexus 5X Build/MMB29P) AppleWebKit/537.36 (KHTML, like Gecko) Chrome/87.0.4280.90 Mobile Safari/537.36 (compatible; Googlebot/2.1; +http://www.google.com/bot.html)" worldvote.com
66.249.64.199 - - [14/Dec/2020:10:15:12 -0500] "GET /gafoia/MCDUFFIE.htm HTTP/1.1" 200 1626 "-" "Mozilla/5.0 (Linux; Android 6.0.1; Nexus 5X Build/MMB29P) AppleWebKit/537.36 (KHTML, like Gecko) Chrome/87.0.4280.90 Mobile Safari/537.36 (compatible; Googlebot/2.1; +http://www.google.com/bot.html)" worldvote.com
66.249.64.197 - - [14/Dec/2020:10:24:40 -0500] "GET /gafoia/PAULDING.htm HTTP/1.1" 200 1645 "-" "Mozilla/5.0 (Linux; Android 6.0.1; Nexus 5X Build/MMB29P) AppleWebKit/537.36 (KHTML, like Gecko) Chrome/87.0.4280.90 Mobile Safari/537.36 (compatible; Googlebot/2.1; +http://www.google.com/bot.html)" worldvote.com
66.249.64.197 - - [14/Dec/2020:10:53:04 -0500] "GET /gafoia/SEMINOLE.htm HTTP/1.1" 200 1616 "-" "Mozilla/5.0 (Linux; Android 6.0.1; Nexus 5X Build/MMB29P) AppleWebKit/537.36 (KHTML, like Gecko) Chrome/87.0.4280.90 Mobile Safari/537.36 (compatible; Googlebot/2.1; +http://www.google.com/bot.html)" worldvote.com
80.90.82.70 - - [14/Dec/2020:10:57:33 -0500] "GET /2020/wp-login.php HTTP/1.1" 404 196 "-" "Mozilla/5.0 (X11; Ubuntu; Linux x86_64; rv:62.0) Gecko/20100101 Firefox/62.0" worldvote.com
66.249.64.194 - - [14/Dec/2020:11:02:32 -0500] "GET /gafoia/BRANTLEY.htm HTTP/1.1" 200 1620 "-" "Mozilla/5.0 (Linux; Android 6.0.1; Nexus 5X Build/MMB29P) AppleWebKit/537.36 (KHTML, like Gecko) Chrome/87.0.4280.90 Mobile Safari/537.36 (compatible; Googlebot/2.1; +http://www.google.com/bot.html)" worldvote.com
66.249.64.199 - - [14/Dec/2020:11:12:00 -0500] "GET /gafoia/BLECKLEY.htm HTTP/1.1" 200 1621 "-" "Mozilla/5.0 (Linux; Android 6.0.1; Nexus 5X Build/MMB29P) AppleWebKit/537.36 (KHTML, like Gecko) Chrome/87.0.4280.90 Mobile Safari/537.36 (compatible; Googlebot/2.1; +http://www.google.com/bot.html)" worldvote.com
66.249.64.199 - - [14/Dec/2020:11:30:55 -0500] "GET /gafoia/BEN_HILL.htm HTTP/1.1" 200 1598 "-" "Mozilla/5.0 (Linux; Android 6.0.1; Nexus 5X Build/MMB29P) AppleWebKit/537.36 (KHTML, like Gecko) Chrome/87.0.4280.90 Mobile Safari/537.36 (compatible; Googlebot/2.1; +http://www.google.com/bot.html)" worldvote.com
158.255.80.210 - - [14/Dec/2020:11:38:27 -0500] "GET /2019/wp-login.php HTTP/1.1" 404 196 "-" "Mozilla/5.0 (X11; Ubuntu; Linux x86_64; rv:62.0) Gecko/20100101 Firefox/62.0" worldvote.com
66.249.64.197 - - [14/Dec/2020:12:08:48 -0500] "GET /gafoia/GLASCOCK.htm HTTP/1.1" 200 1617 "-" "Mozilla/5.0 (Linux; Android 6.0.1; Nexus 5X Build/MMB29P) AppleWebKit/537.36 (KHTML, like Gecko) Chrome/87.0.4280.90 Mobile Safari/537.36 (compatible; Googlebot/2.1; +http://www.google.com/bot.html)" www.worldvote.com
66.249.64.38 - - [14/Dec/2020:12:13:07 -0500] "GET /robots.txt HTTP/1.1" 404 196 "-" "Mozilla/5.0 (compatible; Googlebot/2.1; +http://www.google.com/bot.html)" www.worldvote.com
66.249.64.35 - - [14/Dec/2020:12:13:07 -0500] "GET / HTTP/1.1" 200 637 "-" "Mozilla/5.0 (Linux; Android 6.0.1; Nexus 5X Build/MMB29P) AppleWebKit/537.36 (KHTML, like Gecko) Chrome/87.0.4280.90 Mobile Safari/537.36 (compatible; Googlebot/2.1; +http://www.google.com/bot.html)" worldvote.com
34.71.174.184 - - [14/Dec/2020:12:13:16 -0500] "GET /old/wp-login.php HTTP/1.1" 404 196 "-" "Mozilla/5.0 (X11; Ubuntu; Linux x86_64; rv:62.0) Gecko/20100101 Firefox/62.0" www.worldvote.com
216.170.84.250 - - [14/Dec/2020:12:14:44 -0500] "GET / HTTP/1.1" 200 637 "https://www.google.com/" "Mozilla/5.0 (Windows NT 10.0; Win64; x64) AppleWebKit/537.36 (KHTML, like Gecko) Chrome/87.0.4280.88 Safari/537.36" worldvote.com
216.170.84.250 - - [14/Dec/2020:12:15:06 -0500] "GET / HTTP/1.1" 200 637 "-" "Mozilla/5.0 (Windows NT 10.0; Win64; x64) AppleWebKit/537.36 (KHTML, like Gecko) Chrome/87.0.4280.88 Safari/537.36" worldvote.com
216.170.84.250 - - [14/Dec/2020:12:15:06 -0500] "GET /favicon.ico HTTP/1.1" 404 196 "http://worldvote.com/" "Mozilla/5.0 (Windows NT 10.0; Win64; x64) AppleWebKit/537.36 (KHTML, like Gecko) Chrome/87.0.4280.88 Safari/537.36" worldvote.com
129.213.213.245 - - [14/Dec/2020:12:44:00 -0500] "GET /test/wp-login.php HTTP/1.1" 404 196 "-" "Mozilla/5.0 (X11; Ubuntu; Linux x86_64; rv:62.0) Gecko/20100101 Firefox/62.0" worldvote.com
66.249.64.199 - - [14/Dec/2020:12:46:39 -0500] "GET /gafoia/MITCHELL.htm HTTP/1.1" 200 1584 "-" "Mozilla/5.0 (Linux; Android 6.0.1; Nexus 5X Build/MMB29P) AppleWebKit/537.36 (KHTML, like Gecko) Chrome/87.0.4280.90 Mobile Safari/537.36 (compatible; Googlebot/2.1; +http://www.google.com/bot.html)" worldvote.com
66.249.64.199 - - [14/Dec/2020:13:05:35 -0500] "GET /gafoia/ROCKDALE.htm HTTP/1.1" 200 1611 "-" "Mozilla/5.0 (Linux; Android 6.0.1; Nexus 5X Build/MMB29P) AppleWebKit/537.36 (KHTML, like Gecko) Chrome/87.0.4280.90 Mobile Safari/537.36 (compatible; Googlebot/2.1; +http://www.google.com/bot.html)" worldvote.com
40.142.169.141 - - [14/Dec/2020:15:22:09 -0500] "GET / HTTP/1.1" 200 637 "-" "Mozilla/5.0 (Windows NT 10.0; Win64; x64) AppleWebKit/537.36 (KHTML, like Gecko) Chrome/87.0.4280.88 Safari/537.36" worldvote.com
40.142.169.141 - - [14/Dec/2020:15:22:09 -0500] "GET /favicon.ico HTTP/1.1" 404 196 "http://worldvote.com/" "Mozilla/5.0 (Windows NT 10.0; Win64; x64) AppleWebKit/537.36 (KHTML, like Gecko) Chrome/87.0.4280.88 Safari/537.36" worldvote.com
40.142.169.141 - - [14/Dec/2020:15:22:17 -0500] "GET /gafoia HTTP/1.1" 301 236 "http://worldvote.com/" "Mozilla/5.0 (Windows NT 10.0; Win64; x64) AppleWebKit/537.36 (KHTML, like Gecko) Chrome/87.0.4280.88 Safari/537.36" worldvote.com
40.142.169.141 - - [14/Dec/2020:15:22:17 -0500] "GET /gafoia/ HTTP/1.1" 200 34307 "http://worldvote.com/" "Mozilla/5.0 (Windows NT 10.0; Win64; x64) AppleWebKit/537.36 (KHTML, like Gecko) Chrome/87.0.4280.88 Safari/537.36" worldvote.com
40.142.169.141 - - [14/Dec/2020:15:22:17 -0500] "GET /icons/blank.gif HTTP/1.1" 200 148 "http://worldvote.com/gafoia/" "Mozilla/5.0 (Windows NT 10.0; Win64; x64) AppleWebKit/537.36 (KHTML, like Gecko) Chrome/87.0.4280.88 Safari/537.36" worldvote.com
40.142.169.141 - - [14/Dec/2020:15:22:17 -0500] "GET /icons/back.gif HTTP/1.1" 200 216 "http://worldvote.com/gafoia/" "Mozilla/5.0 (Windows NT 10.0; Win64; x64) AppleWebKit/537.36 (KHTML, like Gecko) Chrome/87.0.4280.88 Safari/537.36" worldvote.com
40.142.169.141 - - [14/Dec/2020:15:22:17 -0500] "GET /icons/text.gif HTTP/1.1" 200 229 "http://worldvote.com/gafoia/" "Mozilla/5.0 (Windows NT 10.0; Win64; x64) AppleWebKit/537.36 (KHTML, like Gecko) Chrome/87.0.4280.88 Safari/537.36" worldvote.com
40.142.169.141 - - [14/Dec/2020:15:22:25 -0500] "GET /gafoia/BACON.htm HTTP/1.1" 200 1579 "http://worldvote.com/gafoia/" "Mozilla/5.0 (Windows NT 10.0; Win64; x64) AppleWebKit/537.36 (KHTML, like Gecko) Chrome/87.0.4280.88 Safari/537.36" worldvote.com
40.142.169.141 - - [14/Dec/2020:15:22:35 -0500] "GET /gafoia/WHEELER.htm HTTP/1.1" 200 1604 "http://worldvote.com/gafoia/" "Mozilla/5.0 (Windows NT 10.0; Win64; x64) AppleWebKit/537.36 (KHTML, like Gecko) Chrome/87.0.4280.88 Safari/537.36" worldvote.com
40.142.169.141 - - [14/Dec/2020:15:22:49 -0500] "GET /gafoia/MONTGOMERY.htm HTTP/1.1" 200 1633 "http://worldvote.com/gafoia/" "Mozilla/5.0 (Windows NT 10.0; Win64; x64) AppleWebKit/537.36 (KHTML, like Gecko) Chrome/87.0.4280.88 Safari/537.36" worldvote.com
40.142.169.141 - - [14/Dec/2020:15:23:47 -0500] "GET /gafoia/ HTTP/1.1" 200 34307 "http://worldvote.com/" "Mozilla/5.0 (Windows NT 10.0; Win64; x64) AppleWebKit/537.36 (KHTML, like Gecko) Chrome/87.0.4280.88 Safari/537.36" worldvote.com
40.142.169.141 - - [14/Dec/2020:15:24:05 -0500] "GET / HTTP/1.1" 200 637 "-" "Mozilla/5.0 (Windows NT 10.0; Win64; x64) AppleWebKit/537.36 (KHTML, like Gecko) Chrome/87.0.4280.88 Safari/537.36" worldvote.com
40.142.169.141 - - [14/Dec/2020:15:24:12 -0500] "GET /gafoia/ HTTP/1.1" 200 34307 "http://worldvote.com/" "Mozilla/5.0 (Windows NT 10.0; Win64; x64) AppleWebKit/537.36 (KHTML, like Gecko) Chrome/87.0.4280.88 Safari/537.36" worldvote.com
98.16.7.32 - - [14/Dec/2020:15:42:06 -0500] "GET / HTTP/1.1" 200 637 "android-app://com.google.android.googlequicksearchbox/" "Mozilla/5.0 (Linux; Android 10; IN2019) AppleWebKit/537.36 (KHTML, like Gecko) Chrome/87.0.4280.101 Mobile Safari/537.36" worldvote.com
98.16.7.32 - - [14/Dec/2020:15:42:06 -0500] "GET /favicon.ico HTTP/1.1" 404 196 "http://worldvote.com/" "Mozilla/5.0 (Linux; Android 10; IN2019) AppleWebKit/537.36 (KHTML, like Gecko) Chrome/87.0.4280.101 Mobile Safari/537.36" worldvote.com
98.16.7.32 - - [14/Dec/2020:15:52:25 -0500] "GET /gafoia HTTP/1.1" 301 236 "http://worldvote.com/" "Mozilla/5.0 (Linux; Android 10; IN2019) AppleWebKit/537.36 (KHTML, like Gecko) Chrome/87.0.4280.101 Mobile Safari/537.36" worldvote.com
98.16.7.32 - - [14/Dec/2020:15:52:25 -0500] "GET /gafoia/ HTTP/1.1" 200 34307 "http://worldvote.com/" "Mozilla/5.0 (Linux; Android 10; IN2019) AppleWebKit/537.36 (KHTML, like Gecko) Chrome/87.0.4280.101 Mobile Safari/537.36" worldvote.com
98.16.7.32 - - [14/Dec/2020:15:52:25 -0500] "GET /icons/blank.gif HTTP/1.1" 200 148 "http://worldvote.com/gafoia/" "Mozilla/5.0 (Linux; Android 10; IN2019) AppleWebKit/537.36 (KHTML, like Gecko) Chrome/87.0.4280.101 Mobile Safari/537.36" worldvote.com
98.16.7.32 - - [14/Dec/2020:15:52:25 -0500] "GET /icons/back.gif HTTP/1.1" 200 216 "http://worldvote.com/gafoia/" "Mozilla/5.0 (Linux; Android 10; IN2019) AppleWebKit/537.36 (KHTML, like Gecko) Chrome/87.0.4280.101 Mobile Safari/537.36" worldvote.com
98.16.7.32 - - [14/Dec/2020:15:52:25 -0500] "GET /icons/text.gif HTTP/1.1" 200 229 "http://worldvote.com/gafoia/" "Mozilla/5.0 (Linux; Android 10; IN2019) AppleWebKit/537.36 (KHTML, like Gecko) Chrome/87.0.4280.101 Mobile Safari/537.36" worldvote.com
98.16.7.32 - - [14/Dec/2020:15:52:38 -0500] "GET / HTTP/1.1" 200 637 "http://worldvote.com/gafoia/" "Mozilla/5.0 (Linux; Android 10; IN2019) AppleWebKit/537.36 (KHTML, like Gecko) Chrome/87.0.4280.101 Mobile Safari/537.36" worldvote.com
91.208.99.2 - - [14/Dec/2020:16:10:47 -0500] "GET /wp-content/themes/CP20/content-post.php HTTP/1.1" 404 196 "http://site.ru" "Mozilla/5.0 (Windows; U; Windows NT 5.1; en-US) AppleWebKit/533.4 (KHTML, like Gecko) Chrome/5.0.375.99 Safari/533.4" worldvote.com
50.204.249.2 - - [14/Dec/2020:18:15:08 -0500] "GET / HTTP/1.1" 200 637 "-" "Mozilla/5.0 (Windows NT 10.0; Win64; x64) AppleWebKit/537.36 (KHTML, like Gecko) Chrome/58.0.3029.110 Safari/537.36 Edge/16.16299" worldvote.com
74.174.17.194 - - [14/Dec/2020:18:15:21 -0500] "GET /gafoia HTTP/1.1" 301 236 "http://worldvote.com/" "Mozilla/5.0 (Windows NT 10.0; Win64; x64) AppleWebKit/537.36 (KHTML, like Gecko) Chrome/58.0.3029.110 Safari/537.36 Edge/16.16299" worldvote.com
74.174.17.194 - - [14/Dec/2020:18:15:21 -0500] "GET /gafoia/ HTTP/1.1" 200 34307 "http://worldvote.com/" "Mozilla/5.0 (Windows NT 10.0; Win64; x64) AppleWebKit/537.36 (KHTML, like Gecko) Chrome/58.0.3029.110 Safari/537.36 Edge/16.16299" worldvote.com
50.204.249.2 - - [14/Dec/2020:18:15:21 -0500] "GET /icons/back.gif HTTP/1.1" 200 216 "http://worldvote.com/gafoia/" "Mozilla/5.0 (Windows NT 10.0; Win64; x64) AppleWebKit/537.36 (KHTML, like Gecko) Chrome/58.0.3029.110 Safari/537.36 Edge/16.16299" worldvote.com
74.174.17.194 - - [14/Dec/2020:18:15:21 -0500] "GET /icons/blank.gif HTTP/1.1" 200 148 "http://worldvote.com/gafoia/" "Mozilla/5.0 (Windows NT 10.0; Win64; x64) AppleWebKit/537.36 (KHTML, like Gecko) Chrome/58.0.3029.110 Safari/537.36 Edge/16.16299" worldvote.com
50.204.249.2 - - [14/Dec/2020:18:15:21 -0500] "GET /icons/text.gif HTTP/1.1" 200 229 "http://worldvote.com/gafoia/" "Mozilla/5.0 (Windows NT 10.0; Win64; x64) AppleWebKit/537.36 (KHTML, like Gecko) Chrome/58.0.3029.110 Safari/537.36 Edge/16.16299" worldvote.com
74.174.17.194 - - [14/Dec/2020:18:15:21 -0500] "GET /favicon.ico HTTP/1.1" 404 196 "-" "Mozilla/5.0 (Windows NT 10.0; Win64; x64) AppleWebKit/537.36 (KHTML, like Gecko) Chrome/58.0.3029.110 Safari/537.36 Edge/16.16299" worldvote.com
50.204.249.2 - - [14/Dec/2020:18:15:31 -0500] "GET /gafoia/COBB.htm HTTP/1.1" 200 1592 "http://worldvote.com/gafoia/" "Mozilla/5.0 (Windows NT 10.0; Win64; x64) AppleWebKit/537.36 (KHTML, like Gecko) Chrome/58.0.3029.110 Safari/537.36 Edge/16.16299" worldvote.com
50.204.249.2 - - [14/Dec/2020:18:15:35 -0500] "GET /gafoia/ HTTP/1.1" 200 34307 "http://worldvote.com/" "Mozilla/5.0 (Windows NT 10.0; Win64; x64) AppleWebKit/537.36 (KHTML, like Gecko) Chrome/58.0.3029.110 Safari/537.36 Edge/16.16299" worldvote.com
74.174.17.194 - - [14/Dec/2020:18:15:35 -0500] "GET /favicon.ico HTTP/1.1" 404 196 "-" "Mozilla/5.0 (Windows NT 10.0; Win64; x64) AppleWebKit/537.36 (KHTML, like Gecko) Chrome/58.0.3029.110 Safari/537.36 Edge/16.16299" worldvote.com
50.204.249.2 - - [14/Dec/2020:18:15:44 -0500] "GET /gafoia/WARE.htm HTTP/1.1" 200 1603 "http://worldvote.com/gafoia/" "Mozilla/5.0 (Windows NT 10.0; Win64; x64) AppleWebKit/537.36 (KHTML, like Gecko) Chrome/58.0.3029.110 Safari/537.36 Edge/16.16299" worldvote.com
50.204.249.2 - - [14/Dec/2020:18:15:49 -0500] "GET /gafoia/ HTTP/1.1" 200 34307 "http://worldvote.com/" "Mozilla/5.0 (Windows NT 10.0; Win64; x64) AppleWebKit/537.36 (KHTML, like Gecko) Chrome/58.0.3029.110 Safari/537.36 Edge/16.16299" worldvote.com
74.174.17.194 - - [14/Dec/2020:18:15:49 -0500] "GET /favicon.ico HTTP/1.1" 404 196 "-" "Mozilla/5.0 (Windows NT 10.0; Win64; x64) AppleWebKit/537.36 (KHTML, like Gecko) Chrome/58.0.3029.110 Safari/537.36 Edge/16.16299" www.worldvote.com
66.249.64.35 - - [14/Dec/2020:18:49:14 -0500] "GET / HTTP/1.1" 200 637 "-" "Mozilla/5.0 (compatible; Googlebot/2.1; +http://www.google.com/bot.html)" worldvote.com
45.84.228.5 - - [14/Dec/2020:20:42:46 -0500] "GET / HTTP/1.1" 200 637 "-" "Mozilla/5.0 (Macintosh; Intel Mac OS X 10_12_5) AppleWebKit/537.36 (KHTML, like Gecko) Chrome/58.0.3029.110 Safari/537.36" www.worldvote.com
66.249.64.35 - - [14/Dec/2020:23:07:44 -0500] "GET / HTTP/1.1" 200 637 "-" "Mozilla/5.0 (Linux; Android 6.0.1; Nexus 5X Build/MMB29P) AppleWebKit/537.36 (KHTML, like Gecko) Chrome/87.0.4280.90 Mobile Safari/537.36 (compatible; Googlebot/2.1; +http://www.google.com/bot.html)" worldvote.com
143.215.247.120 - - [15/Dec/2020:00:43:37 -0500] "GET / HTTP/1.1" 200 637 "-" "Mozilla/5.0 (Macintosh; Intel Mac OS X 10_13_6) AppleWebKit/537.36 (KHTML, like Gecko) Chrome/70.0.3538.77 Safari/537.36" www.worldvote.com
220.181.108.86 - - [15/Dec/2020:03:53:43 -0500] "GET / HTTP/1.1" 200 637 "-" "Mozilla/5.0 (compatible; Baiduspider/2.0; +http://www.baidu.com/search/spider.html)" www.worldvote.com
54.36.148.230 - - [15/Dec/2020:03:55:33 -0500] "GET /robots.txt HTTP/1.1" 404 196 "-" "Mozilla/5.0 (compatible; AhrefsBot/6.1; +http://ahrefs.com/robot/)" www.worldvote.com
54.36.148.98 - - [15/Dec/2020:03:55:34 -0500] "GET / HTTP/1.1" 200 637 "-" "Mozilla/5.0 (compatible; AhrefsBot/7.0; +http://ahrefs.com/robot/)" www.worldvote.com
66.249.64.38 - - [15/Dec/2020:04:10:14 -0500] "GET /robots.txt HTTP/1.1" 404 196 "-" "Mozilla/5.0 (compatible; Googlebot/2.1; +http://www.google.com/bot.html)" www.worldvote.com
66.249.64.32 - - [15/Dec/2020:04:10:14 -0500] "GET / HTTP/1.1" 200 637 "-" "Mozilla/5.0 (compatible; Googlebot/2.1; +http://www.google.com/bot.html)" www.worldvote.com
66.249.64.32 - - [15/Dec/2020:08:13:18 -0500] "GET / HTTP/1.1" 200 637 "-" "Mozilla/5.0 (Linux; Android 6.0.1; Nexus 5X Build/MMB29P) AppleWebKit/537.36 (KHTML, like Gecko) Chrome/87.0.4280.90 Mobile Safari/537.36 (compatible; Googlebot/2.1; +http://www.google.com/bot.html)" worldvote.com
173.252.111.19 - - [15/Dec/2020:10:26:57 -0500] "GET /gafoia/LAURENS.htm HTTP/1.1" 206 1628 "-" "facebookexternalhit/1.1 (+http://www.facebook.com/externalhit_uatext.php)" worldvote.com
194.153.113.13 - - [15/Dec/2020:11:42:10 -0500] "GET /robots.txt HTTP/1.1" 404 196 "-" "Mozilla/5.0 (compatible; oBot/2.3.1; http://www.xforce-security.com/crawler/)" worldvote.com
194.153.113.13 - - [15/Dec/2020:11:42:10 -0500] "GET / HTTP/1.1" 200 637 "-" "Mozilla/5.0 (compatible; oBot/2.3.1; http://www.xforce-security.com/crawler/)" www.worldvote.com
194.153.113.13 - - [15/Dec/2020:11:42:12 -0500] "GET /robots.txt HTTP/1.1" 404 196 "-" "Mozilla/5.0 (compatible; oBot/2.3.1; http://www.xforce-security.com/crawler/)" www.worldvote.com
194.153.113.13 - - [15/Dec/2020:11:42:12 -0500] "GET / HTTP/1.1" 200 637 "-" "Mozilla/5.0 (compatible; oBot/2.3.1; http://www.xforce-security.com/crawler/)" worldvote.com
173.252.107.112 - - [15/Dec/2020:12:28:16 -0500] "GET /gafoia/LAURENS.htm HTTP/1.1" 206 1628 "-" "facebookexternalhit/1.1 (+http://www.facebook.com/externalhit_uatext.php)" worldvote.com
205.144.219.254 - - [15/Dec/2020:12:59:14 -0500] "GET /gafoia/COOK.htm HTTP/1.1" 200 1589 "https://www.google.com/" "Mozilla/5.0 (Windows NT 10.0; Win64; x64) AppleWebKit/537.36 (KHTML, like Gecko) Chrome/87.0.4280.88 Safari/537.36" worldvote.com
205.144.219.254 - - [15/Dec/2020:12:59:14 -0500] "GET /favicon.ico HTTP/1.1" 404 196 "http://worldvote.com/gafoia/COOK.htm" "Mozilla/5.0 (Windows NT 10.0; Win64; x64) AppleWebKit/537.36 (KHTML, like Gecko) Chrome/87.0.4280.88 Safari/537.36" worldvote.com
205.144.219.254 - - [15/Dec/2020:13:02:38 -0500] "GET /%20gafoia/WHITFIELD%20.htm HTTP/1.1" 404 196 "-" "Mozilla/5.0 (Windows NT 10.0; Win64; x64) AppleWebKit/537.36 (KHTML, like Gecko) Chrome/87.0.4280.88 Safari/537.36" worldvote.com
205.144.219.254 - - [15/Dec/2020:13:02:45 -0500] "GET /%20gafoia/WHITFIELD HTTP/1.1" 404 196 "-" "Mozilla/5.0 (Windows NT 10.0; Win64; x64) AppleWebKit/537.36 (KHTML, like Gecko) Chrome/87.0.4280.88 Safari/537.36" worldvote.com
205.144.219.254 - - [15/Dec/2020:13:03:01 -0500] "GET /gafoia/WHITFIELD HTTP/1.1" 404 196 "-" "Mozilla/5.0 (Windows NT 10.0; Win64; x64) AppleWebKit/537.36 (KHTML, like Gecko) Chrome/87.0.4280.88 Safari/537.36" worldvote.com
205.144.219.254 - - [15/Dec/2020:13:07:38 -0500] "GET /gafoia/BIBB.htm HTTP/1.1" 200 1606 "https://www.google.com/" "Mozilla/5.0 (Windows NT 10.0; Win64; x64) AppleWebKit/537.36 (KHTML, like Gecko) Chrome/87.0.4280.88 Safari/537.36" www.worldvote.com
66.249.64.32 - - [15/Dec/2020:13:09:09 -0500] "GET / HTTP/1.1" 200 637 "-" "Mozilla/5.0 (compatible; Googlebot/2.1; +http://www.google.com/bot.html)" worldvote.com
173.252.79.9 - - [15/Dec/2020:14:33:46 -0500] "GET /gafoia/LAURENS.htm HTTP/1.1" 206 1628 "-" "facebookexternalhit/1.1 (+http://www.facebook.com/externalhit_uatext.php)" worldvote.com
206.180.141.24 - - [15/Dec/2020:16:46:08 -0500] "GET / HTTP/1.1" 200 637 "-" "Mozilla/5.0 (Windows NT 6.1; Win64; x64; rv:83.0) Gecko/20100101 Firefox/83.0" worldvote.com
206.180.141.24 - - [15/Dec/2020:16:46:08 -0500] "GET /favicon.ico HTTP/1.1" 404 196 "http://worldvote.com/" "Mozilla/5.0 (Windows NT 6.1; Win64; x64; rv:83.0) Gecko/20100101 Firefox/83.0" worldvote.com
206.180.141.24 - - [15/Dec/2020:16:46:19 -0500] "GET /Georgia_Poll_Worker_Training_Manual.pdf HTTP/1.1" 404 196 "-" "Mozilla/5.0 (Windows NT 6.1; Win64; x64; rv:83.0) Gecko/20100101 Firefox/83.0" worldvote.com
206.180.141.24 - - [15/Dec/2020:16:46:38 -0500] "GET /Georgia_Poll_Worker_Training_Manual.pdf HTTP/1.1" 200 10624789 "-" "Mozilla/5.0 (Windows NT 6.1; Win64; x64; rv:83.0) Gecko/20100101 Firefox/83.0" worldvote.com
206.180.141.24 - - [15/Dec/2020:16:48:23 -0500] "GET /Georgia_Poll_Worker_Training_Manual.pdf HTTP/1.1" 200 10624789 "-" "Mozilla/5.0 (Windows NT 6.1; Win64; x64; rv:83.0) Gecko/20100101 Firefox/83.0" worldvote.com
206.180.141.24 - - [15/Dec/2020:16:50:17 -0500] "GET / HTTP/1.1" 200 759 "-" "Mozilla/5.0 (Windows NT 6.1; Win64; x64; rv:83.0) Gecko/20100101 Firefox/83.0" worldvote.com
206.180.141.24 - - [15/Dec/2020:16:50:21 -0500] "GET /Georgia_Poll_Worker_Training_Manual.pdf HTTP/1.1" 200 10624789 "http://worldvote.com/" "Mozilla/5.0 (Windows NT 6.1; Win64; x64; rv:83.0) Gecko/20100101 Firefox/83.0" worldvote.com
206.180.141.24 - - [15/Dec/2020:16:51:42 -0500] "GET /gafoia HTTP/1.1" 301 236 "http://worldvote.com/" "Mozilla/5.0 (Windows NT 6.1; Win64; x64; rv:83.0) Gecko/20100101 Firefox/83.0" worldvote.com
206.180.141.24 - - [15/Dec/2020:16:51:42 -0500] "GET /gafoia/ HTTP/1.1" 200 34307 "http://worldvote.com/" "Mozilla/5.0 (Windows NT 6.1; Win64; x64; rv:83.0) Gecko/20100101 Firefox/83.0" worldvote.com
206.180.141.24 - - [15/Dec/2020:16:51:42 -0500] "GET /icons/blank.gif HTTP/1.1" 200 148 "http://worldvote.com/gafoia/" "Mozilla/5.0 (Windows NT 6.1; Win64; x64; rv:83.0) Gecko/20100101 Firefox/83.0" worldvote.com
206.180.141.24 - - [15/Dec/2020:16:51:42 -0500] "GET /icons/back.gif HTTP/1.1" 200 216 "http://worldvote.com/gafoia/" "Mozilla/5.0 (Windows NT 6.1; Win64; x64; rv:83.0) Gecko/20100101 Firefox/83.0" worldvote.com
206.180.141.24 - - [15/Dec/2020:16:51:42 -0500] "GET /icons/text.gif HTTP/1.1" 200 229 "http://worldvote.com/gafoia/" "Mozilla/5.0 (Windows NT 6.1; Win64; x64; rv:83.0) Gecko/20100101 Firefox/83.0" worldvote.com
69.171.249.4 - - [15/Dec/2020:16:58:45 -0500] "GET /gafoia/LAURENS.htm HTTP/1.1" 206 1628 "-" "facebookexternalhit/1.1 (+http://www.facebook.com/externalhit_uatext.php)" www.worldvote.com
66.249.64.35 - - [15/Dec/2020:17:11:18 -0500] "GET /robots.txt HTTP/1.1" 404 196 "-" "Mozilla/5.0 (compatible; Googlebot/2.1; +http://www.google.com/bot.html)" www.worldvote.com
66.249.64.38 - - [15/Dec/2020:17:11:18 -0500] "GET / HTTP/1.1" 200 759 "-" "Mozilla/5.0 (Linux; Android 6.0.1; Nexus 5X Build/MMB29P) AppleWebKit/537.36 (KHTML, like Gecko) Chrome/87.0.4280.90 Mobile Safari/537.36 (compatible; Googlebot/2.1; +http://www.google.com/bot.html)" worldvote.com
66.249.64.194 - - [15/Dec/2020:18:36:14 -0500] "GET /robots.txt HTTP/1.1" 404 196 "-" "Mozilla/5.0 (compatible; Googlebot/2.1; +http://www.google.com/bot.html)" worldvote.com
66.249.64.199 - - [15/Dec/2020:18:36:14 -0500] "GET /gafoia/BULLOCH.htm HTTP/1.1" 200 1651 "-" "Mozilla/5.0 (Linux; Android 6.0.1; Nexus 5X Build/MMB29P) AppleWebKit/537.36 (KHTML, like Gecko) Chrome/87.0.4280.90 Mobile Safari/537.36 (compatible; Googlebot/2.1; +http://www.google.com/bot.html)" worldvote.com
173.252.83.120 - - [15/Dec/2020:19:06:00 -0500] "GET /gafoia/LAURENS.htm HTTP/1.1" 206 1628 "-" "facebookexternalhit/1.1 (+http://www.facebook.com/externalhit_uatext.php)" worldvote.com
143.244.54.33 - - [15/Dec/2020:20:26:38 -0500] "GET /kcfinder/browse.php HTTP/1.1" 404 196 "-" "-" worldvote.com
143.244.54.33 - - [15/Dec/2020:20:26:39 -0500] "GET /assets/kcfinder/browse.php HTTP/1.1" 404 196 "-" "-" worldvote.com
143.244.54.33 - - [15/Dec/2020:20:26:39 -0500] "GET /admin/ckeditor/kcfinder/browse.php HTTP/1.1" 404 196 "-" "-" worldvote.com
143.244.54.33 - - [15/Dec/2020:20:26:39 -0500] "GET /admin/kcfinder/browse.php HTTP/1.1" 404 196 "-" "-" worldvote.com
143.244.54.33 - - [15/Dec/2020:20:26:40 -0500] "GET /js/kcfinder/browse.php HTTP/1.1" 404 196 "-" "-" worldvote.com
143.244.54.33 - - [15/Dec/2020:20:26:40 -0500] "GET /assets/ckeditor/kcfinder/browse.php HTTP/1.1" 404 196 "-" "-" worldvote.com
143.244.54.33 - - [15/Dec/2020:20:26:41 -0500] "GET /assets/js/kcfinder/browse.php HTTP/1.1" 404 196 "-" "-" worldvote.com
143.244.54.33 - - [15/Dec/2020:20:26:41 -0500] "GET /assets/admin/ckeditor/kcfinder/browse.php HTTP/1.1" 404 196 "-" "-" worldvote.com
143.244.54.33 - - [15/Dec/2020:20:26:41 -0500] "GET /ckeditor/kcfinder/browse.php HTTP/1.1" 404 196 "-" "-" worldvote.com
143.244.54.33 - - [15/Dec/2020:20:26:42 -0500] "GET /panel/kcfinder/browse.php HTTP/1.1" 404 196 "-" "-" worldvote.com
69.171.249.118 - - [15/Dec/2020:21:20:42 -0500] "GET /gafoia/LAURENS.htm HTTP/1.1" 206 1628 "-" "facebookexternalhit/1.1 (+http://www.facebook.com/externalhit_uatext.php)" worldvote.com
206.180.141.24 - - [15/Dec/2020:21:44:17 -0500] "GET / HTTP/1.1" 200 759 "-" "Mozilla/5.0 (Windows NT 6.1; Win64; x64; rv:83.0) Gecko/20100101 Firefox/83.0" worldvote.com
206.180.141.24 - - [15/Dec/2020:21:44:17 -0500] "GET /favicon.ico HTTP/1.1" 404 196 "http://worldvote.com/" "Mozilla/5.0 (Windows NT 6.1; Win64; x64; rv:83.0) Gecko/20100101 Firefox/83.0" worldvote.com
206.180.141.24 - - [15/Dec/2020:21:44:21 -0500] "GET / HTTP/1.1" 200 759 "-" "Mozilla/5.0 (Windows NT 6.1; Win64; x64; rv:83.0) Gecko/20100101 Firefox/83.0" worldvote.com
206.180.141.24 - - [15/Dec/2020:21:44:24 -0500] "GET /Georgia_Poll_Worker_Training_Manual.pdf HTTP/1.1" 200 10624789 "http://worldvote.com/" "Mozilla/5.0 (Windows NT 6.1; Win64; x64; rv:83.0) Gecko/20100101 Firefox/83.0" www.worldvote.com
66.249.64.32 - - [15/Dec/2020:22:00:54 -0500] "GET / HTTP/1.1" 200 759 "-" "Mozilla/5.0 (compatible; Googlebot/2.1; +http://www.google.com/bot.html)" mx5.worldvote.com
209.17.96.26 - - [15/Dec/2020:22:41:41 -0500] "GET / HTTP/1.1" 200 759 "-" "Mozilla/5.0 (compatible; Nimbostratus-Bot/v1.3.2; http://cloudsystemnetworks.com)" worldvote.com
143.215.247.120 - - [15/Dec/2020:23:31:28 -0500] "GET / HTTP/1.1" 200 759 "-" "Mozilla/5.0 (Macintosh; Intel Mac OS X 10_13_6) AppleWebKit/537.36 (KHTML, like Gecko) Chrome/70.0.3538.77 Safari/537.36" worldvote.com
173.252.111.24 - - [15/Dec/2020:23:32:57 -0500] "GET /gafoia/LAURENS.htm HTTP/1.1" 206 1628 "-" "facebookexternalhit/1.1 (+http://www.facebook.com/externalhit_uatext.php)" www.worldvote.com
120.229.26.148 - - [16/Dec/2020:00:28:25 -0500] "GET / HTTP/1.1" 200 759 "http://www.worldvote.com" "Mozilla/4.0 (compatible; MSIE 7.0; Windows NT 6.1; WOW64; Trident/7.0; SLCC2; .NET CLR 2.0.50727; .NET CLR 3.5.30729; .NET CLR 3.0.30729; Media Center PC 6.0; .NET4.0C; .NET4.0E)" worldvote.com
66.249.64.197 - - [16/Dec/2020:01:35:32 -0500] "GET / HTTP/1.1" 200 759 "-" "Mozilla/5.0 (compatible; Googlebot/2.1; +http://www.google.com/bot.html)" ftp.worldvote.com
209.17.96.58 - - [16/Dec/2020:01:35:34 -0500] "GET / HTTP/1.1" 200 759 "-" "Mozilla/5.0 (compatible; Nimbostratus-Bot/v1.3.2; http://cloudsystemnetworks.com)" worldvote.com
173.252.127.120 - - [16/Dec/2020:02:23:57 -0500] "GET /gafoia/LAURENS.htm HTTP/1.1" 206 1628 "-" "facebookexternalhit/1.1 (+http://www.facebook.com/externalhit_uatext.php)" smtps.worldvote.com
209.17.96.138 - - [16/Dec/2020:02:25:45 -0500] "GET / HTTP/1.1" 200 759 "-" "Mozilla/5.0 (compatible; Nimbostratus-Bot/v1.3.2; http://cloudsystemnetworks.com)" outmail.worldvote.com
209.17.96.194 - - [16/Dec/2020:02:27:10 -0500] "GET / HTTP/1.1" 200 759 "-" "Mozilla/5.0 (compatible; Nimbostratus-Bot/v1.3.2; http://cloudsystemnetworks.com)" mx10.worldvote.com
209.17.96.170 - - [16/Dec/2020:02:57:38 -0500] "GET / HTTP/1.1" 200 759 "-" "Mozilla/5.0 (compatible; Nimbostratus-Bot/v1.3.2; http://cloudsystemnetworks.com)" gw.worldvote.com
209.17.96.242 - - [16/Dec/2020:03:04:05 -0500] "GET / HTTP/1.1" 200 759 "-" "Mozilla/5.0 (compatible; Nimbostratus-Bot/v1.3.2; http://cloudsystemnetworks.com)" worldvote.com
54.36.148.115 - - [16/Dec/2020:03:07:29 -0500] "GET /robots.txt HTTP/1.1" 404 196 "-" "Mozilla/5.0 (compatible; AhrefsBot/6.1; +http://ahrefs.com/robot/)" worldvote.com
54.36.148.10 - - [16/Dec/2020:03:07:30 -0500] "GET / HTTP/1.1" 200 759 "-" "Mozilla/5.0 (compatible; AhrefsBot/7.0; +http://ahrefs.com/robot/)" hermes.worldvote.com
209.17.97.106 - - [16/Dec/2020:03:09:18 -0500] "GET / HTTP/1.1" 200 759 "-" "Mozilla/5.0 (compatible; Nimbostratus-Bot/v1.3.2; http://cloudsystemnetworks.com)" www.worldvote.com
66.249.64.38 - - [16/Dec/2020:03:40:29 -0500] "GET / HTTP/1.1" 200 759 "-" "Mozilla/5.0 (Linux; Android 6.0.1; Nexus 5X Build/MMB29P) AppleWebKit/537.36 (KHTML, like Gecko) Chrome/87.0.4280.90 Mobile Safari/537.36 (compatible; Googlebot/2.1; +http://www.google.com/bot.html)" posta.worldvote.com
209.17.96.146 - - [16/Dec/2020:03:52:33 -0500] "GET / HTTP/1.1" 200 759 "-" "Mozilla/5.0 (compatible; Nimbostratus-Bot/v1.3.2; http://cloudsystemnetworks.com)" worldvote.com
173.252.79.9 - - [16/Dec/2020:04:47:38 -0500] "GET /gafoia/LAURENS.htm HTTP/1.1" 206 1628 "-" "facebookexternalhit/1.1 (+http://www.facebook.com/externalhit_uatext.php)" worldvote.com
173.252.87.9 - - [16/Dec/2020:04:47:38 -0500] "GET /gafoia/LAURENS.htm HTTP/1.1" 206 1628 "-" "facebookexternalhit/1.1 (+http://www.facebook.com/externalhit_uatext.php)" mx3.worldvote.com
209.17.96.162 - - [16/Dec/2020:05:18:24 -0500] "GET / HTTP/1.1" 200 759 "-" "Mozilla/5.0 (compatible; Nimbostratus-Bot/v1.3.2; http://cloudsystemnetworks.com)" worldvote.com
66.249.64.199 - - [16/Dec/2020:05:23:43 -0500] "GET /gafoia/DEKALB.htm HTTP/1.1" 200 1612 "-" "Mozilla/5.0 (Linux; Android 6.0.1; Nexus 5X Build/MMB29P) AppleWebKit/537.36 (KHTML, like Gecko) Chrome/87.0.4280.90 Mobile Safari/537.36 (compatible; Googlebot/2.1; +http://www.google.com/bot.html)" worldvote.com
100.21.218.158 - - [16/Dec/2020:05:27:53 -0500] "GET / HTTP/1.1" 200 759 "-" "Mozilla/5.0 (X11; Ubuntu; Linux x86_64; rv:82.0) Gecko/20100101 Firefox/82.0" worldvote.com
100.21.218.158 - - [16/Dec/2020:05:27:53 -0500] "GET /favicon.ico HTTP/1.1" 404 196 "-" "Mozilla/5.0 (X11; Ubuntu; Linux x86_64; rv:82.0) Gecko/20100101 Firefox/82.0" worldvote.com
100.21.218.158 - - [16/Dec/2020:05:27:53 -0500] "GET /robots.txt HTTP/1.1" 404 196 "-" "Mozilla/5.0 (X11; Ubuntu; Linux x86_64; rv:82.0) Gecko/20100101 Firefox/82.0" worldvote.com
66.249.64.194 - - [16/Dec/2020:05:29:42 -0500] "GET /gafoia/COFFEE.htm HTTP/1.1" 200 1593 "-" "Mozilla/5.0 (Linux; Android 6.0.1; Nexus 5X Build/MMB29P) AppleWebKit/537.36 (KHTML, like Gecko) Chrome/87.0.4280.90 Mobile Safari/537.36 (compatible; Googlebot/2.1; +http://www.google.com/bot.html)" mx02.worldvote.com
209.17.97.74 - - [16/Dec/2020:05:48:59 -0500] "GET / HTTP/1.1" 200 759 "-" "Mozilla/5.0 (compatible; Nimbostratus-Bot/v1.3.2; http://cloudsystemnetworks.com)" www.worldvote.com
66.249.64.38 - - [16/Dec/2020:06:33:42 -0500] "GET /robots.txt HTTP/1.1" 404 196 "-" "Mozilla/5.0 (compatible; Googlebot/2.1; +http://www.google.com/bot.html)" www.worldvote.com
66.249.64.32 - - [16/Dec/2020:06:33:42 -0500] "GET / HTTP/1.1" 200 759 "-" "Mozilla/5.0 (compatible; Googlebot/2.1; +http://www.google.com/bot.html)" worldvote.com
54.189.230.128 - - [16/Dec/2020:06:38:30 -0500] "GET / HTTP/1.1" 200 759 "-" "Mozilla/5.0 (X11; Ubuntu; Linux x86_64; rv:82.0) Gecko/20100101 Firefox/82.0" worldvote.com
54.189.230.128 - - [16/Dec/2020:06:38:30 -0500] "GET /robots.txt HTTP/1.1" 404 196 "-" "Mozilla/5.0 (X11; Ubuntu; Linux x86_64; rv:82.0) Gecko/20100101 Firefox/82.0" worldvote.com
54.189.230.128 - - [16/Dec/2020:06:38:30 -0500] "GET /favicon.ico HTTP/1.1" 404 196 "-" "Mozilla/5.0 (X11; Ubuntu; Linux x86_64; rv:82.0) Gecko/20100101 Firefox/82.0" worldvote.com
69.171.251.112 - - [16/Dec/2020:06:55:54 -0500] "GET /gafoia/LAURENS.htm HTTP/1.1" 206 1628 "-" "facebookexternalhit/1.1 (+http://www.facebook.com/externalhit_uatext.php)" worldvote.com
206.180.141.24 - - [16/Dec/2020:07:15:46 -0500] "GET / HTTP/1.1" 200 1399 "-" "Mozilla/5.0 (Windows NT 6.1; Win64; x64; rv:84.0) Gecko/20100101 Firefox/84.0" worldvote.com
206.180.141.24 - - [16/Dec/2020:07:15:46 -0500] "GET /favicon.ico HTTP/1.1" 404 196 "http://worldvote.com/" "Mozilla/5.0 (Windows NT 6.1; Win64; x64; rv:84.0) Gecko/20100101 Firefox/84.0" worldvote.com
206.180.141.24 - - [16/Dec/2020:07:16:56 -0500] "GET / HTTP/1.1" 200 1395 "-" "Mozilla/5.0 (Windows NT 6.1; Win64; x64; rv:84.0) Gecko/20100101 Firefox/84.0" worldvote.com
206.180.141.24 - - [16/Dec/2020:07:17:30 -0500] "GET / HTTP/1.1" 200 1410 "-" "Mozilla/5.0 (Windows NT 6.1; Win64; x64; rv:84.0) Gecko/20100101 Firefox/84.0" worldvote.com
206.180.141.24 - - [16/Dec/2020:07:19:05 -0500] "GET / HTTP/1.1" 200 1425 "-" "Mozilla/5.0 (Windows NT 6.1; Win64; x64; rv:84.0) Gecko/20100101 Firefox/84.0" worldvote.com
206.180.141.24 - - [16/Dec/2020:07:24:05 -0500] "GET / HTTP/1.1" 200 1429 "-" "Mozilla/5.0 (Windows NT 6.1; Win64; x64; rv:84.0) Gecko/20100101 Firefox/84.0" worldvote.com
206.180.141.24 - - [16/Dec/2020:07:24:25 -0500] "GET / HTTP/1.1" 200 1428 "-" "Mozilla/5.0 (Windows NT 6.1; Win64; x64; rv:84.0) Gecko/20100101 Firefox/84.0" worldvote.com
206.180.141.24 - - [16/Dec/2020:07:27:53 -0500] "GET / HTTP/1.1" 200 1436 "-" "Mozilla/5.0 (Windows NT 6.1; Win64; x64; rv:84.0) Gecko/20100101 Firefox/84.0" worldvote.com
47.44.52.34 - - [16/Dec/2020:07:46:39 -0500] "GET /apple-touch-icon.png HTTP/1.1" 404 196 "-" "Mozilla/5.0 (Windows NT 10.0; Win64; x64) AppleWebKit/537.36 (KHTML, like Gecko) Chrome/55.0.2883.87 Safari/537.36 eM Client/8.0.3385.0" worldvote.com
47.44.52.34 - - [16/Dec/2020:07:46:39 -0500] "GET /apple-touch-icon-precomposed.png HTTP/1.1" 404 196 "-" "Mozilla/5.0 (Windows NT 10.0; Win64; x64) AppleWebKit/537.36 (KHTML, like Gecko) Chrome/55.0.2883.87 Safari/537.36 eM Client/8.0.3385.0" www.worldvote.com
47.44.52.34 - - [16/Dec/2020:07:46:39 -0500] "GET /apple-touch-icon-precomposed.png HTTP/1.1" 404 196 "-" "Mozilla/5.0 (Windows NT 10.0; Win64; x64) AppleWebKit/537.36 (KHTML, like Gecko) Chrome/55.0.2883.87 Safari/537.36 eM Client/8.0.3385.0" www.worldvote.com
47.44.52.34 - - [16/Dec/2020:07:46:39 -0500] "GET /favicon.ico HTTP/1.1" 404 196 "-" "Mozilla/5.0 (Windows NT 10.0; Win64; x64) AppleWebKit/537.36 (KHTML, like Gecko) Chrome/55.0.2883.87 Safari/537.36 eM Client/8.0.3385.0" www.worldvote.com
47.44.52.34 - - [16/Dec/2020:07:46:39 -0500] "GET /apple-touch-icon.png HTTP/1.1" 404 196 "-" "Mozilla/5.0 (Windows NT 10.0; Win64; x64) AppleWebKit/537.36 (KHTML, like Gecko) Chrome/55.0.2883.87 Safari/537.36 eM Client/8.0.3385.0" worldvote.com
47.44.52.34 - - [16/Dec/2020:07:46:39 -0500] "GET /favicon.ico HTTP/1.1" 404 196 "-" "Mozilla/5.0 (Windows NT 10.0; Win64; x64) AppleWebKit/537.36 (KHTML, like Gecko) Chrome/55.0.2883.87 Safari/537.36 eM Client/8.0.3385.0" worldvote.com
47.44.52.34 - - [16/Dec/2020:07:46:39 -0500] "GET / HTTP/1.1" 200 1436 "-" "Mozilla/5.0 (Windows NT 10.0; Win64; x64) AppleWebKit/537.36 (KHTML, like Gecko) Chrome/55.0.2883.87 Safari/537.36 eM Client/8.0.3385.0" www.worldvote.com
47.44.52.34 - - [16/Dec/2020:07:46:39 -0500] "GET / HTTP/1.1" 200 1436 "-" "Mozilla/5.0 (Windows NT 10.0; Win64; x64) AppleWebKit/537.36 (KHTML, like Gecko) Chrome/55.0.2883.87 Safari/537.36 eM Client/8.0.3385.0" box.worldvote.com
209.17.97.10 - - [16/Dec/2020:08:16:27 -0500] "GET / HTTP/1.1" 200 1436 "-" "Mozilla/5.0 (compatible; Nimbostratus-Bot/v1.3.2; http://cloudsystemnetworks.com)" mailserver.worldvote.com
209.17.97.26 - - [16/Dec/2020:09:04:22 -0500] "GET / HTTP/1.1" 200 1436 "-" "Mozilla/5.0 (compatible; Nimbostratus-Bot/v1.3.2; http://cloudsystemnetworks.com)" worldvote.com
206.180.141.24 - - [16/Dec/2020:09:22:43 -0500] "GET / HTTP/1.1" 200 1436 "-" "Mozilla/5.0 (Windows NT 6.1; Win64; x64; rv:84.0) Gecko/20100101 Firefox/84.0" worldvote.com
66.249.64.197 - - [16/Dec/2020:10:04:14 -0500] "GET /robots.txt HTTP/1.1" 404 196 "-" "Mozilla/5.0 (compatible; Googlebot/2.1; +http://www.google.com/bot.html)" worldvote.com
66.249.64.197 - - [16/Dec/2020:10:04:14 -0500] "GET /gafoia/WHITFIELD.htm HTTP/1.1" 200 1622 "-" "Mozilla/5.0 (Linux; Android 6.0.1; Nexus 5X Build/MMB29P) AppleWebKit/537.36 (KHTML, like Gecko) Chrome/87.0.4280.90 Mobile Safari/537.36 (compatible; Googlebot/2.1; +http://www.google.com/bot.html)" worldvote.com
66.249.64.194 - - [16/Dec/2020:10:13:42 -0500] "GET /gafoia/JEFFERSON.htm HTTP/1.1" 200 1599 "-" "Mozilla/5.0 (Linux; Android 6.0.1; Nexus 5X Build/MMB29P) AppleWebKit/537.36 (KHTML, like Gecko) Chrome/87.0.4280.90 Mobile Safari/537.36 (compatible; Googlebot/2.1; +http://www.google.com/bot.html)" a.mx.worldvote.com
209.17.96.154 - - [16/Dec/2020:10:16:48 -0500] "GET / HTTP/1.1" 200 1436 "-" "Mozilla/5.0 (compatible; Nimbostratus-Bot/v1.3.2; http://cloudsystemnetworks.com)" worldvote.com
66.249.64.197 - - [16/Dec/2020:10:23:10 -0500] "GET /gafoia/WILKINSON.htm HTTP/1.1" 200 1603 "-" "Mozilla/5.0 (Linux; Android 6.0.1; Nexus 5X Build/MMB29P) AppleWebKit/537.36 (KHTML, like Gecko) Chrome/87.0.4280.90 Mobile Safari/537.36 (compatible; Googlebot/2.1; +http://www.google.com/bot.html)" worldvote.com
69.171.249.19 - - [16/Dec/2020:10:40:38 -0500] "GET /gafoia/LAURENS.htm HTTP/1.1" 206 1628 "-" "facebookexternalhit/1.1 (+http://www.facebook.com/externalhit_uatext.php)" thor.worldvote.com
209.17.97.98 - - [16/Dec/2020:11:23:26 -0500] "GET / HTTP/1.1" 200 1436 "-" "Mozilla/5.0 (compatible; Nimbostratus-Bot/v1.3.2; http://cloudsystemnetworks.com)" worldvote.com
66.249.64.199 - - [16/Dec/2020:11:29:26 -0500] "GET /gafoia/MERIWETHER.htm HTTP/1.1" 200 1607 "-" "Mozilla/5.0 (Linux; Android 6.0.1; Nexus 5X Build/MMB29P) AppleWebKit/537.36 (KHTML, like Gecko) Chrome/87.0.4280.90 Mobile Safari/537.36 (compatible; Googlebot/2.1; +http://www.google.com/bot.html)" smtp.worldvote.com
107.6.168.210 - - [16/Dec/2020:11:33:56 -0500] "GET / HTTP/1.1" 200 1436 "-" "Mozilla/5.0 (Windows NT 10.0; WOW64) AppleWebKit/537.36 (KHTML, like Gecko) Chrome/66.0.3359.117 Safari/537.36" worldvote.com
66.249.64.197 - - [16/Dec/2020:11:38:54 -0500] "GET /gafoia/CHATTAHOOCHEE.htm HTTP/1.1" 200 1599 "-" "Mozilla/5.0 (Linux; Android 6.0.1; Nexus 5X Build/MMB29P) AppleWebKit/537.36 (KHTML, like Gecko) Chrome/87.0.4280.90 Mobile Safari/537.36 (compatible; Googlebot/2.1; +http://www.google.com/bot.html)" www.worldvote.com
66.249.64.32 - - [16/Dec/2020:11:59:35 -0500] "GET / HTTP/1.1" 200 1436 "-" "Mozilla/5.0 (Linux; Android 6.0.1; Nexus 5X Build/MMB29P) AppleWebKit/537.36 (KHTML, like Gecko) Chrome/87.0.4280.90 Mobile Safari/537.36 (compatible; Googlebot/2.1; +http://www.google.com/bot.html)" newmail.worldvote.com
209.17.96.18 - - [16/Dec/2020:12:35:22 -0500] "GET / HTTP/1.1" 200 1436 "-" "Mozilla/5.0 (compatible; Nimbostratus-Bot/v1.3.2; http://cloudsystemnetworks.com)" worldvote.com
50.87.238.54 - - [16/Dec/2020:13:48:08 -0500] "GET /55index.php HTTP/1.1" 404 196 "http://google.com" "Mozilla/5.0 (Windows; U; Windows NT 5.1; en-US) AppleWebKit/533.4 (KHTML, like Gecko) Chrome/5.0.375.99 Safari/533.4" www.worldvote.com
66.249.64.35 - - [16/Dec/2020:15:48:30 -0500] "GET / HTTP/1.1" 200 1436 "-" "Mozilla/5.0 (compatible; Googlebot/2.1; +http://www.google.com/bot.html)" worldvote.com
157.7.188.95 - - [16/Dec/2020:16:06:14 -0500] "GET /o.php HTTP/1.1" 404 196 "http://google.com" "Mozilla/5.0 (Windows; U; Windows NT 5.1; en-US) AppleWebKit/533.4 (KHTML, like Gecko) Chrome/5.0.375.99 Safari/533.4" www.miss.worldvote.com
31.13.127.118 - - [16/Dec/2020:16:18:08 -0500] "GET / HTTP/1.1" 200 1436 "-" "facebookexternalhit/1.1 (+http://www.facebook.com/externalhit_uatext.php)" www.miss.worldvote.com
31.13.127.116 - - [16/Dec/2020:16:18:08 -0500] "GET / HTTP/1.1" 200 1436 "-" "facebookexternalhit/1.1 (+http://www.facebook.com/externalhit_uatext.php)" worldvote.com
98.232.203.165 - - [16/Dec/2020:17:29:58 -0500] "GET /wp-login.php HTTP/1.1" 404 196 "-" "Mozilla/5.0 (X11; Ubuntu; Linux x86_64; rv:62.0) Gecko/20100101 Firefox/62.0" worldvote.com
173.252.79.1 - - [16/Dec/2020:19:06:24 -0500] "GET /gafoia/LAURENS.htm HTTP/1.1" 206 1628 "-" "facebookexternalhit/1.1 (+http://www.facebook.com/externalhit_uatext.php)" worldvote.com
116.203.250.182 - - [16/Dec/2020:19:55:38 -0500] "GET /gafoia/APPLING.htm HTTP/1.1" 200 1596 "-" "Mozilla/5.0 (Windows NT 10.0; Win64; x64) AppleWebKit/537.36 (KHTML, like Gecko) Chrome/84.0.4147.105 Safari/537.36" www.worldvote.com
66.249.64.35 - - [16/Dec/2020:20:44:44 -0500] "GET /robots.txt HTTP/1.1" 404 196 "-" "Mozilla/5.0 (compatible; Googlebot/2.1; +http://www.google.com/bot.html)" www.worldvote.com
66.249.64.35 - - [16/Dec/2020:20:44:44 -0500] "GET / HTTP/1.1" 200 1436 "-" "Mozilla/5.0 (Linux; Android 6.0.1; Nexus 5X Build/MMB29P) AppleWebKit/537.36 (KHTML, like Gecko) Chrome/87.0.4280.90 Mobile Safari/537.36 (compatible; Googlebot/2.1; +http://www.google.com/bot.html)" worldvote.com
54.36.149.9 - - [17/Dec/2020:00:11:50 -0500] "GET / HTTP/1.1" 200 1436 "-" "Mozilla/5.0 (compatible; AhrefsBot/7.0; +http://ahrefs.com/robot/)" worldvote.com
173.252.111.15 - - [17/Dec/2020:00:17:38 -0500] "GET /gafoia/LAURENS.htm HTTP/1.1" 206 1628 "-" "facebookexternalhit/1.1 (+http://www.facebook.com/externalhit_uatext.php)" worldvote.com
143.215.247.120 - - [17/Dec/2020:00:40:47 -0500] "GET / HTTP/1.1" 200 1436 "-" "Mozilla/5.0 (Macintosh; Intel Mac OS X 10_13_6) AppleWebKit/537.36 (KHTML, like Gecko) Chrome/70.0.3538.77 Safari/537.36" worldvote.com
120.229.26.200 - - [17/Dec/2020:00:49:04 -0500] "GET /gafoia HTTP/1.1" 301 236 "http://worldvote.com/gafoia" "Mozilla/4.0 (compatible; MSIE 7.0; Windows NT 6.1; WOW64; Trident/7.0; SLCC2; .NET CLR 2.0.50727; .NET CLR 3.5.30729; .NET CLR 3.0.30729; Media Center PC 6.0; .NET4.0C; .NET4.0E)" worldvote.com
120.229.26.200 - - [17/Dec/2020:00:49:05 -0500] "GET /gafoia/ HTTP/1.1" 200 34307 "http://worldvote.com/gafoia" "Mozilla/4.0 (compatible; MSIE 7.0; Windows NT 6.1; WOW64; Trident/7.0; SLCC2; .NET CLR 2.0.50727; .NET CLR 3.5.30729; .NET CLR 3.0.30729; Media Center PC 6.0; .NET4.0C; .NET4.0E)" worldvote.com
120.229.26.200 - - [17/Dec/2020:00:49:04 -0500] "GET /Georgia_Poll_Worker_Training_Manual.pdf HTTP/1.1" 200 10624789 "http://worldvote.com/Georgia_Poll_Worker_Training_Manual.pdf" "Mozilla/4.0 (compatible; MSIE 7.0; Windows NT 6.1; WOW64; Trident/7.0; SLCC2; .NET CLR 2.0.50727; .NET CLR 3.5.30729; .NET CLR 3.0.30729; Media Center PC 6.0; .NET4.0C; .NET4.0E)" gate.worldvote.com
209.17.96.90 - - [17/Dec/2020:01:12:29 -0500] "GET / HTTP/1.1" 200 1436 "-" "Mozilla/5.0 (compatible; Nimbostratus-Bot/v1.3.2; http://cloudsystemnetworks.com)" www.worldvote.com
66.249.64.38 - - [17/Dec/2020:01:39:21 -0500] "GET / HTTP/1.1" 200 1436 "-" "Mozilla/5.0 (compatible; Googlebot/2.1; +http://www.google.com/bot.html)" worldvote.com
185.183.98.196 - - [17/Dec/2020:02:22:37 -0500] "GET / HTTP/1.1" 200 1436 "-" "Mozilla/5.0 (Windows NT 10.0; Win64; x64) AppleWebKit/537.36 (KHTML, like Gecko) Chrome/74.0.3729.169 Safari/537.36" zimbra.worldvote.com
209.17.97.18 - - [17/Dec/2020:02:40:01 -0500] "GET / HTTP/1.1" 200 1436 "-" "Mozilla/5.0 (compatible; Nimbostratus-Bot/v1.3.2; http://cloudsystemnetworks.com)" root.worldvote.com
209.17.96.218 - - [17/Dec/2020:03:07:56 -0500] "GET / HTTP/1.1" 200 1436 "-" "Mozilla/5.0 (compatible; Nimbostratus-Bot/v1.3.2; http://cloudsystemnetworks.com)" worldvote.com
