200.125.250.14 - - [30/Dec/2020:19:49:55 -0500] "GET /getbitrule.png HTTP/1.1" 200 3006 "http://worldvote.com/" "Mozilla/5.0 (Android 10; Mobile; rv:80.0) Gecko/80.0 Firefox/80.0" worldvote.com
114.119.128.46 - - [30/Dec/2020:19:53:35 -0500] "GET /?domain=yutu.com&dn=yutu.com&fp=Zfm0DBd3psBhkRjfLi7ifTHlXve88rDBcBJjvZXz4DFyr%2BL8SicEvA0CvBej31SmokQbnpzKETle0OYd4fWs0fYI9dLAFiqthin%2B%2FiG9mW%2FNHgGeuNiYXd5B2k0P%2F14nM7PMWbB82QcDbeEQkXKbdkifo7AbnFCbJHIfdO7ITK8%3D&prvtof=BE25HbGvGxJXhOoDjlq%2BPdvyj0sv3B5jS%2FkuKBS5qjk%3D&poru=9ByCRjGYtYJY26ltVlU15cEPLGTYsPOgrQyPaNjOBp65LZXmMYg9WkdFSI%2B1DKJvI%2B%2FNSsI2qkPWX4PXylUgAw%3D%3D HTTP/1.1" 200 3475 "-" "Mozilla/5.0 (Linux; Android 7.0;) AppleWebKit/537.36 (KHTML, like Gecko) Mobile Safari/537.36 (compatible; PetalBot;+https://aspiegel.com/petalbot)" worldvote.com
114.119.128.46 - - [30/Dec/2020:19:58:37 -0500] "GET /?domain=yutu.com&dn=yutu.com&fp=%2BHDCvEmXTYKxR8VTNB%2FvNYPD1yKOWwzc5Ga3Op13YTuCeFK88ssyr1Qor5MGflCKj%2BZyu1LudF14oknHk%2BqdcMuH2VNR4I4X4PYceeOJN5sogh5LAWnOjothJXg6zFAxS4rO517W2ZHRNvqKETRgRMqQD7MGD0vsA33l4Lu6tko%3D&prvtof=Ec9mJQQ0E2NVoZoh0YuthiNL%2FMJBnKdUYpexra9mjw4%3D&poru=FrOZ5mpTERK4hltw5sW06uEF5ZziQyWbe%2Bq61Q%2B5HJ4P6SKnTkeCX45piMhbreveZuxGb%2Bne3NtyoHUIzDKqUQ%3D%3D HTTP/1.1" 200 3475 "-" "Mozilla/5.0 (Linux; Android 7.0;) AppleWebKit/537.36 (KHTML, like Gecko) Mobile Safari/537.36 (compatible; PetalBot;+https://aspiegel.com/petalbot)" worldvote.com
179.52.206.77 - - [30/Dec/2020:20:06:51 -0500] "GET / HTTP/1.1" 200 3474 "https://www.google.com/" "Mozilla/5.0 (Linux; Android 6.0.1; SM-J320V) AppleWebKit/537.36 (KHTML, like Gecko) Chrome/87.0.4280.101 Mobile Safari/537.36" worldvote.com
190.148.52.62 - - [30/Dec/2020:20:07:34 -0500] "GET / HTTP/1.1" 200 3474 "-" "Mozilla/5.0 (Windows NT 10.0; Win64; x64) AppleWebKit/537.36 (KHTML, like Gecko) Chrome/87.0.4280.88 Safari/537.36" worldvote.com
190.148.52.62 - - [30/Dec/2020:20:07:34 -0500] "GET /getbitrule.png HTTP/1.1" 304 - "http://worldvote.com/" "Mozilla/5.0 (Windows NT 10.0; Win64; x64) AppleWebKit/537.36 (KHTML, like Gecko) Chrome/87.0.4280.88 Safari/537.36" worldvote.com
190.148.52.62 - - [30/Dec/2020:20:07:35 -0500] "GET /favicon.ico HTTP/1.1" 404 196 "http://worldvote.com/" "Mozilla/5.0 (Windows NT 10.0; Win64; x64) AppleWebKit/537.36 (KHTML, like Gecko) Chrome/87.0.4280.88 Safari/537.36" worldvote.com
190.148.52.62 - - [30/Dec/2020:20:08:06 -0500] "GET / HTTP/1.1" 200 3474 "https://www.google.com/" "Mozilla/5.0 (Windows NT 10.0; Win64; x64) AppleWebKit/537.36 (KHTML, like Gecko) Chrome/87.0.4280.88 Safari/537.36" worldvote.com
181.134.204.121 - - [30/Dec/2020:20:09:38 -0500] "GET / HTTP/1.1" 200 3476 "-" "Mozilla/5.0 (iPod; U; CPU iPhone OS 3_1_3 like Mac OS X; es-es) AppleWebKit/528.18 (KHTML, like Gecko) Version/4.0 Mobile/7E18 Safari/528.16" worldvote.com
181.134.204.121 - - [30/Dec/2020:20:09:39 -0500] "GET /getbitrule.png HTTP/1.1" 200 3006 "http://worldvote.com/" "Mozilla/5.0 (iPod; U; CPU iPhone OS 3_1_3 like Mac OS X; es-es) AppleWebKit/528.18 (KHTML, like Gecko) Version/4.0 Mobile/7E18 Safari/528.16" worldvote.com
186.106.234.57 - - [30/Dec/2020:20:11:29 -0500] "GET / HTTP/1.1" 200 3475 "-" "Mozilla/5.0 (Linux; Android 10; SM-A217M) AppleWebKit/537.36 (KHTML, like Gecko) Chrome/87.0.4280.101 Mobile Safari/537.36" worldvote.com
186.106.234.57 - - [30/Dec/2020:20:11:30 -0500] "GET /getbitrule.png HTTP/1.1" 200 3006 "http://worldvote.com/" "Mozilla/5.0 (Linux; Android 10; SM-A217M) AppleWebKit/537.36 (KHTML, like Gecko) Chrome/87.0.4280.101 Mobile Safari/537.36" worldvote.com
186.106.234.57 - - [30/Dec/2020:20:11:30 -0500] "GET /favicon.ico HTTP/1.1" 404 196 "http://worldvote.com/" "Mozilla/5.0 (Linux; Android 10; SM-A217M) AppleWebKit/537.36 (KHTML, like Gecko) Chrome/87.0.4280.101 Mobile Safari/537.36" worldvote.com
186.106.234.57 - - [30/Dec/2020:20:13:36 -0500] "GET / HTTP/1.1" 200 3475 "-" "Mozilla/5.0 (Linux; Android 10; SM-A217M) AppleWebKit/537.36 (KHTML, like Gecko) Chrome/87.0.4280.101 Mobile Safari/537.36" worldvote.com
181.36.217.93 - - [30/Dec/2020:20:17:15 -0500] "GET / HTTP/1.1" 200 3474 "-" "Mozilla/5.0 (Linux; U; Android 6.0.1; en-us; Nexus 4 Build/JOP24G) AppleWebKit/534.30 (KHTML, like Gecko) Version/4.0 Chrome/47.0.2526.27 Mobile Safari/534.30" worldvote.com
181.36.217.93 - - [30/Dec/2020:20:17:16 -0500] "GET /getbitrule.png HTTP/1.1" 200 3006 "http://worldvote.com/" "Mozilla/5.0 (Linux; U; Android 6.0.1; en-us; Nexus 4 Build/JOP24G) AppleWebKit/534.30 (KHTML, like Gecko) Version/4.0 Chrome/47.0.2526.27 Mobile Safari/534.30" worldvote.com
181.36.217.93 - - [30/Dec/2020:20:17:16 -0500] "GET /favicon.ico HTTP/1.1" 404 196 "http://worldvote.com/" "Mozilla/5.0 (Linux; U; Android 6.0.1; en-us; Nexus 4 Build/JOP24G) AppleWebKit/534.30 (KHTML, like Gecko) Version/4.0 Chrome/47.0.2526.27 Mobile Safari/534.30" worldvote.com
114.119.128.46 - - [30/Dec/2020:20:18:50 -0500] "GET /?domain=yutu.com&dn=yutu.com&fp=BGj3BUWY0lhpZLtmjoA%2BJTSekOHjOisDypKUTKrGTqe67rTtMn9MjJWhzFTyaUjHYyRPE6U4vXUc4mFs1yOLTCIVoysCn1odKbFtfJfROiPh0jUaWDEUd5kW%2B%2FdrEsE13UuaCl1Gi0gTAotDDigjEUho%2FP6zEx6jrnJF%2BqcvuHg%3D&prvtof=dtRfkwBK%2BsAznvS7gSaiTKy1Ceia3spdlYHFKEyzzs4%3D&poru=%2FUAPHjyNC2NZDn3hrZtH4aVrcHD76EKs0nHFlhT1aWbQfJ7hStdWlkD%2BY4uXt2nMWvnYY4f030H6sN1XFrhRVA%3D%3D HTTP/1.1" 200 3475 "-" "Mozilla/5.0 (Linux; Android 7.0;) AppleWebKit/537.36 (KHTML, like Gecko) Mobile Safari/537.36 (compatible; PetalBot;+https://aspiegel.com/petalbot)" worldvote.com
114.119.128.35 - - [30/Dec/2020:20:28:58 -0500] "GET /?domain=yutu.com&dn=yutu.com&fp=4THVZNxvxXRN45bxgOrU9s4%2Bbe2kkv8iRj9ntO9MKA%2F2lkZOXxL5VyMGvYqVClKtO8XNaqjA0UMB8gnwA0nVrisPb%2B0%2BpLHalDLhPWABIrxKdLx6dnZEYQda3bRJEhy1XBP%2BeL4BKucA2Ws4D3Yi3J4AzNKSU2vHaleH94xLhjQ%3D&prvtof=L%2FhFFWbULX7jEol6fqbVX3qz9kNRXhN%2BCeCOs0BTsfg%3D&poru=UHz5XWM1AcBe2sj3H7GyGagdR7LsWzWgPPlaibXTL2CSxLGWr33LxO8Nph3OWXSIpVBt%2FbY2NuZE7ygxtd9nEg%3D%3D HTTP/1.1" 200 3475 "-" "Mozilla/5.0 (Linux; Android 7.0;) AppleWebKit/537.36 (KHTML, like Gecko) Mobile Safari/537.36 (compatible; PetalBot;+https://aspiegel.com/petalbot)" worldvote.com
114.119.156.223 - - [30/Dec/2020:20:34:03 -0500] "GET /?domain=yutu.com&dn=yutu.com&fp=fTguq%2BR9mImCyUc33MEcSkioW8Mkb1JJMByV9x1XWBO2KUxjYEaGU8%2B%2FBFJ3YktzD5dpoArdByntfJY%2Fg57ulVNt5N6cTM1WXIQCHzkhfhNRiT7J9e73UGNhAyGSfa0j%2BOvTrs%2F%2BbAQS27A9mmPEILPX2GuneH%2Fj5rlX5f2Rsr8%3D&prvtof=Mgd%2FSVnvmSuKU%2Fvr7Apj7EusMCr6i2PzwU70ZlFbRSg%3D&poru=cyvF7YeGZJQKZehttzUR5yRHX9VSQ4V2p%2B7x69ez6bHxMT6JgmGTqaQLXNkN0dtqAVgm9lJkNPToSeWy%2BwW%2FOA%3D%3D HTTP/1.1" 200 3476 "-" "Mozilla/5.0 (Linux; Android 7.0;) AppleWebKit/537.36 (KHTML, like Gecko) Mobile Safari/537.36 (compatible; PetalBot;+https://aspiegel.com/petalbot)" worldvote.com
177.247.106.201 - - [30/Dec/2020:20:34:41 -0500] "GET / HTTP/1.1" 200 3476 "-" "Mozilla/5.0 (iPad; CPU OS 9_3_5 like Mac OS X) AppleWebKit/601.1.46 (KHTML, like Gecko) Version/9.0 Mobile/13G36 Safari/601.1" worldvote.com
177.247.106.201 - - [30/Dec/2020:20:34:42 -0500] "GET /getbitrule.png HTTP/1.1" 200 3006 "http://worldvote.com/" "Mozilla/5.0 (iPad; CPU OS 9_3_5 like Mac OS X) AppleWebKit/601.1.46 (KHTML, like Gecko) Version/9.0 Mobile/13G36 Safari/601.1" worldvote.com
102.164.182.21 - - [30/Dec/2020:20:35:02 -0500] "GET / HTTP/1.1" 200 3475 "-" "Mozilla/5.0 (iPhone; CPU iPhone OS 14_1 like Mac OS X) AppleWebKit/605.1.15 (KHTML, like Gecko) Version/14.0 Mobile/15E148 Safari/604.1" worldvote.com
102.164.182.21 - - [30/Dec/2020:20:35:03 -0500] "GET /getbitrule.png HTTP/1.1" 200 3006 "http://worldvote.com/" "Mozilla/5.0 (iPhone; CPU iPhone OS 14_1 like Mac OS X) AppleWebKit/605.1.15 (KHTML, like Gecko) Version/14.0 Mobile/15E148 Safari/604.1" worldvote.com
102.164.182.21 - - [30/Dec/2020:20:35:03 -0500] "GET /favicon.ico HTTP/1.1" 404 196 "http://worldvote.com/" "Mozilla/5.0 (iPhone; CPU iPhone OS 14_1 like Mac OS X) AppleWebKit/605.1.15 (KHTML, like Gecko) Version/14.0 Mobile/15E148 Safari/604.1" worldvote.com
179.26.100.105 - - [30/Dec/2020:20:37:18 -0500] "GET / HTTP/1.1" 200 3475 "-" "Mozilla/5.0 (Windows NT 10.0; Win64; x64) AppleWebKit/537.36 (KHTML, like Gecko) Chrome/87.0.4280.88 Safari/537.36" worldvote.com
179.26.100.105 - - [30/Dec/2020:20:37:19 -0500] "GET /getbitrule.png HTTP/1.1" 200 3006 "http://worldvote.com/" "Mozilla/5.0 (Windows NT 10.0; Win64; x64) AppleWebKit/537.36 (KHTML, like Gecko) Chrome/87.0.4280.88 Safari/537.36" worldvote.com
179.26.100.105 - - [30/Dec/2020:20:37:19 -0500] "GET /favicon.ico HTTP/1.1" 404 196 "http://worldvote.com/" "Mozilla/5.0 (Windows NT 10.0; Win64; x64) AppleWebKit/537.36 (KHTML, like Gecko) Chrome/87.0.4280.88 Safari/537.36" worldvote.com
190.198.150.203 - - [30/Dec/2020:20:37:29 -0500] "GET / HTTP/1.1" 200 3476 "-" "Mozilla/5.0 (Linux; Android 9; SAMSUNG SM-J730G Build/PPR1.180610.011) AppleWebKit/537.36 (KHTML, like Gecko) SamsungBrowser/9.0 Chrome/67.0.3396.87 Mobile Safari/537.36" worldvote.com
190.198.150.203 - - [30/Dec/2020:20:37:30 -0500] "GET /getbitrule.png HTTP/1.1" 200 3006 "http://worldvote.com/" "Mozilla/5.0 (Linux; Android 9; SAMSUNG SM-J730G Build/PPR1.180610.011) AppleWebKit/537.36 (KHTML, like Gecko) SamsungBrowser/9.0 Chrome/67.0.3396.87 Mobile Safari/537.36" worldvote.com
190.198.150.203 - - [30/Dec/2020:20:37:31 -0500] "GET /favicon.ico HTTP/1.1" 404 196 "http://worldvote.com/" "Mozilla/5.0 (Linux; Android 9; SAMSUNG SM-J730G Build/PPR1.180610.011) AppleWebKit/537.36 (KHTML, like Gecko) SamsungBrowser/9.0 Chrome/67.0.3396.87 Mobile Safari/537.36" worldvote.com
190.198.150.203 - - [30/Dec/2020:20:37:38 -0500] "GET / HTTP/1.1" 200 3476 "-" "Mozilla/5.0 (Linux; Android 9; SAMSUNG SM-J730G Build/PPR1.180610.011) AppleWebKit/537.36 (KHTML, like Gecko) SamsungBrowser/9.0 Chrome/67.0.3396.87 Mobile Safari/537.36" worldvote.com
190.198.150.203 - - [30/Dec/2020:20:37:40 -0500] "GET / HTTP/1.1" 200 3476 "-" "Mozilla/5.0 (Linux; Android 9; SAMSUNG SM-J730G Build/PPR1.180610.011) AppleWebKit/537.36 (KHTML, like Gecko) SamsungBrowser/9.0 Chrome/67.0.3396.87 Mobile Safari/537.36" worldvote.com
179.26.100.105 - - [30/Dec/2020:20:38:26 -0500] "GET / HTTP/1.1" 200 3475 "-" "Mozilla/5.0 (Windows NT 10.0; Win64; x64) AppleWebKit/537.36 (KHTML, like Gecko) Chrome/87.0.4280.88 Safari/537.36" worldvote.com
125.80.143.25 - - [30/Dec/2020:20:39:17 -0500] "GET / HTTP/1.1" 200 3474 "-" "Mozilla/5.0 (Windows NT 10.0; Win64; x64) AppleWebKit/537.36 (KHTML, like Gecko) Chrome/87.0.4280.88 Safari/537.36" worldvote.com
125.80.143.25 - - [30/Dec/2020:20:39:17 -0500] "GET /getbitrule.png HTTP/1.1" 200 3006 "http://worldvote.com/" "Mozilla/5.0 (Windows NT 10.0; Win64; x64) AppleWebKit/537.36 (KHTML, like Gecko) Chrome/87.0.4280.88 Safari/537.36" worldvote.com
125.80.143.25 - - [30/Dec/2020:20:39:18 -0500] "GET /favicon.ico HTTP/1.1" 404 196 "http://worldvote.com/" "Mozilla/5.0 (Windows NT 10.0; Win64; x64) AppleWebKit/537.36 (KHTML, like Gecko) Chrome/87.0.4280.88 Safari/537.36" worldvote.com
125.80.143.25 - - [30/Dec/2020:20:39:34 -0500] "GET / HTTP/1.1" 200 3473 "-" "Mozilla/5.0 (Windows NT 10.0; WOW64) AppleWebKit/537.36 (KHTML, like Gecko) Chrome/72.0.3626.81 Safari/537.36 SE 2.X MetaSr 1.0" worldvote.com
125.80.143.25 - - [30/Dec/2020:20:39:34 -0500] "GET /getbitrule.png HTTP/1.1" 200 3006 "http://worldvote.com/" "Mozilla/5.0 (Windows NT 10.0; WOW64) AppleWebKit/537.36 (KHTML, like Gecko) Chrome/72.0.3626.81 Safari/537.36 SE 2.X MetaSr 1.0" worldvote.com
125.80.143.25 - - [30/Dec/2020:20:39:40 -0500] "GET /favicon.ico HTTP/1.1" 404 196 "-" "Mozilla/5.0 (Windows NT 10.0; WOW64) AppleWebKit/537.36 (KHTML, like Gecko) Chrome/72.0.3626.81 Safari/537.36 SE 2.X MetaSr 1.0" worldvote.com
152.207.216.238 - - [30/Dec/2020:20:41:15 -0500] "GET / HTTP/1.1" 200 3475 "-" "Mozilla/5.0 (Windows NT 6.1; WOW64; rv:57.0) Gecko/20100101 Firefox/57.0" worldvote.com
152.207.216.238 - - [30/Dec/2020:20:41:31 -0500] "GET /favicon.ico HTTP/1.1" 404 196 "-" "Mozilla/5.0 (Windows NT 6.1; WOW64; rv:57.0) Gecko/20100101 Firefox/57.0" worldvote.com
189.153.28.53 - - [30/Dec/2020:20:43:35 -0500] "GET / HTTP/1.1" 200 3474 "-" "Mozilla/5.0 (Linux; Android 5.1; HUAWEI TAG-L13) AppleWebKit/537.36 (KHTML, like Gecko) Chrome/87.0.4280.101 Mobile Safari/537.36" worldvote.com
189.153.28.53 - - [30/Dec/2020:20:43:36 -0500] "GET /getbitrule.png HTTP/1.1" 200 3006 "http://worldvote.com/" "Mozilla/5.0 (Linux; Android 5.1; HUAWEI TAG-L13) AppleWebKit/537.36 (KHTML, like Gecko) Chrome/87.0.4280.101 Mobile Safari/537.36" worldvote.com
152.207.216.238 - - [30/Dec/2020:20:43:49 -0500] "GET / HTTP/1.1" 200 3475 "-" "Mozilla/5.0 (Windows NT 6.1; WOW64; rv:57.0) Gecko/20100101 Firefox/57.0" worldvote.com
114.119.150.149 - - [30/Dec/2020:20:44:09 -0500] "GET /?domain=yutu.com&dn=yutu.com&fp=iIcnqh8VQV7kg7SCc25XCEz%2FdmMB1caq2Yu4YNwr%2FEHUosenP52mvoM16Rz3SaKoJ71IFrJgy0rHDrQo8wh3v5m8Y3ixECe4hDlp4ALy%2FdFiWnlqj1rdWEn6b6ARsrdW0FIi36Ox42Zxd4vj4Wodv8Nl%2FRfFOMXSl4ppijD9e4A%3D&prvtof=s46sRUPXBlXtT0Q%2B%2BVOP2kmvj7eYi7eH9BryWecDvfE%3D&poru=F65qbk5nYPn0cPDAq3OYbgZ7wPIV0fU3M4kpUH9vpQwiRsnRhG4HFhmGYpoyQenmojzyjbK4DnVK%2FowZYPOanA%3D%3D HTTP/1.1" 200 3476 "-" "Mozilla/5.0 (Linux; Android 7.0;) AppleWebKit/537.36 (KHTML, like Gecko) Mobile Safari/537.36 (compatible; PetalBot;+https://aspiegel.com/petalbot)" worldvote.com
206.180.141.24 - - [30/Dec/2020:20:45:31 -0500] "GET /ballots122/00010_00000_000853.tif HTTP/1.1" 200 81452 "http://worldvote.com/ballots122/" "Mozilla/5.0 (Windows NT 6.1; Win64; x64; rv:84.0) Gecko/20100101 Firefox/84.0" worldvote.com
206.180.141.24 - - [30/Dec/2020:20:45:38 -0500] "GET /ballots122/00010_00000_000853.tif HTTP/1.1" 200 81452 "http://worldvote.com/ballots122/" "Mozilla/5.0 (Windows NT 6.1; Win64; x64; rv:84.0) Gecko/20100101 Firefox/84.0" worldvote.com
192.255.188.118 - - [30/Dec/2020:20:47:45 -0500] "GET /.env HTTP/1.1" 404 196 "-" "Mozilla/5.0 (X11; Linux x86_64) AppleWebKit/537.36 (KHTML, like Gecko) Chrome/81.0.4044.129 Safari/537.36" worldvote.com
192.255.188.118 - - [30/Dec/2020:20:47:59 -0500] "POST / HTTP/1.1" 200 3476 "-" "Mozilla/5.0 (X11; Linux x86_64) AppleWebKit/537.36 (KHTML, like Gecko) Chrome/81.0.4044.129 Safari/537.36" worldvote.com
206.180.141.24 - - [30/Dec/2020:20:48:53 -0500] "GET /ballots122/00010_00000_010463.tif HTTP/1.1" 200 81637 "http://worldvote.com/ballots122/" "Mozilla/5.0 (Windows NT 6.1; Win64; x64; rv:84.0) Gecko/20100101 Firefox/84.0" worldvote.com
206.180.141.24 - - [30/Dec/2020:20:49:10 -0500] "GET /ballots122/00010_00000_027078.tif HTTP/1.1" 200 80462 "http://worldvote.com/ballots122/" "Mozilla/5.0 (Windows NT 6.1; Win64; x64; rv:84.0) Gecko/20100101 Firefox/84.0" worldvote.com
206.180.141.24 - - [30/Dec/2020:20:49:50 -0500] "GET /ballots122/00010_00000_130601.tif HTTP/1.1" 200 82147 "http://worldvote.com/ballots122/" "Mozilla/5.0 (Windows NT 6.1; Win64; x64; rv:84.0) Gecko/20100101 Firefox/84.0" worldvote.com
206.180.141.24 - - [30/Dec/2020:20:50:03 -0500] "GET /ballots122/00010_00000_171091.tif HTTP/1.1" 200 81194 "http://worldvote.com/ballots122/" "Mozilla/5.0 (Windows NT 6.1; Win64; x64; rv:84.0) Gecko/20100101 Firefox/84.0" worldvote.com
60.174.72.131 - - [30/Dec/2020:20:50:24 -0500] "GET / HTTP/1.1" 200 3474 "-" "Mozilla/5.0 (Windows NT 6.1; WOW64) AppleWebKit/537.36 (KHTML, like Gecko) Chrome/55.0.2883.87 Safari/537.36" worldvote.com
60.174.72.131 - - [30/Dec/2020:20:50:24 -0500] "GET /getbitrule.png HTTP/1.1" 200 3006 "http://worldvote.com/" "Mozilla/5.0 (Windows NT 6.1; WOW64) AppleWebKit/537.36 (KHTML, like Gecko) Chrome/55.0.2883.87 Safari/537.36" worldvote.com
60.174.72.131 - - [30/Dec/2020:20:50:24 -0500] "GET / HTTP/1.1" 200 3474 "-" "-" worldvote.com
60.174.72.131 - - [30/Dec/2020:20:50:25 -0500] "GET /favicon.ico HTTP/1.1" 404 196 "http://worldvote.com/" "Mozilla/5.0 (Windows NT 6.1; WOW64) AppleWebKit/537.36 (KHTML, like Gecko) Chrome/55.0.2883.87 Safari/537.36" worldvote.com
60.174.72.131 - - [30/Dec/2020:20:50:38 -0500] "GET /favicon.ico HTTP/1.1" 404 196 "-" "Mozilla/5.0 (Windows NT 6.1; WOW64) AppleWebKit/537.36 (KHTML, like Gecko) Chrome/55.0.2883.87 Safari/537.36" www.worldvote.com
60.174.72.131 - - [30/Dec/2020:20:50:41 -0500] "GET /favicon.ico HTTP/1.1" 404 196 "-" "Mozilla/5.0 (Windows NT 6.1; WOW64) AppleWebKit/537.36 (KHTML, like Gecko) Chrome/55.0.2883.87 Safari/537.36" worldvote.com
206.180.141.24 - - [30/Dec/2020:20:50:51 -0500] "GET /ballots122/00010_00000_281228.tif HTTP/1.1" 200 81138 "http://worldvote.com/ballots122/" "Mozilla/5.0 (Windows NT 6.1; Win64; x64; rv:84.0) Gecko/20100101 Firefox/84.0" worldvote.com
209.45.100.21 - - [30/Dec/2020:20:52:04 -0500] "GET / HTTP/1.1" 200 3474 "-" "Mozilla/5.0 (Linux; Android 7.0; Lenovo TB-7304F) AppleWebKit/537.36 (KHTML, like Gecko) Chrome/87.0.4280.101 Safari/537.36" worldvote.com
209.45.100.21 - - [30/Dec/2020:20:52:05 -0500] "GET /getbitrule.png HTTP/1.1" 200 3006 "http://worldvote.com/" "Mozilla/5.0 (Linux; Android 7.0; Lenovo TB-7304F) AppleWebKit/537.36 (KHTML, like Gecko) Chrome/87.0.4280.101 Safari/537.36" worldvote.com
209.45.100.21 - - [30/Dec/2020:20:52:05 -0500] "GET /favicon.ico HTTP/1.1" 404 196 "http://worldvote.com/" "Mozilla/5.0 (Linux; Android 7.0; Lenovo TB-7304F) AppleWebKit/537.36 (KHTML, like Gecko) Chrome/87.0.4280.101 Safari/537.36" worldvote.com
114.119.128.35 - - [30/Dec/2020:20:54:13 -0500] "GET /?domain=yutu.com&dn=yutu.com&fp=aJZNHyld%2BIp5nJZB2%2BimYw483%2FIzq4sl3nzt6VuKaklwM4LhJVKhhTiY1Y3Ohn07T2uaAecNTnGdFC8iHn9gjal4UXpthhbyd4GrApB9uufNYf5RFOjv%2BASCwClE0hxJa1cc1xbitZYbV9hsOdvm7vlAhj1ykChkMQtjVkodpc8%3D&prvtof=yy2G8Pnj09r2iIASdIzgDYxOFQMKxRERuZypQbGqBvQ%3D&poru=uoMueZndTfyioohrTij32pwiNMrD6yufWpw8X0BstBowE6GkY%2BoD5eowHVmoQ6rO7tTpTJSkOwIkK6%2BavErKpg%3D%3D HTTP/1.1" 200 3475 "-" "Mozilla/5.0 (Linux; Android 7.0;) AppleWebKit/537.36 (KHTML, like Gecko) Mobile Safari/537.36 (compatible; PetalBot;+https://aspiegel.com/petalbot)" worldvote.com
114.119.128.46 - - [30/Dec/2020:20:59:15 -0500] "GET /?domain=yutu.com&dn=yutu.com&fp=hJcwrwy2Xo9uvFT%2BfpuU6HcIZ%2BZo1D5Dq3Q5fUfLNH9Lqk1KKnKJbAdWgJmQvm8l7iKE8O1y6uWVrs2qM%2FCbF5TIUAIV5X%2FWeo2daSws02YT7%2F29yqEDgkQ%2B35Q7BgK6x1z4IsXZk1eDNT8u%2BR6IGTrrwgqWTvW3VMxzO9MFskI%3D&prvtof=p9MBRPwoVQm0DyvCGUd5jZO%2Bl%2Fw8RglzlFqjjmudT5E%3D&poru=cm9hDOcvWL1k5RZbgfKAYjXcub8CNGfBCNJojy%2FXV66%2Bzg2qiWhWrEfxRYAjaiwYF7%2Bvj7DYwvIDYr%2BSu%2F1hoA%3D%3D HTTP/1.1" 200 3475 "-" "Mozilla/5.0 (Linux; Android 7.0;) AppleWebKit/537.36 (KHTML, like Gecko) Mobile Safari/537.36 (compatible; PetalBot;+https://aspiegel.com/petalbot)" worldvote.com
187.138.209.180 - - [30/Dec/2020:21:00:59 -0500] "GET / HTTP/1.1" 200 3476 "-" "Mozilla/5.0 (Windows NT 6.3; Win64; x64) AppleWebKit/537.36 (KHTML, like Gecko) Chrome/87.0.4280.88 Safari/537.36" worldvote.com
187.138.209.180 - - [30/Dec/2020:21:00:59 -0500] "GET /favicon.ico HTTP/1.1" 404 196 "http://worldvote.com/" "Mozilla/5.0 (Windows NT 6.3; Win64; x64) AppleWebKit/537.36 (KHTML, like Gecko) Chrome/87.0.4280.88 Safari/537.36" worldvote.com
187.138.209.180 - - [30/Dec/2020:21:01:06 -0500] "GET / HTTP/1.1" 200 3476 "-" "Mozilla/5.0 (Windows NT 6.3; Win64; x64) AppleWebKit/537.36 (KHTML, like Gecko) Chrome/87.0.4280.88 Safari/537.36" worldvote.com
179.6.211.79 - - [30/Dec/2020:21:01:10 -0500] "GET / HTTP/1.1" 200 3473 "-" "Mozilla/5.0 (Windows NT 6.1; Win64; x64) AppleWebKit/537.36 (KHTML, like Gecko) Chrome/87.0.4280.88 Safari/537.36" worldvote.com
179.6.211.79 - - [30/Dec/2020:21:01:10 -0500] "GET /getbitrule.png HTTP/1.1" 200 3006 "http://worldvote.com/" "Mozilla/5.0 (Windows NT 6.1; Win64; x64) AppleWebKit/537.36 (KHTML, like Gecko) Chrome/87.0.4280.88 Safari/537.36" worldvote.com
179.6.211.79 - - [30/Dec/2020:21:01:11 -0500] "GET /favicon.ico HTTP/1.1" 404 196 "http://worldvote.com/" "Mozilla/5.0 (Windows NT 6.1; Win64; x64) AppleWebKit/537.36 (KHTML, like Gecko) Chrome/87.0.4280.88 Safari/537.36" worldvote.com
119.129.121.50 - - [30/Dec/2020:21:03:24 -0500] "GET / HTTP/1.1" 200 3474 "-" "Mozilla/5.0 (Windows NT 10.0; WOW64) AppleWebKit/537.36 (KHTML, like Gecko) Chrome/84.0.4147.89 Safari/537.36" worldvote.com
119.129.121.50 - - [30/Dec/2020:21:03:25 -0500] "GET /getbitrule.png HTTP/1.1" 200 3006 "http://worldvote.com/" "Mozilla/5.0 (Windows NT 10.0; WOW64) AppleWebKit/537.36 (KHTML, like Gecko) Chrome/84.0.4147.89 Safari/537.36" worldvote.com
119.129.121.50 - - [30/Dec/2020:21:03:25 -0500] "GET /favicon.ico HTTP/1.1" 404 196 "http://worldvote.com/" "Mozilla/5.0 (Windows NT 10.0; WOW64) AppleWebKit/537.36 (KHTML, like Gecko) Chrome/84.0.4147.89 Safari/537.36" worldvote.com
114.119.144.204 - - [30/Dec/2020:21:04:17 -0500] "GET /?domain=yutu.com&dn=yutu.com&fp=mdyig63SDCOyFYdQDeZCe%2Fo420bBheOXD25XDLol2tcl8K2biTZ3wtVGMm3Dg1uvcaQXws8DSjbmvUdr9uF1Uc9rhjVcwQ4Y0daRraZYkaeLmgxNqtPYh6IyFzWGV8duD3WulvwvTbfhNcFQVtC9qRDF%2FGO1bNWbkw9tTy7WQyk%3D&prvtof=vcLK1dQ82JKKP2YM8x6LAnd4Q8Qyhvc2Do4ApRuy1Lo%3D&poru=3mBSphFfP%2BI9vvZcgKcR58MYC1%2BoWXcii4kWNSw80UXBz7JsjuWsVL2OL1Yr3sNwuI2DbzFkRxuF79wSXSVM3A%3D%3D HTTP/1.1" 200 3476 "-" "Mozilla/5.0 (Linux; Android 7.0;) AppleWebKit/537.36 (KHTML, like Gecko) Mobile Safari/537.36 (compatible; PetalBot;+https://aspiegel.com/petalbot)" worldvote.com
111.42.148.177 - - [30/Dec/2020:21:09:11 -0500] "GET / HTTP/1.1" 200 3474 "-" "Mozilla/5.0 (Windows NT 10.0; WOW64) AppleWebKit/537.36 (KHTML, like Gecko) Chrome/58.0.3029.110 Safari/537.36 SE 2.X MetaSr 1.0" worldvote.com
111.42.148.177 - - [30/Dec/2020:21:09:12 -0500] "GET /getbitrule.png HTTP/1.1" 304 - "http://worldvote.com/" "Mozilla/5.0 (Windows NT 10.0; WOW64) AppleWebKit/537.36 (KHTML, like Gecko) Chrome/58.0.3029.110 Safari/537.36 SE 2.X MetaSr 1.0" worldvote.com
181.60.160.11 - - [30/Dec/2020:21:11:14 -0500] "GET / HTTP/1.1" 200 3474 "-" "Mozilla/5.0 (Linux; Android 9; FLA-LX3) AppleWebKit/537.36 (KHTML, like Gecko) Chrome/87.0.4280.101 Mobile Safari/537.36" worldvote.com
181.60.160.11 - - [30/Dec/2020:21:11:15 -0500] "GET /getbitrule.png HTTP/1.1" 200 3006 "http://worldvote.com/" "Mozilla/5.0 (Linux; Android 9; FLA-LX3) AppleWebKit/537.36 (KHTML, like Gecko) Chrome/87.0.4280.101 Mobile Safari/537.36" worldvote.com
181.60.160.11 - - [30/Dec/2020:21:11:16 -0500] "GET /favicon.ico HTTP/1.1" 404 196 "http://worldvote.com/" "Mozilla/5.0 (Linux; Android 9; FLA-LX3) AppleWebKit/537.36 (KHTML, like Gecko) Chrome/87.0.4280.101 Mobile Safari/537.36" worldvote.com
114.119.157.61 - - [30/Dec/2020:21:13:57 -0500] "GET /?domain=yutu.com&dn=yutu.com&fp=VOdOaK%2FnPp9%2Brghxx3W6U0Rpr6mel6ET%2F6pf%2FBDvisYAQW%2BYQRDR6C6%2BN%2Fwa5oIu%2Bk3X8WtlRB1gcmqpfiHidKbSjaJE1ORcpHxmFM2xRoSGfzQXysxw5p6PLoWw%2FyE%2FyEJszt%2Ff6vw3fvkQeC%2F%2FRsaP%2F1RHNtTtnD%2B8fPNeoZg%3D&prvtof=SlslJml%2FeEqTSGWNvVBKsZtLYkkce1wp%2BUq2QofO%2B60%3D&poru=AuPvgqNwj%2BFWZQQnNDXwJP1sL65NPjJ1ih0RHD3TD%2B2ghZ1O4F8hb2gmbzvUi%2F6XKbQtCr%2BgIgTdJNWF7FpMyQ%3D%3D HTTP/1.1" 200 3475 "-" "Mozilla/5.0 (Linux; Android 7.0;) AppleWebKit/537.36 (KHTML, like Gecko) Mobile Safari/537.36 (compatible; PetalBot;+https://aspiegel.com/petalbot)" worldvote.com
38.242.7.253 - - [30/Dec/2020:21:17:17 -0500] "GET / HTTP/1.1" 200 3472 "-" "Mozilla/5.0 (Windows NT 10.0; WOW64) AppleWebKit/537.36 (KHTML, like Gecko) Chrome/87.0.4280.88 Safari/537.36" worldvote.com
38.242.7.253 - - [30/Dec/2020:21:17:20 -0500] "GET /getbitrule.png HTTP/1.1" 200 3006 "http://worldvote.com/" "Mozilla/5.0 (Windows NT 10.0; WOW64) AppleWebKit/537.36 (KHTML, like Gecko) Chrome/87.0.4280.88 Safari/537.36" worldvote.com
38.242.7.253 - - [30/Dec/2020:21:17:21 -0500] "GET /favicon.ico HTTP/1.1" 404 196 "http://worldvote.com/" "Mozilla/5.0 (Windows NT 10.0; WOW64) AppleWebKit/537.36 (KHTML, like Gecko) Chrome/87.0.4280.88 Safari/537.36" worldvote.com
187.138.209.180 - - [30/Dec/2020:21:23:42 -0500] "GET / HTTP/1.1" 200 3476 "-" "Mozilla/5.0 (Windows NT 6.3; Win64; x64) AppleWebKit/537.36 (KHTML, like Gecko) Chrome/87.0.4280.88 Safari/537.36" worldvote.com
187.138.209.180 - - [30/Dec/2020:21:23:42 -0500] "GET /favicon.ico HTTP/1.1" 404 196 "http://worldvote.com/" "Mozilla/5.0 (Windows NT 6.3; Win64; x64) AppleWebKit/537.36 (KHTML, like Gecko) Chrome/87.0.4280.88 Safari/537.36" worldvote.com
187.138.209.180 - - [30/Dec/2020:21:23:49 -0500] "GET / HTTP/1.1" 200 3476 "-" "Mozilla/5.0 (Windows NT 6.3; Win64; x64) AppleWebKit/537.36 (KHTML, like Gecko) Chrome/87.0.4280.88 Safari/537.36" worldvote.com
114.119.128.46 - - [30/Dec/2020:21:24:02 -0500] "GET /?domain=yutu.com&dn=yutu.com&fp=WDBiEM9fWkIt9NGmhgf7o9IR35hMthUiPcHA2XBaD4vAHcq4v5Uk6uoLpznRXxF4nNcEsijcUIi%2BHKwnceaT%2B1w%2BsjXEK8bVUSYCbUlgpmv344zm0HR3bI6heSzfDrCUQxrrkwPVRP6n1mVUaMgu3MrJWqJ2G6yZ6o1ZItdtn0Q%3D&prvtof=TU6JWkRzFc8vzt%2Fkq2BM%2BnQNavkK5%2BTGE2avfmtqIyM%3D&poru=tqRDGDmmGy5fyo4WVKEl8iLT%2FUxFd2SUjnzd5rKmZ7ICvEA4rTzUMxKghePIWCSfLb2EQzpzdbM8PsL934EqKA%3D%3D HTTP/1.1" 200 3475 "-" "Mozilla/5.0 (Linux; Android 7.0;) AppleWebKit/537.36 (KHTML, like Gecko) Mobile Safari/537.36 (compatible; PetalBot;+https://aspiegel.com/petalbot)" worldvote.com
201.33.238.96 - - [30/Dec/2020:21:26:37 -0500] "GET / HTTP/1.1" 200 3474 "-" "WhatsApp/2.20.206.24 A" worldvote.com
58.37.213.230 - - [30/Dec/2020:21:30:10 -0500] "GET / HTTP/1.1" 200 3474 "-" "Mozilla/5.0 (Macintosh; Intel Mac OS X 10_15_7) AppleWebKit/537.36 (KHTML, like Gecko) Chrome/87.0.4280.88 Safari/537.36" worldvote.com
58.37.213.230 - - [30/Dec/2020:21:30:10 -0500] "GET /getbitrule.png HTTP/1.1" 200 3006 "http://worldvote.com/" "Mozilla/5.0 (Macintosh; Intel Mac OS X 10_15_7) AppleWebKit/537.36 (KHTML, like Gecko) Chrome/87.0.4280.88 Safari/537.36" worldvote.com
58.37.213.230 - - [30/Dec/2020:21:30:12 -0500] "GET /favicon.ico HTTP/1.1" 404 196 "http://worldvote.com/" "Mozilla/5.0 (Macintosh; Intel Mac OS X 10_15_7) AppleWebKit/537.36 (KHTML, like Gecko) Chrome/87.0.4280.88 Safari/537.36" worldvote.com
114.119.144.204 - - [30/Dec/2020:21:34:24 -0500] "GET /?domain=yutu.com&dn=yutu.com&fp=EyTDtQBsUZ8V6kN4Y3LfSY9XeiIx%2BTfZjRgNV2AVpnZR%2BMDfSeZLd%2BDTBr%2FzYwiGsZKmG%2BdF2MGrDu6UkkK1PY4Qd2wVXZEdlyYubojdAo2%2BkXSaRv3oCny6cV29euOFrvUjnqC2huJSY9O0SZK%2BqPpvG2T4qAx%2F3pgSkyWRel0%3D&prvtof=JVzSF7fnS4HfYc%2BXEo5guLDy2sOCQAsXxaXRqvqf7V8%3D&poru=HpBwBMueZv4V3JmX3r6mDbbfbHrTO%2BcefnptQNaBW2OOUZQWEuLfuGXPhKhD%2BeBcHmmM577KOfAYG0lA3Lvp9w%3D%3D HTTP/1.1" 200 3476 "-" "Mozilla/5.0 (Linux; Android 7.0;) AppleWebKit/537.36 (KHTML, like Gecko) Mobile Safari/537.36 (compatible; PetalBot;+https://aspiegel.com/petalbot)" worldvote.com
49.183.60.72 - - [30/Dec/2020:21:39:16 -0500] "GET / HTTP/1.1" 200 3473 "-" "Mozilla/5.0 (Linux; U; Android 10; zh-cn; Redmi K30 Build/QKQ1.190825.002) AppleWebKit/537.36 (KHTML, like Gecko) Version/4.0 Chrome/79.0.3945.147 Mobile Safari/537.36 XiaoMi/MiuiBrowser/13.5.40" worldvote.com
49.183.60.72 - - [30/Dec/2020:21:39:16 -0500] "GET /getbitrule.png HTTP/1.1" 200 3006 "http://worldvote.com/" "Mozilla/5.0 (Linux; U; Android 10; zh-cn; Redmi K30 Build/QKQ1.190825.002) AppleWebKit/537.36 (KHTML, like Gecko) Version/4.0 Chrome/79.0.3945.147 Mobile Safari/537.36 XiaoMi/MiuiBrowser/13.5.40" worldvote.com
49.183.60.72 - - [30/Dec/2020:21:39:17 -0500] "GET /favicon.ico HTTP/1.1" 404 196 "http://worldvote.com/" "Mozilla/5.0 (Linux; U; Android 10; zh-cn; Redmi K30 Build/QKQ1.190825.002) AppleWebKit/537.36 (KHTML, like Gecko) Version/4.0 Chrome/79.0.3945.147 Mobile Safari/537.36 XiaoMi/MiuiBrowser/13.5.40" worldvote.com
186.11.24.17 - - [30/Dec/2020:21:40:37 -0500] "GET / HTTP/1.1" 200 3473 "-" "Mozilla/5.0 (iPad; CPU OS 7_0_4 like Mac OS X) AppleWebKit/537.51.1 (KHTML, like Gecko) Version/7.0 Mobile/11B554a Safari/9537.53" worldvote.com
186.11.24.17 - - [30/Dec/2020:21:40:38 -0500] "GET /getbitrule.png HTTP/1.1" 200 3006 "http://worldvote.com/" "Mozilla/5.0 (iPad; CPU OS 7_0_4 like Mac OS X) AppleWebKit/537.51.1 (KHTML, like Gecko) Version/7.0 Mobile/11B554a Safari/9537.53" worldvote.com
186.11.24.17 - - [30/Dec/2020:21:40:38 -0500] "GET /favicon.ico HTTP/1.1" 404 196 "-" "Mozilla/5.0 (Linux; Android 4.4.2; HiDPTAndroid_Hi3751V320 Build/KOT49H) AppleWebKit/537.36 (KHTML, like Gecko) Version/4.0 Chrome/30.0.0.0 Safari/537.36" worldvote.com
106.38.241.187 - - [30/Dec/2020:21:42:13 -0500] "GET / HTTP/1.1" 200 3475 "-" "Sogou web spider/4.0(+http://www.sogou.com/docs/help/webmasters.htm#07)" worldvote.com
152.207.216.238 - - [30/Dec/2020:21:43:38 -0500] "GET / HTTP/1.1" 200 3475 "-" "Mozilla/5.0 (Windows NT 6.1; WOW64; rv:57.0) Gecko/20100101 Firefox/57.0" worldvote.com
152.207.216.238 - - [30/Dec/2020:21:43:39 -0500] "GET /getbitrule.png HTTP/1.1" 304 - "http://worldvote.com/" "Mozilla/5.0 (Windows NT 6.1; WOW64; rv:57.0) Gecko/20100101 Firefox/57.0" worldvote.com
59.42.117.127 - - [30/Dec/2020:21:43:56 -0500] "GET / HTTP/1.1" 200 3474 "-" "Mozilla/5.0 (Windows NT 10.0; WOW64) AppleWebKit/537.36 (KHTML, like Gecko) Chrome/72.0.3626.81 Safari/537.36 SE 2.X MetaSr 1.0" worldvote.com
59.42.117.127 - - [30/Dec/2020:21:43:57 -0500] "GET /getbitrule.png HTTP/1.1" 200 3006 "http://worldvote.com/" "Mozilla/5.0 (Windows NT 10.0; WOW64) AppleWebKit/537.36 (KHTML, like Gecko) Chrome/72.0.3626.81 Safari/537.36 SE 2.X MetaSr 1.0" worldvote.com
59.42.117.127 - - [30/Dec/2020:21:43:57 -0500] "GET /favicon.ico HTTP/1.1" 404 196 "-" "Mozilla/5.0 (Windows NT 10.0; WOW64) AppleWebKit/537.36 (KHTML, like Gecko) Chrome/72.0.3626.81 Safari/537.36 SE 2.X MetaSr 1.0" worldvote.com
179.52.46.36 - - [30/Dec/2020:21:45:04 -0500] "GET / HTTP/1.1" 200 3473 "https://www.google.cm/" "Mozilla/5.0 (Windows NT 10.0; Win64; x64) AppleWebKit/537.36 (KHTML, like Gecko) Chrome/87.0.4280.88 Safari/537.36 Edg/87.0.664.66" worldvote.com
179.52.46.36 - - [30/Dec/2020:21:45:04 -0500] "GET /getbitrule.png HTTP/1.1" 200 3006 "http://worldvote.com/" "Mozilla/5.0 (Windows NT 10.0; Win64; x64) AppleWebKit/537.36 (KHTML, like Gecko) Chrome/87.0.4280.88 Safari/537.36 Edg/87.0.664.66" worldvote.com
172.58.99.188 - - [30/Dec/2020:21:45:58 -0500] "GET / HTTP/1.1" 200 3474 "-" "Mozilla/5.0 (Linux; Android 9; moto e6) AppleWebKit/537.36 (KHTML, like Gecko) Chrome/74.0.3729.136 Mobile Safari/537.36" worldvote.com
172.58.99.188 - - [30/Dec/2020:21:45:58 -0500] "GET /getbitrule.png HTTP/1.1" 200 3006 "http://worldvote.com/" "Mozilla/5.0 (Linux; Android 9; moto e6) AppleWebKit/537.36 (KHTML, like Gecko) Chrome/74.0.3729.136 Mobile Safari/537.36" worldvote.com
172.58.99.188 - - [30/Dec/2020:21:45:59 -0500] "GET /favicon.ico HTTP/1.1" 404 196 "http://worldvote.com/" "Mozilla/5.0 (Linux; Android 9; moto e6) AppleWebKit/537.36 (KHTML, like Gecko) Chrome/74.0.3729.136 Mobile Safari/537.36" worldvote.com
187.138.209.180 - - [30/Dec/2020:21:46:11 -0500] "GET / HTTP/1.1" 200 3476 "-" "Mozilla/5.0 (Windows NT 6.3; Win64; x64) AppleWebKit/537.36 (KHTML, like Gecko) Chrome/87.0.4280.88 Safari/537.36" worldvote.com
187.138.209.180 - - [30/Dec/2020:21:46:11 -0500] "GET /favicon.ico HTTP/1.1" 404 196 "http://worldvote.com/" "Mozilla/5.0 (Windows NT 6.3; Win64; x64) AppleWebKit/537.36 (KHTML, like Gecko) Chrome/87.0.4280.88 Safari/537.36" worldvote.com
144.76.38.40 - - [30/Dec/2020:21:47:22 -0500] "GET /robots.txt HTTP/1.1" 404 196 "-" "Mozilla/5.0 (compatible; MJ12bot/v1.4.8; http://mj12bot.com/)" worldvote.com
144.76.38.40 - - [30/Dec/2020:21:47:25 -0500] "GET / HTTP/1.1" 200 3472 "-" "Mozilla/5.0 (compatible; MJ12bot/v1.4.8; http://mj12bot.com/)" worldvote.com
186.46.172.39 - - [30/Dec/2020:21:53:08 -0500] "GET / HTTP/1.1" 200 3474 "-" "Mozilla/5.0 (Linux; Android 10; SAMSUNG SM-A515F) AppleWebKit/537.36 (KHTML, like Gecko) SamsungBrowser/13.0 Chrome/83.0.4103.106 Mobile Safari/537.36" worldvote.com
186.46.172.39 - - [30/Dec/2020:21:53:08 -0500] "GET /getbitrule.png HTTP/1.1" 200 3006 "http://worldvote.com/" "Mozilla/5.0 (Linux; Android 10; SAMSUNG SM-A515F) AppleWebKit/537.36 (KHTML, like Gecko) SamsungBrowser/13.0 Chrome/83.0.4103.106 Mobile Safari/537.36" worldvote.com
186.46.172.39 - - [30/Dec/2020:21:53:08 -0500] "GET /favicon.ico HTTP/1.1" 404 196 "http://worldvote.com/" "Mozilla/5.0 (Linux; Android 10; SAMSUNG SM-A515F) AppleWebKit/537.36 (KHTML, like Gecko) SamsungBrowser/13.0 Chrome/83.0.4103.106 Mobile Safari/537.36" worldvote.com
218.88.215.94 - - [30/Dec/2020:21:53:30 -0500] "GET / HTTP/1.1" 200 3474 "-" "Mozilla/5.0 (Windows NT 10.0; Win64; x64) AppleWebKit/537.36 (KHTML, like Gecko) Chrome/87.0.4280.88 Safari/537.36" worldvote.com
218.88.215.94 - - [30/Dec/2020:21:53:30 -0500] "GET /getbitrule.png HTTP/1.1" 200 3006 "http://worldvote.com/" "Mozilla/5.0 (Windows NT 10.0; Win64; x64) AppleWebKit/537.36 (KHTML, like Gecko) Chrome/87.0.4280.88 Safari/537.36" worldvote.com
218.88.215.94 - - [30/Dec/2020:21:53:30 -0500] "GET /favicon.ico HTTP/1.1" 404 196 "http://worldvote.com/" "Mozilla/5.0 (Windows NT 10.0; Win64; x64) AppleWebKit/537.36 (KHTML, like Gecko) Chrome/87.0.4280.88 Safari/537.36" worldvote.com
114.119.150.149 - - [30/Dec/2020:21:54:30 -0500] "GET /?domain=yutu.com&dn=yutu.com&fp=1P5lgVv%2B1g1piBKVT0z0zJumorLdkYciRJI14odHc%2FEJvE7oF%2Bfj3m0ENKYcVWFPTm7%2FzsYkuGcqCZbxjwJzfU3MlGZF7olTO18EN6h6XEgWp5whklyhBUvaO5LwTwVj7NeOL%2BAbUphd8ODnrc3u7jTWVeXkmmzHAiZfJwsK8kU%3D&prvtof=0kPgCI9gKX%2Fae20OE6OCOU1SWOr6KHmPwmstbjCuGRI%3D&poru=Dzt5b5kudywsrK67p3eayeC0kLljVdyNk%2F98sFzfo3Y4VvnB1dLPwI6YHq9JUFqcFeyD8khSMf1hPkMJ4iN00A%3D%3D HTTP/1.1" 200 3476 "-" "Mozilla/5.0 (Linux; Android 7.0;) AppleWebKit/537.36 (KHTML, like Gecko) Mobile Safari/537.36 (compatible; PetalBot;+https://aspiegel.com/petalbot)" worldvote.com
114.119.128.35 - - [30/Dec/2020:21:59:32 -0500] "GET /?domain=yutu.com&dn=yutu.com&fp=mlg2y%2BZ0EHEizJCmXS6u90g3QhW%2FCQuFcXCl179HAeiKSxhkzTAylfRmue8JvA4sS7Up5ir%2FT9s%2FbIxUWRmvY%2BBT1XOWXLPXMXkRtNYz%2BCAS1TM%2FmF9jRiO67SioCfvn3JCiHn0JggXIg8ta5IJinCpU5qxvQGUkXuTiE3HbwyQ%3D&prvtof=vMKUpwSJy7YT4c4nNpkx%2FoIXv45d1ls4mekg0yCD3fY%3D&poru=XuCxZ26CmOjdrW7TTWGsFVnJY8PLmntpVYvD6JkHZgPcpb1vAnKd8DKjC1MsGsAZ0pAI54Jjg4MW01VwTcD%2FIA%3D%3D HTTP/1.1" 200 3475 "-" "Mozilla/5.0 (Linux; Android 7.0;) AppleWebKit/537.36 (KHTML, like Gecko) Mobile Safari/537.36 (compatible; PetalBot;+https://aspiegel.com/petalbot)" worldvote.com
187.138.209.180 - - [30/Dec/2020:22:00:34 -0500] "GET / HTTP/1.1" 200 3476 "-" "Mozilla/5.0 (Windows NT 6.3; Win64; x64) AppleWebKit/537.36 (KHTML, like Gecko) Chrome/87.0.4280.88 Safari/537.36" worldvote.com
187.138.209.180 - - [30/Dec/2020:22:00:34 -0500] "GET /favicon.ico HTTP/1.1" 404 196 "http://worldvote.com/" "Mozilla/5.0 (Windows NT 6.3; Win64; x64) AppleWebKit/537.36 (KHTML, like Gecko) Chrome/87.0.4280.88 Safari/537.36" worldvote.com
116.22.23.168 - - [30/Dec/2020:22:05:44 -0500] "GET / HTTP/1.1" 200 3474 "-" "Mozilla/5.0 (Windows NT 6.1; WOW64) AppleWebKit/537.36 (KHTML, like Gecko) Chrome/78.0.3904.108 Safari/537.36" worldvote.com
116.22.23.168 - - [30/Dec/2020:22:05:45 -0500] "GET /getbitrule.png HTTP/1.1" 200 3006 "http://worldvote.com/" "Mozilla/5.0 (Windows NT 6.1; WOW64) AppleWebKit/537.36 (KHTML, like Gecko) Chrome/78.0.3904.108 Safari/537.36" worldvote.com
116.22.23.168 - - [30/Dec/2020:22:05:46 -0500] "GET /favicon.ico HTTP/1.1" 404 196 "http://worldvote.com/" "Mozilla/5.0 (Windows NT 6.1; WOW64) AppleWebKit/537.36 (KHTML, like Gecko) Chrome/78.0.3904.108 Safari/537.36" worldvote.com
113.77.169.44 - - [30/Dec/2020:22:06:18 -0500] "GET / HTTP/1.1" 200 3473 "-" "Mozilla/5.0 (Windows NT 10.0; Win64; x64) AppleWebKit/537.36 (KHTML, like Gecko) Chrome/70.0.3538.102 Safari/537.36 Edge/18.18363" worldvote.com
113.77.169.44 - - [30/Dec/2020:22:06:18 -0500] "GET /getbitrule.png HTTP/1.1" 200 3006 "http://worldvote.com/" "Mozilla/5.0 (Windows NT 10.0; Win64; x64) AppleWebKit/537.36 (KHTML, like Gecko) Chrome/70.0.3538.102 Safari/537.36 Edge/18.18363" worldvote.com
113.77.169.44 - - [30/Dec/2020:22:06:27 -0500] "GET / HTTP/1.1" 200 3473 "-" "Mozilla/5.0 (Windows NT 10.0; Win64; x64) AppleWebKit/537.36 (KHTML, like Gecko) Chrome/70.0.3538.102 Safari/537.36 Edge/18.18363" worldvote.com
113.77.169.44 - - [30/Dec/2020:22:06:27 -0500] "GET /favicon.ico HTTP/1.1" 404 196 "-" "Mozilla/5.0 (Windows NT 10.0; Win64; x64) AppleWebKit/537.36 (KHTML, like Gecko) Chrome/70.0.3538.102 Safari/537.36 Edge/18.18363" worldvote.com
114.119.159.210 - - [30/Dec/2020:22:09:52 -0500] "GET /?domain=yutu.com&dn=yutu.com&fp=voYyzz61Jqdb98GqzkF6ins4c0%2BZc5Z%2Fzl9HM9B5RwBXONKB%2Fb8PGFL2jfhHHl00rEMo2u7ZdHHZggwcu0abfpWc0SqA4H9fi9NMXX%2BiywWiSHNLlCOnyx3e6XQte6AQJE5m7Z2ZP7odrJUUMd7uvkfqGJ4dDJOMWC05XenJqR4%3D&prvtof=kzaQHduBMWYIt4i%2F9VjB4apG7bWO13iZ10Pd8Ul2PyE%3D&poru=f2GprIIr%2FcdpdpkA1ORDdtJ4QErBi7rpbbFQVi4KE4IKbGghq2RHvwZ0firhGn1kL5bw7MYOqQMClHsD%2FBwLzg%3D%3D HTTP/1.1" 200 3476 "-" "Mozilla/5.0 (Linux; Android 7.0;) AppleWebKit/537.36 (KHTML, like Gecko) Mobile Safari/537.36 (compatible; PetalBot;+https://aspiegel.com/petalbot)" worldvote.com
187.138.209.180 - - [30/Dec/2020:22:14:01 -0500] "GET / HTTP/1.1" 200 3476 "-" "Mozilla/5.0 (Windows NT 6.3; Win64; x64) AppleWebKit/537.36 (KHTML, like Gecko) Chrome/87.0.4280.88 Safari/537.36" worldvote.com
187.138.209.180 - - [30/Dec/2020:22:14:01 -0500] "GET /favicon.ico HTTP/1.1" 404 196 "http://worldvote.com/" "Mozilla/5.0 (Windows NT 6.3; Win64; x64) AppleWebKit/537.36 (KHTML, like Gecko) Chrome/87.0.4280.88 Safari/537.36" worldvote.com
181.124.168.24 - - [30/Dec/2020:22:14:20 -0500] "GET / HTTP/1.1" 200 3475 "-" "Mozilla/5.0 (Linux; Android 8.1.0; SM-J260M Build/M1AJB; wv) AppleWebKit/537.36 (KHTML, like Gecko) Version/4.0 SamsungBrowser/7.2 Chrome/70.0.3538.110 Safari/537.36" worldvote.com
181.124.168.24 - - [30/Dec/2020:22:14:20 -0500] "GET / HTTP/1.1" 200 3474 "-" "Mozilla/5.0 (Linux; Android 8.1.0; SM-J260M Build/M1AJB; wv) AppleWebKit/537.36 (KHTML, like Gecko) Version/4.0 SamsungBrowser/7.2 Chrome/70.0.3538.110 Safari/537.36" worldvote.com
114.119.157.61 - - [30/Dec/2020:22:19:59 -0500] "GET /?domain=yutu.com&dn=yutu.com&fp=1qtF7uNiU9vYQAndOo1sIWRgfoU7RjdGfWBXkvKrJavtpgpBJdcbcKDxYrSJ4o0ZX6oj2q5KG8RQp%2B3FPfXHJ%2FVd5ybZ19ZW2MH1cCOdsvs%2FOqXNK%2Br%2FjwXRHX2apEn2wdvbEbo9KoPAMoxed9fEvZf7C6mmVAW2Bm8ju%2BSkYrw%3D&prvtof=ZRY7Ox5Gq57CEDblXBeTPSPe4ZEP0De8V%2Bop%2FVW36Rk%3D&poru=ztOwIBnsNTOVg7H23qXpKTNhmHpPRlTi478wP8OnhIMsyZu6BRchOf3OQppVqpJqNCHWiH2Ky7nv87uAkjEz0g%3D%3D HTTP/1.1" 200 3475 "-" "Mozilla/5.0 (Linux; Android 7.0;) AppleWebKit/537.36 (KHTML, like Gecko) Mobile Safari/537.36 (compatible; PetalBot;+https://aspiegel.com/petalbot)" worldvote.com
189.160.211.224 - - [30/Dec/2020:22:24:22 -0500] "GET / HTTP/1.1" 200 3476 "-" "Mozilla/5.0 (Windows NT 6.3; Win64; x64) AppleWebKit/537.36 (KHTML, like Gecko) Chrome/87.0.4280.88 Safari/537.36" worldvote.com
189.160.211.224 - - [30/Dec/2020:22:24:24 -0500] "GET /favicon.ico HTTP/1.1" 404 196 "http://worldvote.com/" "Mozilla/5.0 (Windows NT 6.3; Win64; x64) AppleWebKit/537.36 (KHTML, like Gecko) Chrome/87.0.4280.88 Safari/537.36" worldvote.com
189.160.211.224 - - [30/Dec/2020:22:26:34 -0500] "GET / HTTP/1.1" 200 3476 "-" "Mozilla/5.0 (Windows NT 6.3; Win64; x64) AppleWebKit/537.36 (KHTML, like Gecko) Chrome/87.0.4280.88 Safari/537.36" worldvote.com
189.160.211.224 - - [30/Dec/2020:22:26:35 -0500] "GET /favicon.ico HTTP/1.1" 404 196 "http://worldvote.com/" "Mozilla/5.0 (Windows NT 6.3; Win64; x64) AppleWebKit/537.36 (KHTML, like Gecko) Chrome/87.0.4280.88 Safari/537.36" worldvote.com
114.119.150.149 - - [30/Dec/2020:22:30:05 -0500] "GET /?domain=yutu.com&dn=yutu.com&fp=lg1AELfW029dFssGfLxnmWtGRdJRScg%2BTbE3bZxErV0zjYDjtnY7%2BgQtUS2P6QJk0o1A%2FJa00C63zR2mEDFfdKA%2BjngXYB6fQC%2BBh6A4d5alvtv2a3l9G35tJXXu11fEe0LhahOYpJZDpliK%2BqgqjIauKXHJCUVd1W4gW1cxKWY%3D&prvtof=9JTIukrP4gSpu%2F4ODPB6DGU796a6csjPuWZHDS7gZ6s%3D&poru=jHD454Cacf40OrkjIaSiOUYX%2BOBHCdaTseDe9moIQ52dkTIFWbEEDhLj18C5VwJvXtala2dYHtlgISqP%2FZBUGw%3D%3D HTTP/1.1" 200 3476 "-" "Mozilla/5.0 (Linux; Android 7.0;) AppleWebKit/537.36 (KHTML, like Gecko) Mobile Safari/537.36 (compatible; PetalBot;+https://aspiegel.com/petalbot)" worldvote.com
190.104.21.196 - - [30/Dec/2020:22:34:29 -0500] "GET / HTTP/1.1" 200 3475 "-" "Mozilla/5.0 (Linux; Android 6.0.1; SAMSUNG SM-G532M Build/MMB29T) AppleWebKit/537.36 (KHTML, like Gecko) SamsungBrowser/4.2 Chrome/44.0.2403.133 Mobile Safari/537.36" worldvote.com
190.104.21.196 - - [30/Dec/2020:22:34:30 -0500] "GET / HTTP/1.1" 200 3475 "-" "Dalvik/2.1.0 (Linux; U; Android 6.0.1; SM-G532M Build/MMB29T)" worldvote.com
41.223.132.253 - - [30/Dec/2020:22:34:40 -0500] "GET / HTTP/1.1" 200 3475 "-" "Mozilla/5.0 (Linux; Android 8.1; itel A33 Build/KOT49H) AppleWebKit/537.36 (KHTML, like Gecko) Version/4.0 Chrome/30.0.0.0 Mobile Safari/537.36" worldvote.com
41.223.132.253 - - [30/Dec/2020:22:34:42 -0500] "GET /getbitrule.png HTTP/1.1" 200 3006 "http://worldvote.com/" "Mozilla/5.0 (Linux; Android 8.1; itel A33 Build/KOT49H) AppleWebKit/537.36 (KHTML, like Gecko) Version/4.0 Chrome/30.0.0.0 Mobile Safari/537.36" worldvote.com
41.223.132.253 - - [30/Dec/2020:22:34:43 -0500] "GET /favicon.ico HTTP/1.1" 404 196 "-" "Mozilla/5.0 (Linux; Android 8.1; itel A33 Build/KOT49H) AppleWebKit/537.36 (KHTML, like Gecko) Version/4.0 Chrome/30.0.0.0 Mobile Safari/537.36" worldvote.com
114.119.128.46 - - [30/Dec/2020:22:35:08 -0500] "GET /?domain=yutu.com&dn=yutu.com&fp=sg%2FyEIvybyYiMJ0whiGHip40xYm8ZqJ3%2BOM8mp16BdE6TihYBjOl3mP6dwnlG7kenn%2FJWWl%2F3%2BChBMeMgvVD0eWBIwuCGX%2FVs0IPLS32UiBCh%2F0ALPPP2pPdKhGFmHTg%2FjvrL21aYkcHIBrJbeLFh4XFnmwsT7p2QQM25%2BKbAZc%3D&prvtof=t%2BJXbAnWgcvHLUhObJWFzkfXl%2BdOxgC%2BnV0niQ%2BF6Cw%3D&poru=QV%2FvwgVX95X8%2B%2BB0XIZiS8g1FOwHJ2hQO5xQlRkLU4tzm9y5fht82CfQ4LOoodZ1e%2BTihqV0ntKQb8KQ7%2BpPnw%3D%3D HTTP/1.1" 200 3475 "-" "Mozilla/5.0 (Linux; Android 7.0;) AppleWebKit/537.36 (KHTML, like Gecko) Mobile Safari/537.36 (compatible; PetalBot;+https://aspiegel.com/petalbot)" worldvote.com
114.237.78.27 - - [30/Dec/2020:22:38:11 -0500] "GET / HTTP/1.1" 200 3474 "-" "Mozilla/5.0 (Windows NT 10.0; Win64; x64) AppleWebKit/537.36 (KHTML, like Gecko) Chrome/87.0.4280.66 Safari/537.36" worldvote.com
114.237.78.27 - - [30/Dec/2020:22:38:12 -0500] "GET /getbitrule.png HTTP/1.1" 200 3006 "http://worldvote.com/" "Mozilla/5.0 (Windows NT 10.0; Win64; x64) AppleWebKit/537.36 (KHTML, like Gecko) Chrome/87.0.4280.66 Safari/537.36" worldvote.com
114.237.78.27 - - [30/Dec/2020:22:38:12 -0500] "GET /favicon.ico HTTP/1.1" 404 196 "http://worldvote.com/" "Mozilla/5.0 (Windows NT 10.0; Win64; x64) AppleWebKit/537.36 (KHTML, like Gecko) Chrome/87.0.4280.66 Safari/537.36" worldvote.com
189.160.240.90 - - [30/Dec/2020:22:41:27 -0500] "GET / HTTP/1.1" 200 3475 "-" "Mozilla/5.0 (Windows NT 6.3; Win64; x64) AppleWebKit/537.36 (KHTML, like Gecko) Chrome/87.0.4280.88 Safari/537.36" worldvote.com
189.160.240.90 - - [30/Dec/2020:22:41:28 -0500] "GET /favicon.ico HTTP/1.1" 404 196 "http://worldvote.com/" "Mozilla/5.0 (Windows NT 6.3; Win64; x64) AppleWebKit/537.36 (KHTML, like Gecko) Chrome/87.0.4280.88 Safari/537.36" worldvote.com
189.160.240.90 - - [30/Dec/2020:22:41:32 -0500] "GET / HTTP/1.1" 200 3475 "-" "Mozilla/5.0 (Windows NT 6.3; Win64; x64) AppleWebKit/537.36 (KHTML, like Gecko) Chrome/87.0.4280.88 Safari/537.36" worldvote.com
187.250.233.140 - - [30/Dec/2020:22:44:24 -0500] "GET / HTTP/1.1" 200 3475 "-" "Mozilla/5.0 (iPad; CPU OS 9_3_5 like Mac OS X) AppleWebKit/601.1.46 (KHTML, like Gecko) Version/9.0 Mobile/13G36 Safari/601.1" worldvote.com
187.250.233.140 - - [30/Dec/2020:22:44:24 -0500] "GET /getbitrule.png HTTP/1.1" 304 - "http://worldvote.com/" "Mozilla/5.0 (iPad; CPU OS 9_3_5 like Mac OS X) AppleWebKit/601.1.46 (KHTML, like Gecko) Version/9.0 Mobile/13G36 Safari/601.1" worldvote.com
187.250.233.140 - - [30/Dec/2020:22:44:40 -0500] "GET / HTTP/1.1" 200 3475 "-" "Mozilla/5.0 (iPad; CPU OS 9_3_5 like Mac OS X) AppleWebKit/601.1.46 (KHTML, like Gecko) Version/9.0 Mobile/13G36 Safari/601.1" worldvote.com
187.250.233.140 - - [30/Dec/2020:22:44:40 -0500] "GET /getbitrule.png HTTP/1.1" 304 - "http://worldvote.com/" "Mozilla/5.0 (iPad; CPU OS 9_3_5 like Mac OS X) AppleWebKit/601.1.46 (KHTML, like Gecko) Version/9.0 Mobile/13G36 Safari/601.1" worldvote.com
114.119.157.61 - - [30/Dec/2020:22:44:52 -0500] "GET /?domain=yutu.com&dn=yutu.com&fp=vJar8P6uODAfFm%2FYSiUdqlj%2BvfwRiOj360CklnqdBlJ%2F6gHsMxBDeLB6jw31Rk7ijA4nkVg4b0xGutqwXziOZkTSzKwrvZoEv2YaUqkJZsbL1djkxvgB1UmTsu9CXH42ALJ%2F%2FuD4lFhCqBh304u02tDed4tOStHHEHaIc1TbDB4%3D&prvtof=AJ%2Bqn9tojTxZ%2BcFMkR3boE9jbazJMliCq%2FQodXn%2F9vQ%3D&poru=ZUn4bHn1nbYDhVZQGareYPtlNWnHrZ5NNMf%2BA6ONWRcPTzY8vfQfxxNWYK5ipI0%2F8ijRy1FqbLgZ%2FNBfj5C8Zg%3D%3D HTTP/1.1" 200 3475 "-" "Mozilla/5.0 (Linux; Android 7.0;) AppleWebKit/537.36 (KHTML, like Gecko) Mobile Safari/537.36 (compatible; PetalBot;+https://aspiegel.com/petalbot)" worldvote.com
187.250.233.140 - - [30/Dec/2020:22:45:05 -0500] "GET / HTTP/1.1" 200 3475 "-" "Mozilla/5.0 (iPad; CPU OS 9_3_5 like Mac OS X) AppleWebKit/601.1.46 (KHTML, like Gecko) Version/9.0 Mobile/13G36 Safari/601.1" worldvote.com
77.88.5.80 - - [30/Dec/2020:22:47:32 -0500] "GET /robots.txt HTTP/1.1" 404 196 "-" "Mozilla/5.0 (compatible; YandexBot/3.0; +http://yandex.com/bots)" worldvote.com
77.88.5.245 - - [30/Dec/2020:22:47:36 -0500] "GET / HTTP/1.1" 200 3472 "-" "Mozilla/5.0 (compatible; YandexBot/3.0; +http://yandex.com/bots)" worldvote.com
114.119.150.149 - - [30/Dec/2020:22:50:05 -0500] "GET /?domain=yutu.com&dn=yutu.com&fp=twFP9C0teaGg8YXsC8ecep%2BHZZY0Xu%2FgMCaA25UxYynRMGa7oti8cx7chfUN3vmZST%2FvLS1o06ukkQKWvVsQT2gZ3NqKyReuQaZs7bBQg3lO4ZuQONpoDj0HWn6s3PfcAzr6kzYYpXQmKUpinDWCs%2F4FwWHlnuVAkgdSBqLbz4k%3D&prvtof=yb8w%2FjC4DQdgeMrAoZNN00i1tFi3I94BFDqPyySuEDY%3D&poru=AomuxJh9FKauClMKmvFcygPl61iDP%2FbH5psFYmMLc%2B48GAJDNlMMOniI2vqRRhToWBeMTkOySlWJ4t3YDx%2B1BA%3D%3D HTTP/1.1" 200 3476 "-" "Mozilla/5.0 (Linux; Android 7.0;) AppleWebKit/537.36 (KHTML, like Gecko) Mobile Safari/537.36 (compatible; PetalBot;+https://aspiegel.com/petalbot)" worldvote.com
31.13.103.13 - - [30/Dec/2020:22:50:17 -0500] "GET /gafoia/LAURENS.htm HTTP/1.1" 206 1628 "-" "facebookexternalhit/1.1 (+http://www.facebook.com/externalhit_uatext.php)" worldvote.com
190.104.21.196 - - [30/Dec/2020:22:51:21 -0500] "GET / HTTP/1.1" 200 3474 "-" "Mozilla/5.0 (Linux; Android 6.0.1; SAMSUNG SM-G532M Build/MMB29T) AppleWebKit/537.36 (KHTML, like Gecko) SamsungBrowser/4.2 Chrome/44.0.2403.133 Mobile Safari/537.36" worldvote.com
190.104.21.196 - - [30/Dec/2020:22:51:21 -0500] "GET / HTTP/1.1" 200 3474 "-" "Dalvik/2.1.0 (Linux; U; Android 6.0.1; SM-G532M Build/MMB29T)" worldvote.com
190.104.21.196 - - [30/Dec/2020:22:51:38 -0500] "GET / HTTP/1.1" 200 3474 "-" "Mozilla/5.0 (Linux; Android 6.0.1; SAMSUNG SM-G532M Build/MMB29T) AppleWebKit/537.36 (KHTML, like Gecko) SamsungBrowser/4.2 Chrome/44.0.2403.133 Mobile Safari/537.36" worldvote.com
190.104.21.196 - - [30/Dec/2020:22:51:38 -0500] "GET / HTTP/1.1" 200 3474 "-" "Dalvik/2.1.0 (Linux; U; Android 6.0.1; SM-G532M Build/MMB29T)" worldvote.com
187.188.243.147 - - [30/Dec/2020:22:54:12 -0500] "GET / HTTP/1.1" 200 3476 "-" "Mozilla/5.0 (Windows NT 6.3) AppleWebKit/537.36 (KHTML, like Gecko) Chrome/87.0.4280.88 Safari/537.36" worldvote.com
187.188.243.147 - - [30/Dec/2020:22:54:14 -0500] "GET /getbitrule.png HTTP/1.1" 200 3006 "http://worldvote.com/" "Mozilla/5.0 (Windows NT 6.3) AppleWebKit/537.36 (KHTML, like Gecko) Chrome/87.0.4280.88 Safari/537.36" worldvote.com
187.188.243.147 - - [30/Dec/2020:22:54:18 -0500] "GET /favicon.ico HTTP/1.1" 404 196 "http://worldvote.com/" "Mozilla/5.0 (Windows NT 6.3) AppleWebKit/537.36 (KHTML, like Gecko) Chrome/87.0.4280.88 Safari/537.36" worldvote.com
114.119.144.204 - - [30/Dec/2020:23:05:30 -0500] "GET /?domain=yutu.com&dn=yutu.com&fp=%2FeF2LvFlKRc2ko1z0Zc6pP6v96k%2FO4YemCxXBBf4zM6TX%2BB9Q6brUIlEtTq1c2FYlzTmYbqSriASOq7nQ7R1wluygOvfEgq%2BK2T43g3qWe7bjEKEswoj5BEAr3t7xdI6ky3DKbdacKiECvAC%2BRQ6ALgaY7mLPTDpzt%2FXTY6N8eY%3D&prvtof=MkClm4mkbmqRHnBXMOe%2Bz6dWvqNtw3LJOXot%2B2XDmfc%3D&poru=B9aMSiCEMB3JqaTf2RBullrt%2BZbNED0PdD6WpAeKNDvTuPh1zcpnLKmf98f7f8YxAv34T19Dc%2Fr1uKD6CTahEg%3D%3D HTTP/1.1" 200 3476 "-" "Mozilla/5.0 (Linux; Android 7.0;) AppleWebKit/537.36 (KHTML, like Gecko) Mobile Safari/537.36 (compatible; PetalBot;+https://aspiegel.com/petalbot)" worldvote.com
189.160.240.90 - - [30/Dec/2020:23:09:55 -0500] "GET / HTTP/1.1" 200 3475 "-" "Mozilla/5.0 (Windows NT 6.3; Win64; x64) AppleWebKit/537.36 (KHTML, like Gecko) Chrome/87.0.4280.88 Safari/537.36" worldvote.com
189.160.240.90 - - [30/Dec/2020:23:09:56 -0500] "GET /favicon.ico HTTP/1.1" 404 196 "http://worldvote.com/" "Mozilla/5.0 (Windows NT 6.3; Win64; x64) AppleWebKit/537.36 (KHTML, like Gecko) Chrome/87.0.4280.88 Safari/537.36" worldvote.com
189.160.240.90 - - [30/Dec/2020:23:10:00 -0500] "GET / HTTP/1.1" 200 3475 "-" "Mozilla/5.0 (Windows NT 6.3; Win64; x64) AppleWebKit/537.36 (KHTML, like Gecko) Chrome/87.0.4280.88 Safari/537.36" worldvote.com
114.119.150.149 - - [30/Dec/2020:23:10:32 -0500] "GET /?domain=yutu.com&dn=yutu.com&fp=DXUbR6CcAmpdL7yFAPmmchAFUOobRSNROvDslQy3vgyl7%2BKliK2jub0xyr2HNaYhcGzoZmB0uLTqo9jl0wFhejwegCq1YpgNtNvNF2O4faYXmkSKk5KIVdeSLfslfKfGqp4%2FTbdylrXGZkG2sHUL%2FSNFNcj5XrHmxlkGOjtXJa8%3D&prvtof=UErAPJGijA5vH0pXNEta5Em7SD%2BjTGUZZ28s7xWZu1Y%3D&poru=l1R8wSxuCFG91kwYVxdsEwcJTi7KvbXT%2FqJDeN2haoD4yEhc2MaFwxz40JnD9iCzK4pJZvHCY4jGWTBj78XmoQ%3D%3D HTTP/1.1" 200 3476 "-" "Mozilla/5.0 (Linux; Android 7.0;) AppleWebKit/537.36 (KHTML, like Gecko) Mobile Safari/537.36 (compatible; PetalBot;+https://aspiegel.com/petalbot)" worldvote.com
190.61.41.186 - - [30/Dec/2020:23:14:29 -0500] "GET / HTTP/1.1" 200 3474 "-" "Mozilla/5.0 (Linux; Android 8.1.0; DUA-LX3) AppleWebKit/537.36 (KHTML, like Gecko) Chrome/86.0.4240.198 Mobile Safari/537.36" worldvote.com
190.61.41.186 - - [30/Dec/2020:23:14:30 -0500] "GET /getbitrule.png HTTP/1.1" 200 3006 "http://worldvote.com/" "Mozilla/5.0 (Linux; Android 8.1.0; DUA-LX3) AppleWebKit/537.36 (KHTML, like Gecko) Chrome/86.0.4240.198 Mobile Safari/537.36" worldvote.com
190.61.41.186 - - [30/Dec/2020:23:14:31 -0500] "GET /favicon.ico HTTP/1.1" 404 196 "http://worldvote.com/" "Mozilla/5.0 (Linux; Android 8.1.0; DUA-LX3) AppleWebKit/537.36 (KHTML, like Gecko) Chrome/86.0.4240.198 Mobile Safari/537.36" worldvote.com
